{"id":1273,"date":"2018-08-16T11:42:37","date_gmt":"2018-08-16T14:42:37","guid":{"rendered":"https:\/\/wp.ufpel.edu.br\/dcsa\/?page_id=1273"},"modified":"2018-11-06T13:54:09","modified_gmt":"2018-11-06T15:54:09","slug":"herbsthofer-stefanie","status":"publish","type":"page","link":"https:\/\/wp.ufpel.edu.br\/dcsa\/colaboradores\/estudantes\/herbsthofer-stefanie\/","title":{"rendered":"Herbsthofer, Stefanie"},"content":{"rendered":"<p><strong>Stefanie Herbsthofer\u00a0<a href=\"https:\/\/wp.ufpel.edu.br\/dcsa\/files\/2018\/08\/Stefanie.jpg\"><img loading=\"lazy\" decoding=\"async\" class=\"alignright wp-image-1270\" src=\"https:\/\/wp.ufpel.edu.br\/dcsa\/files\/2018\/08\/Stefanie.jpg\" alt=\"\" width=\"226\" height=\"248\" \/><\/a><br \/>\n<\/strong>Mestranda DTSA<br \/>\n<a href=\"mailto:stefanie.herbsthofer@yahoo.com.br\">stefanie.herbsthofer@yahoo.com.br<\/a><\/p>\n<p><strong>Curso:<\/strong><strong>Mestrado em Desenvolvimento Territorial e Sistemas Agroindustriais<\/strong><br \/>\n<strong>Ingresso<\/strong>: 2017\/1<\/p>\n<p><strong>\u00c1rea de Pesquisa: Desenvolvimento Territorial e Ruralidades<\/strong><br \/>\n<strong>Projeto:<\/strong> Pobreza Rural: uma abordagem a partir dos atores<\/p>\n<p><strong>Orientador(es):<\/strong><br \/>\nProf. Mario Duarte Canever<br \/>\nProf. D\u00e9cio Cotrim (Co-Orientador)<\/p>\n<p><strong>Escrit\u00f3rio:<br \/>\n<\/strong>Faculdade de Agronomia Eliseu Maciel<br \/>\nDepartamento de Ci\u00eancias Sociais Agr\u00e1rias \u2013 Sala 730<br \/>\nTelefone: 53 3275 7256<br \/>\nCampus do Cap\u00e3o do Le\u00e3o<\/p>\n<p><strong>Forma\u00e7\u00e3o Profissional<\/strong><br \/>\nEngenheira Agr\u00f4noma \u2013 FAEM\/UFPel (2016)<\/p>\n<p><strong>Biografia:<\/strong><br \/>\nAtuou em projetos relacionados ao estudo dos efeitos sociais do Sistema de Produ\u00e7\u00e3o de Tabaco do territ\u00f3rio Centro Sul do Rio Grande do Sul. Atualmente desenvolve atividade de pesquisa sobre as tem\u00e1ticas de Pobreza Rural e Desenvolvimento Territorial, atuando paralelamente em pesquisas sobre a multifuncionalidade da agricultura.<\/p>\n<p><strong>Links\u00a0 Relacionados:<br \/>\n<\/strong><a href=\"http:\/\/lattes.cnpq.br\/7760923234982734\" target=\"_blank\" rel=\"noopener\">Curriculo Lattes<\/a><br \/>\n<a href=\"http:\/\/www.linkedin.com\/in\/stefanie-herbsthofer-535ab870\/\">Linkedin<\/a><\/p>\n","protected":false},"excerpt":{"rendered":"<p>Stefanie Herbsthofer\u00a0 Mestranda DTSA stefanie.herbsthofer@yahoo.com.br Curso:Mestrado em Desenvolvimento Territorial e Sistemas Agroindustriais Ingresso: 2017\/1 \u00c1rea de Pesquisa: Desenvolvimento Territorial e Ruralidades Projeto: Pobreza Rural: uma abordagem a partir dos atores Orientador(es): Prof. Mario Duarte Canever Prof. D\u00e9cio Cotrim (Co-Orientador) Escrit\u00f3rio: Faculdade de Agronomia Eliseu Maciel Departamento de Ci\u00eancias Sociais Agr\u00e1rias \u2013 Sala 730 Telefone: 53 &hellip; <\/p>\n<p><a class=\"more-link btn\" href=\"https:\/\/wp.ufpel.edu.br\/dcsa\/colaboradores\/estudantes\/herbsthofer-stefanie\/\">Continue lendo<\/a><\/p>\n","protected":false},"author":141,"featured_media":0,"parent":625,"menu_order":0,"comment_status":"closed","ping_status":"closed","template":"template-twocolumnsleft.php","meta":{"footnotes":""},"class_list":["post-1273","page","type-page","status-publish","hentry","nodate","item-wrap"],"jetpack_sharing_enabled":true,"jetpack_likes_enabled":false,"_links":{"self":[{"href":"https:\/\/wp.ufpel.edu.br\/dcsa\/wp-json\/wp\/v2\/pages\/1273","targetHints":{"allow":["GET"]}}],"collection":[{"href":"https:\/\/wp.ufpel.edu.br\/dcsa\/wp-json\/wp\/v2\/pages"}],"about":[{"href":"https:\/\/wp.ufpel.edu.br\/dcsa\/wp-json\/wp\/v2\/types\/page"}],"author":[{"embeddable":true,"href":"https:\/\/wp.ufpel.edu.br\/dcsa\/wp-json\/wp\/v2\/users\/141"}],"replies":[{"embeddable":true,"href":"https:\/\/wp.ufpel.edu.br\/dcsa\/wp-json\/wp\/v2\/comments?post=1273"}],"version-history":[{"count":7,"href":"https:\/\/wp.ufpel.edu.br\/dcsa\/wp-json\/wp\/v2\/pages\/1273\/revisions"}],"predecessor-version":[{"id":1633,"href":"https:\/\/wp.ufpel.edu.br\/dcsa\/wp-json\/wp\/v2\/pages\/1273\/revisions\/1633"}],"up":[{"embeddable":true,"href":"https:\/\/wp.ufpel.edu.br\/dcsa\/wp-json\/wp\/v2\/pages\/625"}],"wp:attachment":[{"href":"https:\/\/wp.ufpel.edu.br\/dcsa\/wp-json\/wp\/v2\/media?parent=1273"}],"curies":[{"name":"wp","href":"https:\/\/api.w.org\/{rel}","templated":true}]}}