{"id":1244,"date":"2018-08-08T09:23:01","date_gmt":"2018-08-08T12:23:01","guid":{"rendered":"https:\/\/wp.ufpel.edu.br\/dcsa\/?page_id=1244"},"modified":"2022-06-06T14:52:40","modified_gmt":"2022-06-06T17:52:40","slug":"egressos-pos-graduacao","status":"publish","type":"page","link":"https:\/\/wp.ufpel.edu.br\/dcsa\/colaboradores\/egressos-pos-graduacao\/","title":{"rendered":"Egressos P\u00f3s Gradua\u00e7\u00e3o"},"content":{"rendered":"<p><strong><span style=\"font-size: 14pt;\">Curso: Mestrado Desenvolvimento Territorial e Sistemas Agroindustriais<\/span><\/strong><\/p>\n<p>&nbsp;<\/p>\n<table id=\"DataTables_Table_1\" class=\"tabela-dados tabela-listagem-egresso cor-borda dataTable no-footer\" role=\"grid\" aria-describedby=\"DataTables_Table_1_info\">\n<thead>\n<tr class=\"cor-fundo\" role=\"row\">\n<th class=\"sorting_asc\" tabindex=\"0\" colspan=\"1\" rowspan=\"1\" aria-controls=\"DataTables_Table_1\" aria-label=\"Nome: Ordenar colunas de forma descendente\" aria-sort=\"ascending\">Nome<\/th>\n<th class=\"sorting\" tabindex=\"0\" colspan=\"1\" rowspan=\"1\" aria-controls=\"DataTables_Table_1\" aria-label=\"Ano de ingresso: Ordenar colunas de forma ascendente\">Ano de ingresso<\/th>\n<th class=\"sorting\" tabindex=\"0\" colspan=\"1\" rowspan=\"1\" aria-controls=\"DataTables_Table_1\" aria-label=\"Ano de conclus\u00e3o: Ordenar colunas de forma ascendente\">Ano de conclus\u00e3o<\/th>\n<\/tr>\n<\/thead>\n<tbody>\n<tr class=\"odd\" role=\"row\">\n<td class=\"sorting_1\">ALESSANDRA BANDEIRA DA ROSA<\/td>\n<td class=\"\">2019<\/td>\n<td class=\"\">2021<\/td>\n<\/tr>\n<tr class=\"even\" role=\"row\">\n<td class=\"sorting_1\">ALICE HUBNER FRANZ<\/td>\n<td class=\"\">2017<\/td>\n<td class=\"\">2019<\/td>\n<\/tr>\n<tr class=\"odd\" role=\"row\">\n<td class=\"sorting_1\">ALICE PEREIRA LOURENSON<\/td>\n<td class=\"\">2019<\/td>\n<td class=\"\">2021<\/td>\n<\/tr>\n<tr class=\"even\" role=\"row\">\n<td class=\"sorting_1\">ALINE CASTRO JANSEN<\/td>\n<td class=\"\">2015<\/td>\n<td class=\"\">2017<\/td>\n<\/tr>\n<tr class=\"odd\" role=\"row\">\n<td class=\"sorting_1\">ALINE GONZALEZ KOCHHANN<\/td>\n<td class=\"\">2014<\/td>\n<td class=\"\">2017<\/td>\n<\/tr>\n<tr class=\"even\" role=\"row\">\n<td class=\"sorting_1\">ANA LUIZA BACELO CORREA<\/td>\n<td class=\"\">2015<\/td>\n<td class=\"\">2017<\/td>\n<\/tr>\n<tr class=\"odd\" role=\"row\">\n<td class=\"sorting_1\">ANDERSON TIAGO DECKER<\/td>\n<td class=\"\">2014<\/td>\n<td class=\"\">2016<\/td>\n<\/tr>\n<tr class=\"even\" role=\"row\">\n<td class=\"sorting_1\">ANDRESSA ANDRADE DUQUIA<\/td>\n<td class=\"\">2016<\/td>\n<td class=\"\">2018<\/td>\n<\/tr>\n<tr class=\"odd\" role=\"row\">\n<td class=\"sorting_1\">BRUNO RIBAS SILVEIRA<\/td>\n<td class=\"\">2015<\/td>\n<td class=\"\">2017<\/td>\n<\/tr>\n<tr class=\"even\" role=\"row\">\n<td class=\"sorting_1\">CAMILA CABRERA GOMES<\/td>\n<td class=\"\">2017<\/td>\n<td class=\"\">2019<\/td>\n<\/tr>\n<tr class=\"odd\" role=\"row\">\n<td class=\"sorting_1\">CANDIDA BELARMINO BUSATTO<\/td>\n<td class=\"\">2017<\/td>\n<td class=\"\">2019<\/td>\n<\/tr>\n<tr class=\"even\" role=\"row\">\n<td class=\"sorting_1\">CAROLINA DOS SANTOS VAZ<\/td>\n<td class=\"\">2014<\/td>\n<td class=\"\">2016<\/td>\n<\/tr>\n<tr class=\"odd\" role=\"row\">\n<td class=\"sorting_1\">CATIA REGINA MULLER<\/td>\n<td class=\"\">2014<\/td>\n<td class=\"\">2016<\/td>\n<\/tr>\n<tr class=\"even\" role=\"row\">\n<td class=\"sorting_1\">CRISTIANO PINTO KLINGER<\/td>\n<td class=\"\">2016<\/td>\n<td class=\"\">2018<\/td>\n<\/tr>\n<tr class=\"odd\" role=\"row\">\n<td class=\"sorting_1\">CYNTHIA PIRES HARTWIG<\/td>\n<td class=\"\">2016<\/td>\n<td class=\"\">2018<\/td>\n<\/tr>\n<tr class=\"even\" role=\"row\">\n<td class=\"sorting_1\">DARLAN PEZ WOCIECHOSKI<\/td>\n<td class=\"\">2014<\/td>\n<td class=\"\">2016<\/td>\n<\/tr>\n<tr class=\"odd\" role=\"row\">\n<td class=\"sorting_1\">D\u00c1RIO LUIS FAGUNDES KN\u00dcPPE<\/td>\n<td class=\"\">2018<\/td>\n<td class=\"\">2021<\/td>\n<\/tr>\n<tr class=\"even\" role=\"row\">\n<td class=\"sorting_1\">EDUARDO GARCIA SOUZA<\/td>\n<td class=\"\">2016<\/td>\n<td class=\"\">2018<\/td>\n<\/tr>\n<tr class=\"odd\" role=\"row\">\n<td class=\"sorting_1\">ELAINE GARCIA DOS SANTOS<\/td>\n<td class=\"\">2016<\/td>\n<td class=\"\">2018<\/td>\n<\/tr>\n<tr class=\"even\" role=\"row\">\n<td class=\"sorting_1\">FELIPE ZARNOTT MENEZES<\/td>\n<td class=\"\">2016<\/td>\n<td class=\"\">2018<\/td>\n<\/tr>\n<tr class=\"odd\" role=\"row\">\n<td class=\"sorting_1\">FERNANDA DA SILVA NOLASCO<\/td>\n<td class=\"\">2017<\/td>\n<td class=\"\">2019<\/td>\n<\/tr>\n<tr class=\"even\" role=\"row\">\n<td class=\"sorting_1\">FERNANDA WINCK MORAES<\/td>\n<td class=\"\">2014<\/td>\n<td class=\"\">2017<\/td>\n<\/tr>\n<tr class=\"odd\" role=\"row\">\n<td class=\"sorting_1\">FRANCISCO MAZZAROLO SEGER<\/td>\n<td class=\"\">2017<\/td>\n<td class=\"\">2019<\/td>\n<\/tr>\n<tr class=\"even\" role=\"row\">\n<td class=\"sorting_1\">GABRIELA JURAK DE CASTRO<\/td>\n<td class=\"\">2016<\/td>\n<td class=\"\">2018<\/td>\n<\/tr>\n<tr class=\"odd\" role=\"row\">\n<td class=\"sorting_1\">GUSTAVO NEVES GOULARTE<\/td>\n<td class=\"\">2016<\/td>\n<td class=\"\">2018<\/td>\n<\/tr>\n<tr class=\"even\" role=\"row\">\n<td class=\"sorting_1\">ILIANE MULLER OTTO<\/td>\n<td class=\"\">2015<\/td>\n<td class=\"\">2017<\/td>\n<\/tr>\n<tr class=\"odd\" role=\"row\">\n<td class=\"sorting_1\">JAQUELINE DE VASCONCELOS CHAGAS<\/td>\n<td class=\"\">2017<\/td>\n<td class=\"\">2018<\/td>\n<\/tr>\n<tr class=\"even\" role=\"row\">\n<td class=\"sorting_1\">JULIANY BRAGA SOUZA<\/td>\n<td class=\"\">2016<\/td>\n<td class=\"\">2018<\/td>\n<\/tr>\n<tr class=\"odd\" role=\"row\">\n<td class=\"sorting_1\">LET\u00cdCIA MARQUES VARGAS<\/td>\n<td class=\"\">2016<\/td>\n<td class=\"\">2018<\/td>\n<\/tr>\n<tr class=\"even\" role=\"row\">\n<td class=\"sorting_1\">LUCIANA ROCHEDO SPENCER DOS SANTOS<\/td>\n<td class=\"\">2014<\/td>\n<td class=\"\">2017<\/td>\n<\/tr>\n<tr class=\"odd\" role=\"row\">\n<td class=\"sorting_1\">LUCIANE DA SILVA GOMES<\/td>\n<td class=\"\">2016<\/td>\n<td class=\"\">2018<\/td>\n<\/tr>\n<tr class=\"even\" role=\"row\">\n<td class=\"sorting_1\">MARINA OLIVEIRA DANELUZ<\/td>\n<td class=\"\">2016<\/td>\n<td class=\"\">2018<\/td>\n<\/tr>\n<tr class=\"odd\" role=\"row\">\n<td class=\"sorting_1\">MARLETE DE MOURA RIBEIRO<\/td>\n<td class=\"\">2018<\/td>\n<td class=\"\">2021<\/td>\n<\/tr>\n<tr class=\"even\" role=\"row\">\n<td class=\"sorting_1\">MELISSA VASCONCELLOS CHIATTONE<\/td>\n<td class=\"\">2014<\/td>\n<td class=\"\">2016<\/td>\n<\/tr>\n<tr class=\"odd\" role=\"row\">\n<td class=\"sorting_1\">MICHELE RAASCH<\/td>\n<td class=\"\">2017<\/td>\n<td class=\"\">2019<\/td>\n<\/tr>\n<tr class=\"even\" role=\"row\">\n<td class=\"sorting_1\">MONICA NARDINI DA SILVA<\/td>\n<td class=\"\">2016<\/td>\n<td class=\"\">2018<\/td>\n<\/tr>\n<tr class=\"odd\" role=\"row\">\n<td class=\"sorting_1\">MURILO GON\u00c7ALVES QUEVEDO<\/td>\n<td class=\"\">2018<\/td>\n<td class=\"\">2020<\/td>\n<\/tr>\n<tr class=\"even\" role=\"row\">\n<td class=\"sorting_1\">OX SIAS D\u00b4AVILA<\/td>\n<td class=\"\">2014<\/td>\n<td class=\"\">2017<\/td>\n<\/tr>\n<tr class=\"odd\" role=\"row\">\n<td class=\"sorting_1\">RETIELE VELLAR<\/td>\n<td class=\"\">2017<\/td>\n<td class=\"\">2019<\/td>\n<\/tr>\n<tr class=\"even\" role=\"row\">\n<td class=\"sorting_1\">SAMANTA TOLENTINO CECCONELLO<\/td>\n<td class=\"\">2015<\/td>\n<td class=\"\">2017<\/td>\n<\/tr>\n<tr class=\"odd\" role=\"row\">\n<td class=\"sorting_1\">SILVIA CARLA BAUER BARCELLOS<\/td>\n<td class=\"\">2017<\/td>\n<td class=\"\">2018<\/td>\n<\/tr>\n<tr class=\"even\" role=\"row\">\n<td class=\"sorting_1\">STEFANIE HERBSTHOFER<\/td>\n<td class=\"\">2017<\/td>\n<td class=\"\">2019<\/td>\n<\/tr>\n<tr class=\"odd\" role=\"row\">\n<td class=\"sorting_1\">TATIANA PORTO DE SOUZA<\/td>\n<td class=\"\">2019<\/td>\n<td class=\"\">2021<\/td>\n<\/tr>\n<tr class=\"even\" role=\"row\">\n<td class=\"sorting_1\">TA\u00cdNE ALEXANDRA RAMIRES CAMARGO<\/td>\n<td class=\"\">2017<\/td>\n<td class=\"\">2019<\/td>\n<\/tr>\n<tr class=\"odd\" role=\"row\">\n<td class=\"sorting_1\">THIAGO SILVA DE OLIVEIRA<\/td>\n<td class=\"\">2016<\/td>\n<td class=\"\">2018<\/td>\n<\/tr>\n<tr class=\"even\" role=\"row\">\n<td class=\"sorting_1\">VICTOR HENRIQUE MEDRONHA DA SILVA<\/td>\n<td class=\"\">2016<\/td>\n<td class=\"\">2018<\/td>\n<\/tr>\n<tr class=\"odd\" role=\"row\">\n<td class=\"sorting_1\">WILLIAM BORGES ALDRIGHI<\/td>\n<td class=\"\">2018<\/td>\n<td class=\"\">2020<\/td>\n<\/tr>\n<\/tbody>\n<\/table>\n<p>Confira no link a seguir a lista atualizada dos(as) Egressos(as) do PPGDTSA ==&gt; <a href=\"https:\/\/institucional.ufpel.edu.br\/cursos\/cod\/7066#egressos\">link<\/a><\/p>\n<p>&nbsp;<\/p>\n","protected":false},"excerpt":{"rendered":"<p>Curso: Mestrado Desenvolvimento Territorial e Sistemas Agroindustriais &nbsp; Nome Ano de ingresso Ano de conclus\u00e3o ALESSANDRA BANDEIRA DA ROSA 2019 2021 ALICE HUBNER FRANZ 2017 2019 ALICE PEREIRA LOURENSON 2019 2021 ALINE CASTRO JANSEN 2015 2017 ALINE GONZALEZ KOCHHANN 2014 2017 ANA LUIZA BACELO CORREA 2015 2017 ANDERSON TIAGO DECKER 2014 2016 ANDRESSA ANDRADE DUQUIA &hellip; <\/p>\n<p><a class=\"more-link btn\" href=\"https:\/\/wp.ufpel.edu.br\/dcsa\/colaboradores\/egressos-pos-graduacao\/\">Continue lendo<\/a><\/p>\n","protected":false},"author":141,"featured_media":0,"parent":1862,"menu_order":3,"comment_status":"closed","ping_status":"closed","template":"template-twocolumnsleft.php","meta":{"footnotes":""},"class_list":["post-1244","page","type-page","status-publish","hentry","nodate","item-wrap"],"jetpack_sharing_enabled":true,"jetpack_likes_enabled":false,"_links":{"self":[{"href":"https:\/\/wp.ufpel.edu.br\/dcsa\/wp-json\/wp\/v2\/pages\/1244","targetHints":{"allow":["GET"]}}],"collection":[{"href":"https:\/\/wp.ufpel.edu.br\/dcsa\/wp-json\/wp\/v2\/pages"}],"about":[{"href":"https:\/\/wp.ufpel.edu.br\/dcsa\/wp-json\/wp\/v2\/types\/page"}],"author":[{"embeddable":true,"href":"https:\/\/wp.ufpel.edu.br\/dcsa\/wp-json\/wp\/v2\/users\/141"}],"replies":[{"embeddable":true,"href":"https:\/\/wp.ufpel.edu.br\/dcsa\/wp-json\/wp\/v2\/comments?post=1244"}],"version-history":[{"count":8,"href":"https:\/\/wp.ufpel.edu.br\/dcsa\/wp-json\/wp\/v2\/pages\/1244\/revisions"}],"predecessor-version":[{"id":2848,"href":"https:\/\/wp.ufpel.edu.br\/dcsa\/wp-json\/wp\/v2\/pages\/1244\/revisions\/2848"}],"up":[{"embeddable":true,"href":"https:\/\/wp.ufpel.edu.br\/dcsa\/wp-json\/wp\/v2\/pages\/1862"}],"wp:attachment":[{"href":"https:\/\/wp.ufpel.edu.br\/dcsa\/wp-json\/wp\/v2\/media?parent=1244"}],"curies":[{"name":"wp","href":"https:\/\/api.w.org\/{rel}","templated":true}]}}