{"id":1090,"date":"2018-08-02T20:10:50","date_gmt":"2018-08-02T23:10:50","guid":{"rendered":"https:\/\/wp.ufpel.edu.br\/dcsa\/?page_id=1090"},"modified":"2021-03-08T09:08:58","modified_gmt":"2021-03-08T12:08:58","slug":"departamento","status":"publish","type":"page","link":"https:\/\/wp.ufpel.edu.br\/dcsa\/departamento\/","title":{"rendered":"Departamento"},"content":{"rendered":"<p style=\"text-align: center\"><span style=\"font-size: 18pt;font-family: 'arial black', sans-serif;color: #993300\"><span style=\"color: #008000\"><strong><span style=\"font-family: tahoma, arial, helvetica, sans-serif\">Departamento de Ci\u00eancias Sociais Agr\u00e1rias<br \/>\n<\/span><\/strong><\/span><\/span><span style=\"font-size: 12pt;font-family: tahoma, arial, helvetica, sans-serif;color: #000000\">Faculdade de Agronomia Eliseu Maciel<\/span><br \/>\n<span style=\"font-size: 12pt;font-family: tahoma, arial, helvetica, sans-serif;color: #000000\">Universidade Federal de Pelotas<\/span><\/p>\n<p style=\"text-align: center\"><span style=\"font-size: 18pt;font-family: 'arial black', sans-serif;color: #ff0000\">1971 &#8211; 2021<\/span><\/p>\n<p style=\"text-align: center\"><span style=\"font-family: tahoma, arial, helvetica, sans-serif;color: #000000;font-size: 14pt\">50 Anos dedicados ao Ensino, Pesquisa, Extens\u00e3o, e Forma\u00e7\u00e3o de Profissionais comprometidos com \u00e9tica, justi\u00e7a social, efici\u00eancia produtiva, preserva\u00e7\u00e3o ambiental, e sustentabilidade.<\/span><\/p>\n<p style=\"text-align: center\"><a href=\"https:\/\/wp.ufpel.edu.br\/dcsa\/files\/2018\/07\/fotos-p-2015-04-06-11-21-59.jpg\"><img loading=\"lazy\" decoding=\"async\" class=\" wp-image-337 aligncenter\" src=\"https:\/\/wp.ufpel.edu.br\/dcsa\/files\/2018\/07\/fotos-p-2015-04-06-11-21-59-424x177.jpg\" alt=\"\" width=\"606\" height=\"253\" srcset=\"https:\/\/wp.ufpel.edu.br\/dcsa\/files\/2018\/07\/fotos-p-2015-04-06-11-21-59-424x177.jpg 424w, https:\/\/wp.ufpel.edu.br\/dcsa\/files\/2018\/07\/fotos-p-2015-04-06-11-21-59-212x88.jpg 212w, https:\/\/wp.ufpel.edu.br\/dcsa\/files\/2018\/07\/fotos-p-2015-04-06-11-21-59-768x320.jpg 768w, https:\/\/wp.ufpel.edu.br\/dcsa\/files\/2018\/07\/fotos-p-2015-04-06-11-21-59-600x250.jpg 600w, https:\/\/wp.ufpel.edu.br\/dcsa\/files\/2018\/07\/fotos-p-2015-04-06-11-21-59.jpg 1920w\" sizes=\"auto, (max-width: 606px) 100vw, 606px\" \/><\/a><\/p>\n","protected":false},"excerpt":{"rendered":"<p>Departamento de Ci\u00eancias Sociais Agr\u00e1rias Faculdade de Agronomia Eliseu Maciel Universidade Federal de Pelotas 1971 &#8211; 2021 50 Anos dedicados ao Ensino, Pesquisa, Extens\u00e3o, e Forma\u00e7\u00e3o de Profissionais comprometidos com \u00e9tica, justi\u00e7a social, efici\u00eancia produtiva, preserva\u00e7\u00e3o ambiental, e sustentabilidade.<\/p>\n","protected":false},"author":141,"featured_media":0,"parent":0,"menu_order":0,"comment_status":"closed","ping_status":"closed","template":"template-twocolumnsleft.php","meta":{"footnotes":""},"class_list":["post-1090","page","type-page","status-publish","hentry","nodate","item-wrap"],"jetpack_sharing_enabled":true,"jetpack_likes_enabled":false,"_links":{"self":[{"href":"https:\/\/wp.ufpel.edu.br\/dcsa\/wp-json\/wp\/v2\/pages\/1090","targetHints":{"allow":["GET"]}}],"collection":[{"href":"https:\/\/wp.ufpel.edu.br\/dcsa\/wp-json\/wp\/v2\/pages"}],"about":[{"href":"https:\/\/wp.ufpel.edu.br\/dcsa\/wp-json\/wp\/v2\/types\/page"}],"author":[{"embeddable":true,"href":"https:\/\/wp.ufpel.edu.br\/dcsa\/wp-json\/wp\/v2\/users\/141"}],"replies":[{"embeddable":true,"href":"https:\/\/wp.ufpel.edu.br\/dcsa\/wp-json\/wp\/v2\/comments?post=1090"}],"version-history":[{"count":8,"href":"https:\/\/wp.ufpel.edu.br\/dcsa\/wp-json\/wp\/v2\/pages\/1090\/revisions"}],"predecessor-version":[{"id":2775,"href":"https:\/\/wp.ufpel.edu.br\/dcsa\/wp-json\/wp\/v2\/pages\/1090\/revisions\/2775"}],"wp:attachment":[{"href":"https:\/\/wp.ufpel.edu.br\/dcsa\/wp-json\/wp\/v2\/media?parent=1090"}],"curies":[{"name":"wp","href":"https:\/\/api.w.org\/{rel}","templated":true}]}}

<p style="text-align: center"><span style="font-size: 18pt;font-family: 'arial black', sans-serif;color: #993300"><span style="color: #008000"><strong><span style="font-family: tahoma, arial, helvetica, sans-serif">Departamento de Ciências Sociais Agrárias<br />
</span></strong></span></span><span style="font-size: 12pt;font-family: tahoma, arial, helvetica, sans-serif;color: #000000">Faculdade de Agronomia Eliseu Maciel</span><br />
<span style="font-size: 12pt;font-family: tahoma, arial, helvetica, sans-serif;color: #000000">Universidade Federal de Pelotas</span></p>
<p style="text-align: center"><span style="font-size: 18pt;font-family: 'arial black', sans-serif;color: #ff0000">1971 &#8211; 2021</span></p>
<p style="text-align: center"><span style="font-family: tahoma, arial, helvetica, sans-serif;color: #000000;font-size: 14pt">50 Anos dedicados ao Ensino, Pesquisa, Extensão, e Formação de Profissionais comprometidos com ética, justiça social, eficiência produtiva, preservação ambiental, e sustentabilidade.</span></p>
<p style="text-align: center"><a href="https://wp.ufpel.edu.br/dcsa/files/2018/07/fotos-p-2015-04-06-11-21-59.jpg"><img loading="lazy" decoding="async" class=" wp-image-337 aligncenter" src="https://wp.ufpel.edu.br/dcsa/files/2018/07/fotos-p-2015-04-06-11-21-59-424x177.jpg" alt="" width="606" height="253" srcset="https://wp.ufpel.edu.br/dcsa/files/2018/07/fotos-p-2015-04-06-11-21-59-424x177.jpg 424w, https://wp.ufpel.edu.br/dcsa/files/2018/07/fotos-p-2015-04-06-11-21-59-212x88.jpg 212w, https://wp.ufpel.edu.br/dcsa/files/2018/07/fotos-p-2015-04-06-11-21-59-768x320.jpg 768w, https://wp.ufpel.edu.br/dcsa/files/2018/07/fotos-p-2015-04-06-11-21-59-600x250.jpg 600w, https://wp.ufpel.edu.br/dcsa/files/2018/07/fotos-p-2015-04-06-11-21-59.jpg 1920w" sizes="auto, (max-width: 606px) 100vw, 606px" /></a></p>

<p>Departamento de Ciências Sociais Agrárias Faculdade de Agronomia Eliseu Maciel Universidade Federal de Pelotas 1971 &#8211; 2021 50 Anos dedicados ao Ensino, Pesquisa, Extensão, e Formação de Profissionais comprometidos com ética, justiça social, eficiência produtiva, preservação ambiental, e sustentabilidade.</p>
