{"id":2,"date":"2015-10-20T11:04:16","date_gmt":"2015-10-20T11:04:16","guid":{"rendered":"https:\/\/wp.ufpel.edu.br\/dce\/?page_id=2"},"modified":"2023-02-14T09:53:20","modified_gmt":"2023-02-14T12:53:20","slug":"sobre","status":"publish","type":"page","link":"https:\/\/wp.ufpel.edu.br\/dce\/sobre\/","title":{"rendered":"Sobre o DCE"},"content":{"rendered":"<p>O Diret\u00f3rio Central de Estudantes \u00e9 a representa\u00e7\u00e3o m\u00e1xima das\/os estudantes da universidade. Dentre algumas atribui\u00e7\u00f5es, o DCE representa as\/os estudantes institucionalmente nos Conselhos Superiores e em outros \u00f3rg\u00e3os da universidade. O Diret\u00f3rio Central tamb\u00e9m pleiteia demandas estudantis frente \u00e0 Reitoria e Pr\u00f3-Reitorias, como em quest\u00f5es de assist\u00eancia estudantil, infraestrutura, ensino; bem como fora da universidade, na luta contra os ataques \u00e0 educa\u00e7\u00e3o, em quest\u00f5es de transporte p\u00fablico, direitos das\/os estudantes e juventude etc.<\/p>\n<p>Em resumo, a fun\u00e7\u00e3o do DCE \u00e9 <strong>mobilizar a categoria estudantil por seus direitos, tanto dentro da universidade como fora dela, nos \u00e2mbitos municipal, estadual e nacional, articulando-se com a luta de outras categorias, como a dos professores e t\u00e9cnicos administrativos em educa\u00e7\u00e3o.<\/strong><\/p>\n<p>As elei\u00e7\u00f5es para o DCE da UFPel ocorrem todos os anos, tendo o \u00faltimo pleito ocorrido em novembro de 2022, no qual foi <strong>reeleita a gest\u00e3o DCE \u00e9 Pra Lutar<\/strong>, a voz ativa dos estudantes, <strong>obtendo 1.027 votos (60,27%) em disputa com outras duas<\/strong>. Somos mais de 50 membros eleitas\/os e mais centenas de apoiadores que acreditamos que o DCE deve lutar contra todos os retrocessos e ataques a nossa classe, defender a educa\u00e7\u00e3o p\u00fablica, gratuita, de qualidade e para o povo. Contra a elitiza\u00e7\u00e3o e privatiza\u00e7\u00e3o das universidades p\u00fablicas! Contra opress\u00f5es dentro e fora da universidade, as de g\u00eanero, ra\u00e7a, sexualidade e classe, al\u00e9m de lutar por um ambiente acad\u00eamico mais saud\u00e1vel, contra a sobrecarga de tarefas que o meio universit\u00e1rio nos imp\u00f5e e que muitas vezes nos adoecem f\u00edsica e mentalmente. Convidamos todas\/os voc\u00eas a se somarem na gest\u00e3o e constru\u00edrem o DCE \u00e9 Pra Lutar com a gente.<\/p>\n<p>&nbsp;<\/p>\n<p><a href=\"https:\/\/wp.ufpel.edu.br\/dce\/files\/2021\/09\/WhatsApp-Image-2021-09-21-at-7.00.49-PM.jpeg\"><img class=\"aligncenter wp-image-419\" src=\"https:\/\/wp.ufpel.edu.br\/dce\/files\/2021\/09\/WhatsApp-Image-2021-09-21-at-7.00.49-PM.jpeg\" alt=\"\" width=\"301\" height=\"301\" srcset=\"https:\/\/wp.ufpel.edu.br\/dce\/files\/2021\/09\/WhatsApp-Image-2021-09-21-at-7.00.49-PM.jpeg 1280w, https:\/\/wp.ufpel.edu.br\/dce\/files\/2021\/09\/WhatsApp-Image-2021-09-21-at-7.00.49-PM-400x400.jpeg 400w, https:\/\/wp.ufpel.edu.br\/dce\/files\/2021\/09\/WhatsApp-Image-2021-09-21-at-7.00.49-PM-1024x1024.jpeg 1024w, https:\/\/wp.ufpel.edu.br\/dce\/files\/2021\/09\/WhatsApp-Image-2021-09-21-at-7.00.49-PM-200x200.jpeg 200w, https:\/\/wp.ufpel.edu.br\/dce\/files\/2021\/09\/WhatsApp-Image-2021-09-21-at-7.00.49-PM-768x768.jpeg 768w\" sizes=\"(max-width: 301px) 100vw, 301px\" \/><\/a><\/p>\n<p style=\"text-align: justify;\">\n","protected":false},"excerpt":{"rendered":"<p>O Diret\u00f3rio Central de Estudantes \u00e9 a representa\u00e7\u00e3o m\u00e1xima das\/os estudantes da universidade. Dentre algumas atribui\u00e7\u00f5es, o DCE representa as\/os estudantes institucionalmente nos Conselhos Superiores e em outros \u00f3rg\u00e3os da universidade. O Diret\u00f3rio Central tamb\u00e9m pleiteia demandas estudantis frente \u00e0 Reitoria e Pr\u00f3-Reitorias, como em quest\u00f5es de assist\u00eancia estudantil, infraestrutura, ensino; bem como fora da [&hellip;]<\/p>\n","protected":false},"author":580,"featured_media":0,"parent":0,"menu_order":0,"comment_status":"closed","ping_status":"closed","template":"","meta":{"footnotes":""},"class_list":["post-2","page","type-page","status-publish","hentry"],"jetpack_sharing_enabled":true,"_links":{"self":[{"href":"https:\/\/wp.ufpel.edu.br\/dce\/wp-json\/wp\/v2\/pages\/2","targetHints":{"allow":["GET"]}}],"collection":[{"href":"https:\/\/wp.ufpel.edu.br\/dce\/wp-json\/wp\/v2\/pages"}],"about":[{"href":"https:\/\/wp.ufpel.edu.br\/dce\/wp-json\/wp\/v2\/types\/page"}],"author":[{"embeddable":true,"href":"https:\/\/wp.ufpel.edu.br\/dce\/wp-json\/wp\/v2\/users\/580"}],"replies":[{"embeddable":true,"href":"https:\/\/wp.ufpel.edu.br\/dce\/wp-json\/wp\/v2\/comments?post=2"}],"version-history":[{"count":11,"href":"https:\/\/wp.ufpel.edu.br\/dce\/wp-json\/wp\/v2\/pages\/2\/revisions"}],"predecessor-version":[{"id":1141,"href":"https:\/\/wp.ufpel.edu.br\/dce\/wp-json\/wp\/v2\/pages\/2\/revisions\/1141"}],"wp:attachment":[{"href":"https:\/\/wp.ufpel.edu.br\/dce\/wp-json\/wp\/v2\/media?parent=2"}],"curies":[{"name":"wp","href":"https:\/\/api.w.org\/{rel}","templated":true}]}}