{"id":27,"date":"2019-01-31T15:18:42","date_gmt":"2019-01-31T17:18:42","guid":{"rendered":"https:\/\/wp.ufpel.edu.br\/datalab\/?page_id=27"},"modified":"2019-06-01T22:34:02","modified_gmt":"2019-06-02T01:34:02","slug":"principal","status":"publish","type":"page","link":"https:\/\/wp.ufpel.edu.br\/datalab\/","title":{"rendered":"Principal"},"content":{"rendered":"<p><em>Aprendizado<\/em> de M\u00e1quina, <em>Intelig\u00eancia<\/em> Artificial, Ci\u00eancia de <em>Dados<\/em><\/p>\n<p>O <em>Datalab\/ML<\/em> \u00e9 o laborat\u00f3rio de Aprendizado de M\u00e1quina, Intelig\u00eancia Artificial e Ci\u00eancia de Dados ligado ao Grupo de Pesquisa em Ci\u00eancia de Dados na <em>Universidade Federal de Pelotas<\/em>. N\u00f3s realizamos pesquisa,\u00a0 treinamento e orienta\u00e7\u00e3o nestas \u00e1reas tanto na academia como junto \u00e0 ind\u00fastria.<\/p>\n","protected":false},"excerpt":{"rendered":"<p>Aprendizado de M\u00e1quina, Intelig\u00eancia Artificial, Ci\u00eancia de Dados O Datalab\/ML \u00e9 o laborat\u00f3rio de Aprendizado de M\u00e1quina, Intelig\u00eancia Artificial e Ci\u00eancia de Dados ligado ao Grupo de&hellip; <span class=\"read-more\"><a class=\"more-link\" href=\"https:\/\/wp.ufpel.edu.br\/datalab\/\" rel=\"bookmark\">Leia Mais <span class=\"screen-reader-text\">&#8220;Principal&#8221;<\/span><\/a><\/span><\/p>\n","protected":false},"author":881,"featured_media":51,"parent":0,"menu_order":0,"comment_status":"closed","ping_status":"closed","template":"","meta":{"jetpack_post_was_ever_published":false,"footnotes":""},"class_list":["post-27","page","type-page","status-publish","has-post-thumbnail","hentry"],"jetpack_sharing_enabled":true,"jetpack_shortlink":"https:\/\/wp.me\/PaG8ua-r","_links":{"self":[{"href":"https:\/\/wp.ufpel.edu.br\/datalab\/wp-json\/wp\/v2\/pages\/27","targetHints":{"allow":["GET"]}}],"collection":[{"href":"https:\/\/wp.ufpel.edu.br\/datalab\/wp-json\/wp\/v2\/pages"}],"about":[{"href":"https:\/\/wp.ufpel.edu.br\/datalab\/wp-json\/wp\/v2\/types\/page"}],"author":[{"embeddable":true,"href":"https:\/\/wp.ufpel.edu.br\/datalab\/wp-json\/wp\/v2\/users\/881"}],"replies":[{"embeddable":true,"href":"https:\/\/wp.ufpel.edu.br\/datalab\/wp-json\/wp\/v2\/comments?post=27"}],"version-history":[{"count":14,"href":"https:\/\/wp.ufpel.edu.br\/datalab\/wp-json\/wp\/v2\/pages\/27\/revisions"}],"predecessor-version":[{"id":93,"href":"https:\/\/wp.ufpel.edu.br\/datalab\/wp-json\/wp\/v2\/pages\/27\/revisions\/93"}],"wp:featuredmedia":[{"embeddable":true,"href":"https:\/\/wp.ufpel.edu.br\/datalab\/wp-json\/wp\/v2\/media\/51"}],"wp:attachment":[{"href":"https:\/\/wp.ufpel.edu.br\/datalab\/wp-json\/wp\/v2\/media?parent=27"}],"curies":[{"name":"wp","href":"https:\/\/api.w.org\/{rel}","templated":true}]}}