{"id":918,"date":"2019-07-12T11:39:07","date_gmt":"2019-07-12T14:39:07","guid":{"rendered":"https:\/\/wp.ufpel.edu.br\/danca\/?page_id=918"},"modified":"2023-12-12T11:12:54","modified_gmt":"2023-12-12T14:12:54","slug":"2015-2","status":"publish","type":"page","link":"https:\/\/wp.ufpel.edu.br\/danca\/trabalhos-de-conclusao\/2015-2\/","title":{"rendered":"2015"},"content":{"rendered":"<p><span style=\"color: #000000;font-family: verdana, geneva, sans-serif;font-size: 10pt\">ARRIECHE, Luana Echevengu\u00e1.\u00a0<strong>Videodan\u00e7a:\u00a0Investiga\u00e7\u00f5es na forma\u00e7\u00e3o dos licenciados em Dan\u00e7a no Rio Grande do Sul.<\/strong> 2015.<\/span><\/p>\n<p><span style=\"color: #000000;font-family: verdana, geneva, sans-serif;font-size: 10pt\"><a style=\"color: #000000\" href=\"https:\/\/wp.ufpel.edu.br\/danca\/files\/2014\/06\/UNIVERSIDADE.pdf\">Arquivo 1<\/a><\/span><\/p>\n<p><span style=\"color: #000000;font-family: verdana, geneva, sans-serif;font-size: 10pt\">LADEIRA, Ja\u00ednne Cristina Paes. <strong>FILEIRA G, ACENTO 18 OU: O lugar do espectador na cria\u00e7\u00e3o dos espet\u00e1culos de dan\u00e7a de grupos independentes da cidade de Pelotas-RS.<\/strong> 2015.<\/span><\/p>\n<p><span style=\"color: #000000;font-family: verdana, geneva, sans-serif;font-size: 10pt\"><a style=\"color: #000000\" href=\"https:\/\/wp.ufpel.edu.br\/danca\/files\/2014\/06\/LADEIRA_Ja\u00ednne_Cristina_Paes.-FILEIRA_G_ACENTO_18_OU_O_lugar_do_espectador_na_cria\u00e7\u00e3o_dos_espet\u00e1culos_de_dan\u00e7a_de_grupos_1.pdf\">Arquivo 1<\/a><\/span><\/p>\n<p><span style=\"color: #000000;font-family: verdana, geneva, sans-serif;font-size: 10pt\">OLIVEIRA, Vanessa Rocha.\u00a0<strong>MEM\u00d3RIAS E NARRATIVAS: Protagonistas do Ballet Cl\u00e1ssico na cidade de Rio Grande\/RS<\/strong>. 2015.<\/span><\/p>\n<p><span style=\"color: #000000;font-family: verdana, geneva, sans-serif;font-size: 10pt\"><a style=\"color: #000000\" href=\"https:\/\/wp.ufpel.edu.br\/danca\/files\/2014\/06\/Vanessa-TCC-OFICIAL.pdf\">Arquivo 1<\/a><\/span><\/p>\n<p><span style=\"color: #000000;font-family: verdana, geneva, sans-serif;font-size: 10pt\">SOUZA, Lisi\u00ea Coelho.\u00a0<strong>MEM\u00d3RIAS DA DAN\u00c7A DAS MULHERES NEGRAS FREQUENTADORAS DO CLUBE CULTURAL FICA AH\u00cd PRA IR DIZENDO NA CIDADE DE PELOTAS ENTRE AS D\u00c9CADAS DE 1950 E 1980.<\/strong> 2015.<\/span><\/p>\n<p><span style=\"color: #000000;font-family: verdana, geneva, sans-serif;font-size: 10pt\"><a style=\"color: #000000\" href=\"https:\/\/wp.ufpel.edu.br\/danca\/files\/2014\/06\/Monografia-Lisi\u00ea-Souza.pdf\">Arquivo 1<\/a><\/span><\/p>\n<p><span style=\"color: #000000;font-family: verdana, geneva, sans-serif;font-size: 10pt\">ZAMPERINI, Allan Moscon.\u00a0<strong>O JOGO ESPETACULARIZADO E O ESPET\u00c1CULO JOGADO: PEDAGOGIAS PERME\u00c1VEIS<\/strong>. 2015.<\/span><\/p>\n<p><span style=\"color: #000000;font-family: verdana, geneva, sans-serif;font-size: 10pt\"><a style=\"color: #000000\" href=\"https:\/\/wp.ufpel.edu.br\/danca\/files\/2014\/06\/TCC-Allan-Moscon-Zamperini-VERS\u00c3O-FINAL.pdf\">Arquivo 1<\/a><\/span><\/p>\n","protected":false},"excerpt":{"rendered":"<p>ARRIECHE, Luana Echevengu\u00e1.\u00a0Videodan\u00e7a:\u00a0Investiga\u00e7\u00f5es na forma\u00e7\u00e3o dos licenciados em Dan\u00e7a no Rio Grande do Sul. 2015. Arquivo 1 LADEIRA, Ja\u00ednne Cristina Paes. FILEIRA G, ACENTO 18 OU: O lugar do espectador na cria\u00e7\u00e3o dos espet\u00e1culos de dan\u00e7a de grupos independentes da cidade de Pelotas-RS. 2015. Arquivo 1 OLIVEIRA, Vanessa Rocha.\u00a0MEM\u00d3RIAS E NARRATIVAS: Protagonistas do Ballet Cl\u00e1ssico [&hellip;]<\/p>\n","protected":false},"author":334,"featured_media":0,"parent":167,"menu_order":9,"comment_status":"closed","ping_status":"closed","template":"","meta":{"footnotes":""},"class_list":["post-918","page","type-page","status-publish","hentry"],"jetpack_sharing_enabled":true,"_links":{"self":[{"href":"https:\/\/wp.ufpel.edu.br\/danca\/wp-json\/wp\/v2\/pages\/918","targetHints":{"allow":["GET"]}}],"collection":[{"href":"https:\/\/wp.ufpel.edu.br\/danca\/wp-json\/wp\/v2\/pages"}],"about":[{"href":"https:\/\/wp.ufpel.edu.br\/danca\/wp-json\/wp\/v2\/types\/page"}],"author":[{"embeddable":true,"href":"https:\/\/wp.ufpel.edu.br\/danca\/wp-json\/wp\/v2\/users\/334"}],"replies":[{"embeddable":true,"href":"https:\/\/wp.ufpel.edu.br\/danca\/wp-json\/wp\/v2\/comments?post=918"}],"version-history":[{"count":4,"href":"https:\/\/wp.ufpel.edu.br\/danca\/wp-json\/wp\/v2\/pages\/918\/revisions"}],"predecessor-version":[{"id":957,"href":"https:\/\/wp.ufpel.edu.br\/danca\/wp-json\/wp\/v2\/pages\/918\/revisions\/957"}],"up":[{"embeddable":true,"href":"https:\/\/wp.ufpel.edu.br\/danca\/wp-json\/wp\/v2\/pages\/167"}],"wp:attachment":[{"href":"https:\/\/wp.ufpel.edu.br\/danca\/wp-json\/wp\/v2\/media?parent=918"}],"curies":[{"name":"wp","href":"https:\/\/api.w.org\/{rel}","templated":true}]}}