{"id":898,"date":"2019-07-12T11:03:59","date_gmt":"2019-07-12T14:03:59","guid":{"rendered":"https:\/\/wp.ufpel.edu.br\/danca\/?page_id=898"},"modified":"2025-08-13T11:56:36","modified_gmt":"2025-08-13T14:56:36","slug":"fale-conosco","status":"publish","type":"page","link":"https:\/\/wp.ufpel.edu.br\/danca\/fale-conosco\/","title":{"rendered":"Fale Conosco"},"content":{"rendered":"<p><span style=\"font-family: verdana, geneva, sans-serif; font-size: 10pt; color: #000000;\"><strong>Coordenadora: <\/strong>Ana Cristina Ribeiro Silva<\/span><\/p>\n<p><span style=\"font-family: verdana, geneva, sans-serif; font-size: 10pt; color: #000000;\"><strong>Coordenadora Adjunta:<\/strong> <span class=\"NormalTextRun SCXW139138552 BCX0\">Daniela <\/span><span class=\"NormalTextRun SpellingErrorV2Themed SpellingErrorHighlight SCXW139138552 BCX0\">Llopart<\/span><span class=\"NormalTextRun SCXW139138552 BCX0\"> Castro<\/span><\/span><\/p>\n<p><span style=\"font-family: verdana, geneva, sans-serif; font-size: 10pt; color: #000000;\"><strong>Assistente em Administra\u00e7\u00e3o:<\/strong> Paula Pereira Pinto (em afastamento)<\/span><\/p>\n<p><span style=\"font-family: verdana, geneva, sans-serif; font-size: 10pt; color: #000000;\"><strong>E-mail:<\/strong> dancalicenciatura@ufpel.edu.br<\/span><\/p>\n<p><strong><span style=\"font-family: verdana, geneva, sans-serif; font-size: 10pt;\">Apoio T\u00e9cnico<\/span><\/strong><\/p>\n<ul>\n<li><strong><span style=\"font-family: verdana, geneva, sans-serif; font-size: 10pt;\">Catia Fernandes de Carvalho \u2013 t\u00e9cnica administrativa \u2013 core\u00f3grafa<\/span><\/strong><br \/>\n<span style=\"font-family: verdana, geneva, sans-serif; font-size: 10pt;\">catiacarvalho.ufpel@gmail.com<\/span><\/li>\n<li><strong><span style=\"font-family: verdana, geneva, sans-serif; font-size: 10pt;\">Ederson de Carvalho Pestana \u2013 t\u00e9cnico administrativo \u2013 Contrarregra<\/span><\/strong><br \/>\n<span style=\"font-family: verdana, geneva, sans-serif; font-size: 10pt;\">ederson.pestana@ufpel.edu.br<\/span><\/li>\n<li><strong><span style=\"font-family: verdana, geneva, sans-serif; font-size: 10pt;\">Larissa Martins Machado \u2013 t\u00e9cnica administrativa \u2013 Costureira de Espet\u00e1culo \/ Cen\u00e1rio<\/span><\/strong><br \/>\n<span style=\"font-family: verdana, geneva, sans-serif; font-size: 10pt;\">larissa.martins@ufpel.edu.br<\/span><\/li>\n<\/ul>\n<p><span style=\"font-family: verdana, geneva, sans-serif; font-size: 10pt; color: #000000;\"><strong>Telefone:<\/strong> 53 3284-5518<\/span><\/p>\n<p><span style=\"font-family: verdana, geneva, sans-serif; font-size: 10pt; color: #000000;\"><strong>Facebook:<\/strong> <a style=\"color: #000000;\" href=\"https:\/\/www.facebook.com\/profile.php?id=100009164349653\">https:\/\/www.facebook.com\/danca.ufpel<\/a><\/span><\/p>\n<p><span style=\"font-family: verdana, geneva, sans-serif; font-size: 10pt; color: #000000;\"><strong>Instagram:<\/strong> @danca.ufpel <a href=\"https:\/\/www.instagram.com\/danca.ufpel\/\">https:\/\/www.instagram.com\/danca.ufpel\/<\/a><\/span><\/p>\n<p><span style=\"font-family: verdana, geneva, sans-serif; font-size: 10pt; color: #000000;\"><strong>Site do Curso:<\/strong> <a style=\"color: #000000;\" href=\"https:\/\/wp.ufpel.edu.br\/danca\/\">https:\/\/wp.ufpel.edu.br\/danca\/<\/a><br \/>\n<\/span><\/p>\n<p><span style=\"font-family: verdana, geneva, sans-serif; font-size: 10pt; color: #000000;\"><strong>Pr\u00e9dio Dan\u00e7a\/Teatro:<\/strong> Bloco 3 do Centro de Artes, Largo do Bola. (ao lado da Biblioteca)<br \/>\nR. Cel. Alberto Rosa, 117 &#8211; Centro, Pelotas &#8211; RS, 96010-770<br \/>\n<\/span><\/p>\n<p>&nbsp;<\/p>\n<p>&nbsp;<\/p>\n","protected":false},"excerpt":{"rendered":"<p>Coordenadora: Ana Cristina Ribeiro Silva Coordenadora Adjunta: Daniela Llopart Castro Assistente em Administra\u00e7\u00e3o: Paula Pereira Pinto (em afastamento) E-mail: dancalicenciatura@ufpel.edu.br Apoio T\u00e9cnico Catia Fernandes de Carvalho \u2013 t\u00e9cnica administrativa \u2013 core\u00f3grafa catiacarvalho.ufpel@gmail.com Ederson de Carvalho Pestana \u2013 t\u00e9cnico administrativo \u2013 Contrarregra ederson.pestana@ufpel.edu.br Larissa Martins Machado \u2013 t\u00e9cnica administrativa \u2013 Costureira de Espet\u00e1culo \/ Cen\u00e1rio larissa.martins@ufpel.edu.br [&hellip;]<\/p>\n","protected":false},"author":334,"featured_media":0,"parent":0,"menu_order":5,"comment_status":"closed","ping_status":"closed","template":"","meta":{"footnotes":""},"class_list":["post-898","page","type-page","status-publish","hentry"],"jetpack_sharing_enabled":true,"_links":{"self":[{"href":"https:\/\/wp.ufpel.edu.br\/danca\/wp-json\/wp\/v2\/pages\/898","targetHints":{"allow":["GET"]}}],"collection":[{"href":"https:\/\/wp.ufpel.edu.br\/danca\/wp-json\/wp\/v2\/pages"}],"about":[{"href":"https:\/\/wp.ufpel.edu.br\/danca\/wp-json\/wp\/v2\/types\/page"}],"author":[{"embeddable":true,"href":"https:\/\/wp.ufpel.edu.br\/danca\/wp-json\/wp\/v2\/users\/334"}],"replies":[{"embeddable":true,"href":"https:\/\/wp.ufpel.edu.br\/danca\/wp-json\/wp\/v2\/comments?post=898"}],"version-history":[{"count":3,"href":"https:\/\/wp.ufpel.edu.br\/danca\/wp-json\/wp\/v2\/pages\/898\/revisions"}],"predecessor-version":[{"id":3087,"href":"https:\/\/wp.ufpel.edu.br\/danca\/wp-json\/wp\/v2\/pages\/898\/revisions\/3087"}],"wp:attachment":[{"href":"https:\/\/wp.ufpel.edu.br\/danca\/wp-json\/wp\/v2\/media?parent=898"}],"curies":[{"name":"wp","href":"https:\/\/api.w.org\/{rel}","templated":true}]}}