{"id":866,"date":"2019-07-12T10:22:15","date_gmt":"2019-07-12T13:22:15","guid":{"rendered":"https:\/\/wp.ufpel.edu.br\/danca\/?page_id=866"},"modified":"2025-09-23T14:19:09","modified_gmt":"2025-09-23T17:19:09","slug":"projeto-pedagogico","status":"publish","type":"page","link":"https:\/\/wp.ufpel.edu.br\/danca\/curso\/projeto-pedagogico\/","title":{"rendered":"Projeto Pedag\u00f3gico"},"content":{"rendered":"<p><span style=\"color: #000000;\"><a style=\"color: #000000;\" href=\"https:\/\/wp.ufpel.edu.br\/danca\/files\/2024\/03\/PPC-Danca-2023-05-03-24.pdf\">Projeto Pedag\u00f3gico Curso Danca 2023 <strong>(ATUAL)<\/strong><\/a><\/span><\/p>\n<ul>\n<li><a href=\"https:\/\/wp.ufpel.edu.br\/danca\/files\/2024\/10\/fluxograma-PPC-Danca-2023-05-03-24.pdf\">Tabela com pr\u00e9-requisitos\u00a0 PPC-Danca-2023<\/a><\/li>\n<li><span style=\"color: #000000;\"><a style=\"color: #000000;\" href=\"https:\/\/wp.ufpel.edu.br\/danca\/files\/2023\/06\/Regulamentacao-Montagem-Cenica-final.pdf\">Regulamenta\u00e7\u00e3o de Montagem C\u00eanica [novo]\u00a0<\/a><\/span><\/li>\n<li><span style=\"color: #000000;\"><a style=\"color: #000000;\" href=\"https:\/\/wp.ufpel.edu.br\/danca\/files\/2023\/06\/Regulamento-de-TCC-Danca-2023-24-04-23.pdf\">Regulamenta\u00e7\u00e3o dos Trabalhos de Conclus\u00e3o de Curso (TCC) [novo]<\/a><\/span><\/li>\n<li><span style=\"color: #000000;\"><a style=\"color: #000000;\" href=\"https:\/\/wp.ufpel.edu.br\/danca\/files\/2023\/06\/Regulamentacao_Estagios_obrigatorios_Curso_de_Danca_15_05.pdf\">Regulamento dos Est\u00e1gios Obrigat\u00f3rios [novo]<\/a><\/span><\/li>\n<\/ul>\n<p>&nbsp;<\/p>\n<p><span style=\"color: #000000;\"><a style=\"color: #000000;\" href=\"https:\/\/wp.ufpel.edu.br\/danca\/files\/2020\/03\/PPC_Danca___versao_28_de_janeiro_2020.pdf\">Projeto Pedag\u00f3gico do Curso de Dan\u00e7a Licenciatura &#8211; 2019\/2020<\/a><\/span><\/p>\n<p><a href=\"https:\/\/wp.ufpel.edu.br\/danca\/files\/2013\/12\/PPC-Dan\u00e7a-_-reformula\u00e7\u00e3o-curricular-corre\u00e7\u00e3o-2016-05-11-1.pdf\">Projeto Pol\u00edtico Pedag\u00f3gico do Curso de Dan\u00e7a<\/a> 2013<\/p>\n<p>&nbsp;<\/p>\n<p><a href=\"https:\/\/wp.ufpel.edu.br\/danca\/files\/2025\/09\/DANC\u0327A.png\"><img class=\"aligncenter size-large wp-image-3133\" src=\"https:\/\/wp.ufpel.edu.br\/danca\/files\/2025\/09\/DANC\u0327A-819x1024.png\" alt=\"\" width=\"819\" height=\"1024\" srcset=\"https:\/\/wp.ufpel.edu.br\/danca\/files\/2025\/09\/DANC\u0327A-819x1024.png 819w, https:\/\/wp.ufpel.edu.br\/danca\/files\/2025\/09\/DANC\u0327A-320x400.png 320w, https:\/\/wp.ufpel.edu.br\/danca\/files\/2025\/09\/DANC\u0327A-768x960.png 768w, https:\/\/wp.ufpel.edu.br\/danca\/files\/2025\/09\/DANC\u0327A.png 1080w\" sizes=\"(max-width: 819px) 100vw, 819px\" \/><\/a><\/p>\n","protected":false},"excerpt":{"rendered":"<p>Projeto Pedag\u00f3gico Curso Danca 2023 (ATUAL) Tabela com pr\u00e9-requisitos\u00a0 PPC-Danca-2023 Regulamenta\u00e7\u00e3o de Montagem C\u00eanica [novo]\u00a0 Regulamenta\u00e7\u00e3o dos Trabalhos de Conclus\u00e3o de Curso (TCC) [novo] Regulamento dos Est\u00e1gios Obrigat\u00f3rios [novo] &nbsp; Projeto Pedag\u00f3gico do Curso de Dan\u00e7a Licenciatura &#8211; 2019\/2020 Projeto Pol\u00edtico Pedag\u00f3gico do Curso de Dan\u00e7a 2013 &nbsp;<\/p>\n","protected":false},"author":334,"featured_media":0,"parent":2,"menu_order":1,"comment_status":"closed","ping_status":"closed","template":"","meta":{"footnotes":""},"class_list":["post-866","page","type-page","status-publish","hentry"],"jetpack_sharing_enabled":true,"_links":{"self":[{"href":"https:\/\/wp.ufpel.edu.br\/danca\/wp-json\/wp\/v2\/pages\/866","targetHints":{"allow":["GET"]}}],"collection":[{"href":"https:\/\/wp.ufpel.edu.br\/danca\/wp-json\/wp\/v2\/pages"}],"about":[{"href":"https:\/\/wp.ufpel.edu.br\/danca\/wp-json\/wp\/v2\/types\/page"}],"author":[{"embeddable":true,"href":"https:\/\/wp.ufpel.edu.br\/danca\/wp-json\/wp\/v2\/users\/334"}],"replies":[{"embeddable":true,"href":"https:\/\/wp.ufpel.edu.br\/danca\/wp-json\/wp\/v2\/comments?post=866"}],"version-history":[{"count":3,"href":"https:\/\/wp.ufpel.edu.br\/danca\/wp-json\/wp\/v2\/pages\/866\/revisions"}],"predecessor-version":[{"id":3135,"href":"https:\/\/wp.ufpel.edu.br\/danca\/wp-json\/wp\/v2\/pages\/866\/revisions\/3135"}],"up":[{"embeddable":true,"href":"https:\/\/wp.ufpel.edu.br\/danca\/wp-json\/wp\/v2\/pages\/2"}],"wp:attachment":[{"href":"https:\/\/wp.ufpel.edu.br\/danca\/wp-json\/wp\/v2\/media?parent=866"}],"curies":[{"name":"wp","href":"https:\/\/api.w.org\/{rel}","templated":true}]}}

Projeto Pedagógico

<p><span style="color: #000000;"><a style="color: #000000;" href="https://wp.ufpel.edu.br/danca/files/2024/03/PPC-Danca-2023-05-03-24.pdf">Projeto Pedagógico Curso Danca 2023 <strong>(ATUAL)</strong></a></span></p>
<ul>
<li><a href="https://wp.ufpel.edu.br/danca/files/2024/10/fluxograma-PPC-Danca-2023-05-03-24.pdf">Tabela com pré-requisitos  PPC-Danca-2023</a></li>
<li><span style="color: #000000;"><a style="color: #000000;" href="https://wp.ufpel.edu.br/danca/files/2023/06/Regulamentacao-Montagem-Cenica-final.pdf">Regulamentação de Montagem Cênica [novo] </a></span></li>
<li><span style="color: #000000;"><a style="color: #000000;" href="https://wp.ufpel.edu.br/danca/files/2023/06/Regulamento-de-TCC-Danca-2023-24-04-23.pdf">Regulamentação dos Trabalhos de Conclusão de Curso (TCC) [novo]</a></span></li>
<li><span style="color: #000000;"><a style="color: #000000;" href="https://wp.ufpel.edu.br/danca/files/2023/06/Regulamentacao_Estagios_obrigatorios_Curso_de_Danca_15_05.pdf">Regulamento dos Estágios Obrigatórios [novo]</a></span></li>
</ul>
<p>&nbsp;</p>
<p><span style="color: #000000;"><a style="color: #000000;" href="https://wp.ufpel.edu.br/danca/files/2020/03/PPC_Danca___versao_28_de_janeiro_2020.pdf">Projeto Pedagógico do Curso de Dança Licenciatura &#8211; 2019/2020</a></span></p>
<p><a href="https://wp.ufpel.edu.br/danca/files/2013/12/PPC-Dança-_-reformulação-curricular-correção-2016-05-11-1.pdf">Projeto Político Pedagógico do Curso de Dança</a> 2013</p>
<p>&nbsp;</p>
<p><a href="https://wp.ufpel.edu.br/danca/files/2025/09/DANÇA.png"><img class="aligncenter size-large wp-image-3133" src="https://wp.ufpel.edu.br/danca/files/2025/09/DANÇA-819x1024.png" alt="" width="819" height="1024" srcset="https://wp.ufpel.edu.br/danca/files/2025/09/DANÇA-819x1024.png 819w, https://wp.ufpel.edu.br/danca/files/2025/09/DANÇA-320x400.png 320w, https://wp.ufpel.edu.br/danca/files/2025/09/DANÇA-768x960.png 768w, https://wp.ufpel.edu.br/danca/files/2025/09/DANÇA.png 1080w" sizes="(max-width: 819px) 100vw, 819px" /></a></p>

<p>Projeto Pedagógico Curso Danca 2023 (ATUAL) Tabela com pré-requisitos  PPC-Danca-2023 Regulamentação de Montagem Cênica [novo]  Regulamentação dos Trabalhos de Conclusão de Curso (TCC) [novo] Regulamento dos Estágios Obrigatórios [novo] &nbsp; Projeto Pedagógico do Curso de Dança Licenciatura &#8211; 2019/2020 Projeto Político Pedagógico do Curso de Dança 2013 &nbsp;</p>
