{"id":863,"date":"2019-07-12T10:17:54","date_gmt":"2019-07-12T13:17:54","guid":{"rendered":"https:\/\/wp.ufpel.edu.br\/danca\/?page_id=863"},"modified":"2025-12-22T10:16:23","modified_gmt":"2025-12-22T13:16:23","slug":"corpo-docente","status":"publish","type":"page","link":"https:\/\/wp.ufpel.edu.br\/danca\/curso\/corpo-docente\/","title":{"rendered":"Corpo Docente"},"content":{"rendered":"<p><span style=\"color: #3366ff;\"><strong>Perfis Docentes dos professores do Curso de Dan\u00e7a \u2013 Licenciatura da UFPel.<\/strong><\/span><\/p>\n<p><span style=\"color: #3366ff;\"><strong>com fotos e links <a style=\"color: #3366ff;\" href=\"https:\/\/wp.ufpel.edu.br\/danca\/files\/2022\/02\/Perfis-Profes-2022.pdf\">Clique aqui<\/a>\u00a0<\/strong><\/span><\/p>\n<p>&nbsp;<\/p>\n<p><em>Breve release<\/em><\/p>\n<p><span style=\"font-weight: 400;\">&#8211; <strong>Prof. Dra Alexandra Dias<\/strong>, que investiga inova\u00e7\u00f5es metodol\u00f3gicas a partir de pesquisas guiadas pela pr\u00e1tica, na rela\u00e7\u00e3o com o fazer art\u00edstico, gerando po\u00e9ticas e processos de cria\u00e7\u00e3o a partir do movimento que se desdobram em escritas, eventos, produ\u00e7\u00e3o pedag\u00f3gica, espet\u00e1culos e performances; \u00c9 diretora da Outro Dances, empreitada de pesquisa e produ\u00e7\u00e3o em dan\u00e7a que investiga a antropofagia no corpo, onde realizou a Trilogia Antropof\u00e1gica composta pelo solo Bitch, pelo espect\u00e1culo e audiovisual C\u00e3es e pelo espet\u00e1culo Animal Noturno;<br \/>\n&#8211; <\/span><span style=\"font-weight: 400;\">Bacharelado em Artes C\u00eanicas (1999) &#8211; UFRGS,Mestre em Artes C\u00eanicas pela UFRGS,Phd in Dance Studies (2020) &#8211; University of Roehampton<\/span><\/p>\n<p><span style=\"font-weight: 400;\">&#8211; <strong>Prof. Dra Ana Cristina Ribeiro Silva<\/strong>, <a href=\"https:\/\/www.eclipse.art.br\/cris-pesquisas\">https:\/\/www.eclipse.art.br\/cris-pesquisas<\/a> primeira doutora em artes do Brasil pesquisando as dan\u00e7as da Cultura Hip-Hop, autora de diversos livros, dentre eles o Livro Dan\u00e7a de Rua (Editora \u00c1tomo, 2011), que \u00e9 bibliografia de in\u00fameros cursos de gradua\u00e7\u00e3o em dan\u00e7a do pa\u00eds. Em sua produ\u00e7\u00e3o art\u00edstica destaca-se o trabalho de mais de duas d\u00e9cadas com a Cia Eclipse Cultura e Arte registrada no livro arte Eclipse (2021) em ingl\u00eas e portugu\u00eas;<br \/>\n&#8211; <\/span><span style=\"font-weight: 400;\">Licenciatura Plena em Educa\u00e7\u00e3o F\u00edsica (2004) &#8211; Puc Campinas, P\u00f3s gradua\u00e7\u00e3o lato sensu em Anatomia Humana Clinica e Funcional (2021) &#8211; Centro Universit\u00e1rio Metrocamp Wyden, Mestrado em Artes da Cena na \u00e1rea de Teatro, Dan\u00e7a e Performance (2015) &#8211; Unicamp, Doutorado em Artes da Cena na \u00e1rea de Teatro, Dan\u00e7a e Performance (2021) &#8211; Unicamp<\/span><\/p>\n<p><span style=\"font-weight: 400;\">&#8211; <strong>Prof. Dra Andrisa Zanella<\/strong>, cuja produ\u00e7\u00e3o \u00e9 direcionada \u00e0 Forma\u00e7\u00e3o de Professores de Dan\u00e7a e de Teatro com publica\u00e7\u00f5es que problematizam a dimens\u00e3o do Est\u00e1gio Curricular Supervisionado. Pesquisa tamb\u00e9m o campo te\u00f3rico do Imagin\u00e1rio e Processos (Auto)Formativos vinculado ao m\u00e9todo das Pesquisas (Auto)Biogr\u00e1ficas; Desenvolve experimentos teatrais e obras voltadas \u00e0 primeira inf\u00e2ncia;<br \/>\n&#8211; <\/span><span style=\"font-weight: 400;\">Artes C\u00eanicas Bacharelado &#8211; Habilita\u00e7\u00e3o Dire\u00e7\u00e3o e Interpreta\u00e7\u00e3o Teatral (2004) &#8211; UFSM, Pedagogia Licenciatura (2009) &#8211; ULBRA\/Canoas, Mestrado em Educa\u00e7\u00e3o (2008) &#8211; UFSM, Doutorado em Educa\u00e7\u00e3o (2013) &#8211; UFPel<\/span><\/p>\n<p><span style=\"font-weight: 400;\">&#8211; <strong>Prof\u00aa Dr\u00aa Bella TImba\u00ed Alves Neto,<\/strong> pelos artigos \u201c\u00ccp\u00e0d\u00e9 com Mestra Iara Deodoro: mem\u00f3rias do Grupo Afro-Sul, um peda\u00e7o da \u00c1frica no Sul do Brasil\u201d (Revista Estudos da Presen\u00e7a, 2022), \u201cA Encruzilhada Corpo-Tambor na Trajet\u00f3ria da Dan\u00e7a Afro-Ga\u00facha de Mestra Iara\u201d (Revista Repert\u00f3rio de Teatro e Dan\u00e7a, 2022 publicada em 2023) e \u201cMobilizando o conceito de interseccionalidade \u00e0 luz da obra de L\u00e9lia Gonzalez: tr\u00eas estudos de caso em dan\u00e7a\u201d (Revista ARJ \u2013 Art Research Journal, 2022). Foi core\u00f3grafo de \u201cNegressencia \u2013 Mulheres cujos filhos s\u00e3o peixes\u201d (2016) e \u201cPeixes Urbanos e suas encruzilhadas\u201d (2017); dan\u00e7arino e pesquisador no audiovisual \u201cC\u00e3es\u201d (2022), preparador corporal do filme \u201cAx\u00earo\u201d (2022), e dramaturgo na videodan\u00e7a \u201cKa\u00f4 \u2013 da cor da terra\u201d (2022) da Abamba\u00e9 Cia de Dan\u00e7as Brasileiras;<br \/>\n&#8211; Licenciatura Plena em Educa\u00e7\u00e3o F\u00edsica (2013), Universidade Paulista-UNIP, Mestrado no Programa de P\u00f3s-Gradua\u00e7\u00e3o em Artes C\u00eanicas ( 2019) &#8211; UFRGS;<\/span><\/p>\n<p><span style=\"font-weight: 400;\">&#8211; <strong>Prof. Dra Carmen Hoffmann<\/strong>, que recentemente concluiu seu P\u00f3s-Doutoramento (UFRGS, 2023) com a pesquisa Visualidades Tecidas por Corpos Po\u00e9ticos na Contemporaneidade com a proposta de Mostras de Videodan\u00e7a e Filmes de Dan\u00e7a. Dirige o FIVRS &#8211; Festival Internacional de Videodan\u00e7a do RS e comp\u00f4s importantes obras como a Dan\u00e7a das Avestruzes (Os Chimangos) e quadro de Dan\u00e7as do Sul (Escola do Teatro Bolshoi no Brasil);<br \/>\n&#8211; <\/span><span style=\"font-weight: 400;\">Arquitetura e Urbanismo (1981) &#8211; Unisinos, Esquema I (1983) &#8211; Uniju\u00ed, Doutorado em Hist\u00f3ria (2015) &#8211; PUCRS, P\u00f3s-doutorado em Dan\u00e7a (2023) &#8211; UFRGS<\/span><\/p>\n<p><span style=\"font-weight: 400;\">&#8211; <strong>Prof. Dra Daniela Castro<\/strong>, mediante as publica\u00e7\u00f5es \u201cAulas de Laborat\u00f3rio de Bal\u00e9 Cl\u00e1ssico na gradua\u00e7\u00e3o em dan\u00e7a da UFPel: experi\u00eancias no modo remoto em 2021\u201d, na Revista Brasileira de Estudos em Dan\u00e7a (2024) e \u201cNa vida, no palco, na cena: amadurecer dan\u00e7ando, por que n\u00e3o?\u201d, na Revista Urdimento (2018). Dirigiu as videodan\u00e7as GAIAS e O CH\u00c1, espet\u00e1culos A Galeria, Apenas Mulher e Ol\u00e9 (Grupo Baila Cassino); e coreografia de diversas obras como Passantes (Companhia Turno2), O grito e Mamma Mia (Grupo Baila Cassino);<br \/>\n&#8211; <\/span><span style=\"font-weight: 400;\">Licenciatura Plena em Educa\u00e7\u00e3o F\u00edsica (1993) &#8211; UFPel, Especializa\u00e7\u00e3o em Preven\u00e7\u00e3o e Reabilita\u00e7\u00e3o F\u00edsica (2000) &#8211; UDESC,Mestrado Ci\u00eancias do Movimento Humano (2002) &#8211; UDESC, Doutorado em Motricidade Humana na especialidade de Dan\u00e7a (com valida\u00e7\u00e3o pelo curso de Doutorado em Artes C\u00eanicas da UFRGS) (2020) &#8211; Universidade de Lisboa;<\/span><\/p>\n<p><span style=\"font-weight: 400;\">&#8211; <strong>Prof. Dra Eleonora Santos<\/strong>, com os artigos \u201cMetodologias da pesquisa em dan\u00e7a no estado do Rio Grande do Sul: perspectivas ligadas \u00e0 cria\u00e7\u00e3o\u201d, na Revista Pensar a Pr\u00e1tica (2023), e a co-autoria dos livros \u201cPesquisas em bal\u00e9 no Brasil: pedagogias, visibilidades negras e repert\u00f3rios\u201d (2023) e \u201cPesquisa em bal\u00e9 no Brasil: panoramas sobre hist\u00f3ria, ensino e cena\u201d (2021). Atuou como bailarina da Companhia Turno2 (2023) e dos espet\u00e1culos Kyklos (2022), Fragmentos Fasc\u00ednio Todo Tango (2018, 2019, 2023), Carmim (videodan\u00e7a,2020), Virtual Tango (videodan\u00e7a,2020) e De Lejos (videodan\u00e7a,2021) pelo Grupo Ballet de Pelotas;<br \/>\n&#8211; <\/span><span style=\"font-weight: 400;\">Direito (1998) &#8211; UFPel, Dan\u00e7a, Licenciada (2007) &#8211; UFBA, Mestrado em Dan\u00e7a (2008) &#8211; UFBA, Doutorado em Artes C\u00eanicas (2013) &#8211; UFBA;<\/span><\/p>\n<p><span style=\"font-weight: 400;\">&#8211; <strong>Prof. Dra Fl\u00e1via Nascimento<\/strong>, cuja tese \u201cAvalia\u00e7\u00e3o no ensino superior: pistas para pensar as concep\u00e7\u00f5es e pr\u00e1ticas avaliativas\u201d \u00e9 refer\u00eancia para os estudos sobre avalia\u00e7\u00e3o no nosso curso. Publicou os artigos \u201cVagas e nomea\u00e7\u00f5es para a \u00e1rea da Dan\u00e7a em Pelotas &#8211; RS\u201d e \u201cProdu\u00e7\u00e3o de conhecimento sobre Dan\u00e7as de Sal\u00e3o: um levantamento de livros, teses e disserta\u00e7\u00f5es no Brasil\u201d, na Revista da Fundarte (2022 e 2020, respectivamente); Co-Dirigiu o Espet\u00e1culo Algod\u00e3o Doce, financiado pelo ProCultura Pelotas, obra de Dan\u00e7a Contempor\u00e2nea voltada a crian\u00e7as da rede p\u00fablica de ensino;<br \/>\n&#8211; Licenciatura Plena em Educa\u00e7\u00e3o F\u00edsica. (2007) &#8211; UFPel, Doutora em Educa\u00e7\u00e3o &#8211; P\u00f3s-gradua\u00e7\u00e3o em Educa\u00e7\u00e3o (2022) &#8211; UFPel;<\/span><\/p>\n<p><span style=\"font-weight: 400;\">&#8211; <strong>Prof. Dra Josiane Franken,<\/strong> cuja pesquisa de doutorado produziu tese e filme document\u00e1rio &#8220;N\u00f3s, professoras de Dan\u00e7a&#8221; (2019), tendo como protagonistas professoras licenciadas em Dan\u00e7a atuantes em escolas p\u00fablicas estaduais do RS, recebendo Men\u00e7\u00e3o Honrosa no Pr\u00eamio Capes de Teses 2019 e, em 2023, foi transformado em livro. Atua com produ\u00e7\u00f5es art\u00edsticas audiovisuais e fotogr\u00e1ficas como a dramaturgia da videodan\u00e7a &#8220;Ka\u00f4: da cor da terra&#8221; (2022) e como assistente de dire\u00e7\u00e3o do videodan\u00e7a &#8220;Brecha&#8221; (2022). Co-Dirigiu o Espet\u00e1culo Algod\u00e3o Doce, financiado pelo ProCultura Pelotas, obra de Dan\u00e7a Contempor\u00e2nea voltada a crian\u00e7as da rede p\u00fablica de ensino;<br \/>\n&#8211; <\/span><span style=\"font-weight: 400;\">Dan\u00e7a &#8211; Licenciatura (2008) &#8211; UNICRUZ, Doutorado em Artes C\u00eanicas pelo Programa de P\u00f3s-Gradua\u00e7\u00e3o em Artes C\u00eanicas (2018) &#8211; UFRGS;<\/span><\/p>\n<p><span style=\"font-weight: 400;\">&#8211; <strong>Prof. Dr. Marco Aurelio Souza<\/strong>, que publicou os artigos &#8220;Forma\u00e7\u00e3o do professor de dan\u00e7a: em an\u00e1lise o curr\u00edculo do primeiro curso de licenciatura de Santa Catarina&#8221;, na Revista Forma\u00e7\u00e3o Docente, e &#8220;Proposta metodol\u00f3gica para o ensino das dan\u00e7as populares na Escola do Teatro Bolshoi No Brasil&#8221;, na Revista Educa\u00e7\u00e3o, al\u00e9m de co-organizar a cole\u00e7\u00e3o &#8220;Arte e est\u00e9tica na educa\u00e7\u00e3o&#8221;, publicada anualmente desde 2020. Coordenou o Grupo de Dan\u00e7as Alem\u00e3s da Universidade Regional de Blumenau, apresentando-se na Bulg\u00e1ria, Argentina, Col\u00f4mbia e Uruguai. Comp\u00f4s as obras &#8216;Jeden Tag ist ein fest&#8217;, Um passeio ao cora\u00e7\u00e3o da Bav\u00e1ria, &#8216;Respeito: Sou mulher, sou negra, sou brasileira, Sauda\u00e7\u00e3o a Iemanj\u00e1&#8217;, Singkill, apresentadas no Festival de Dan\u00e7a de Joinville e no Pr\u00eamio Desterro de Florian\u00f3polis.<br \/>\n&#8211; <\/span><span style=\"font-weight: 400;\">Licenciatura plena em Educa\u00e7\u00e3o F\u00edsica, (2003) &#8211; FURB, Especializa\u00e7\u00e3o em Dan\u00e7a Educacional (2006) &#8211; UDESC, Mestrado em Performance Art\u00edstica Dan\u00e7a (2010) &#8211; Universidade de Lisboa, Faculdade de Motricidade Humana, validado no Brasil pela UFBA, Doutorado em Motricidade Humana especialidade Dan\u00e7a, (2019) &#8211; Universidade de Lisboa, Faculdade de Motricidade Humana, validado no Brasil na UFRGS.<\/span><\/p>\n<p><span style=\"font-weight: 400;\">&#8211; <strong>Prof. Dra Maria Falkembach<\/strong>, com o estudo do corpo e do movimento c\u00eanicos com a educa\u00e7\u00e3o, abordando-a desde uma perspectiva da cria\u00e7\u00e3o e saberes do corpo (dramaturgia da dan\u00e7a, estudos labanianos, Estudos da Performance), com diversos artigos publicados. Seu doutorado estudou a pr\u00e1tica da implanta\u00e7\u00e3o da dan\u00e7a como linguagem na disciplina de arte na escola. Atuou como atriz-dan\u00e7arina desde 1991, com vasta experi\u00eancia em cena, em mais de 20 obras c\u00eanicas, em circuitos ga\u00fachos e nacionais. Foi fundadora e integrante por 12 anos do Dep\u00f3sito de Teatro, grupo que marcou a cena do RS e Brasil. Desde 2009, atua como diretora c\u00eanica e core\u00f3grafa, atuando principalmente do Tat\u00e1 &#8211; N\u00facleo de Dan\u00e7a-Teatro. Atualmente atua como int\u00e9rprete-criadora do solo de dan\u00e7a Bitch;<br \/>\n&#8211; <\/span><span style=\"font-weight: 400;\">Artes C\u00eanicas &#8211; Bacharelato (2001) &#8211; UFRGS, Mestrado em Teatro (2005) &#8211; UDESC, Doutorado em Educa\u00e7\u00e3o (2017) &#8211; UFRGS;\u00a0<\/span><\/p>\n<p><span style=\"font-weight: 400;\">&#8211; <strong>Prof. Dr. Thiago Silva de Amorim Jesus,<\/strong> com a publica\u00e7\u00e3o dos artigos \u201cAs dan\u00e7as na educa\u00e7\u00e3o b\u00e1sica: nas festas escolares e para al\u00e9m delas\u201d, 2022, na Revista ARJ &#8211; Art Research Journal; \u201cConsidera\u00e7\u00f5es sobre doc\u00eancia, forma\u00e7\u00e3o e inser\u00e7\u00e3o da dan\u00e7a no espa\u00e7o escolar brasileiro\u201d, 2018, na Revista Ouvir ou Ver; \u201cJogo Coreocartogr\u00e1fico: reflex\u00f5es sobre autoria em dan\u00e7a na contemporaneidade\u201d, 2023, na Revista Repert\u00f3rio Teatro &amp; Dan\u00e7a. Co-organizou o E-book Saberes-Fazeres em Dan\u00e7as Populares, Editora ANDA, 2020. Dirigiu os Espet\u00e1culos Amanaj\u00e9 e S\u00f3is, al\u00e9m da Videodan\u00e7a Ka\u00f4 &#8211; Da Cor da Terra e do document\u00e1rio Terra dos Homens, todos com a Abamba\u00e9 Companhia de Dan\u00e7as Brasileiras, com a qual j\u00e1 representou o Brasil no Peru, Uruguai, Chile, Col\u00f4mbia e Argentina;<br \/>\n&#8211; <\/span><span style=\"font-weight: 400;\">Curso de Licenciatura Plena em Dan\u00e7a (2002) &#8211; UNICRUZ, Mestrado em Ci\u00eancias da Linguagem, Programa de P\u00f3s-Gradua\u00e7\u00e3o em Ci\u00eancias da Linguagem (2009) &#8211; UNISUL, Doutorado em Ci\u00eancias da Linguagem, Programa de P\u00f3s-Gradua\u00e7\u00e3o em Ci\u00eancias da Linguagem (2013) &#8211; UNISUL.<\/span><\/p>\n<p><span style=\"font-weight: 400;\">&#8211; <strong>Prof. Dra Rebeca Recuero<\/strong>, como os artigos \u201cBallet online e capital social em tempos de pandemia\u201d, na Revista Repert\u00f3rio Teatro &amp; Dan\u00e7a (2022) e \u201cPandemia e as Motiva\u00e7\u00f5es Sociais para a Produ\u00e7\u00e3o de Ciberdan\u00e7as no TikTok\u201d, na Revista da Fundarte (2021). Bailarina da Companhia Turno 2 em 2023 e dos espet\u00e1culos Kyklos, \u201cConcerto de Tchaikovsky\u201d e \u201cConcerto de Rachmaninoff\u201d pelo Grupo Ballet de Pelotas, entre 2022 e 2023. Criadora e roteirista das videodan\u00e7as \u201cFragmentos Fasc\u00ednio Todo Tango\u201d (2023), \u201cVirtual Tango\u201d (2020) e \u201cDe Lejos\u201d (2021), \u201cPlay\u201d (2022) e \u201cConcerto para Pelotas\u201d (2022).<br \/>\n&#8211; Comunica\u00e7\u00e3o Social\/Jornalismo (2006) &#8211; UCPel, Medicina Veterin\u00e1ria (2006) &#8211; UFPel, Mestre em Ci\u00eancias da Comunica\u00e7\u00e3o &#8211; Programa de P\u00f3s-Gradua\u00e7\u00e3o em Ci\u00eancias da Comunica\u00e7\u00e3o UNISINOS, Doutora em Ci\u00eancias da Comunica\u00e7\u00e3o (2014) &#8211; Programa de P\u00f3s-Gradua\u00e7\u00e3o em Ci\u00eancias da Comunica\u00e7\u00e3o UNISINOS, P\u00f3s-Doutorado em Letras (2015) &#8211; UFPel;<br \/>\n<\/span><\/p>\n","protected":false},"excerpt":{"rendered":"<p>Perfis Docentes dos professores do Curso de Dan\u00e7a \u2013 Licenciatura da UFPel. com fotos e links Clique aqui\u00a0 &nbsp; Breve release &#8211; Prof. Dra Alexandra Dias, que investiga inova\u00e7\u00f5es metodol\u00f3gicas a partir de pesquisas guiadas pela pr\u00e1tica, na rela\u00e7\u00e3o com o fazer art\u00edstico, gerando po\u00e9ticas e processos de cria\u00e7\u00e3o a partir do movimento que se [&hellip;]<\/p>\n","protected":false},"author":334,"featured_media":0,"parent":2,"menu_order":3,"comment_status":"closed","ping_status":"closed","template":"","meta":{"footnotes":""},"class_list":["post-863","page","type-page","status-publish","hentry"],"jetpack_sharing_enabled":true,"_links":{"self":[{"href":"https:\/\/wp.ufpel.edu.br\/danca\/wp-json\/wp\/v2\/pages\/863","targetHints":{"allow":["GET"]}}],"collection":[{"href":"https:\/\/wp.ufpel.edu.br\/danca\/wp-json\/wp\/v2\/pages"}],"about":[{"href":"https:\/\/wp.ufpel.edu.br\/danca\/wp-json\/wp\/v2\/types\/page"}],"author":[{"embeddable":true,"href":"https:\/\/wp.ufpel.edu.br\/danca\/wp-json\/wp\/v2\/users\/334"}],"replies":[{"embeddable":true,"href":"https:\/\/wp.ufpel.edu.br\/danca\/wp-json\/wp\/v2\/comments?post=863"}],"version-history":[{"count":3,"href":"https:\/\/wp.ufpel.edu.br\/danca\/wp-json\/wp\/v2\/pages\/863\/revisions"}],"predecessor-version":[{"id":3182,"href":"https:\/\/wp.ufpel.edu.br\/danca\/wp-json\/wp\/v2\/pages\/863\/revisions\/3182"}],"up":[{"embeddable":true,"href":"https:\/\/wp.ufpel.edu.br\/danca\/wp-json\/wp\/v2\/pages\/2"}],"wp:attachment":[{"href":"https:\/\/wp.ufpel.edu.br\/danca\/wp-json\/wp\/v2\/media?parent=863"}],"curies":[{"name":"wp","href":"https:\/\/api.w.org\/{rel}","templated":true}]}}