{"id":2974,"date":"2025-06-17T16:27:53","date_gmt":"2025-06-17T19:27:53","guid":{"rendered":"https:\/\/wp.ufpel.edu.br\/danca\/?page_id=2974"},"modified":"2025-10-28T15:49:18","modified_gmt":"2025-10-28T18:49:18","slug":"educacao-para-diversidade","status":"publish","type":"page","link":"https:\/\/wp.ufpel.edu.br\/danca\/educacao-para-diversidade\/","title":{"rendered":"Educa\u00e7\u00e3o para Diversidade"},"content":{"rendered":"<p>O objetivo deste menu no nosso site \u00e9 disseminar metodologias educacionais para a inser\u00e7\u00e3o dos temas da diversidade no cotidiano das salas de aula.<\/p>\n<p>&nbsp;<\/p>\n<p><strong>Na UFPel<\/strong><\/p>\n<p>PROAFE &#8211; Pr\u00f3-Reitoria de A\u00e7\u00f5es Afirmativas e Equidade<br \/>\n<a href=\"https:\/\/www.instagram.com\/proafe_ufpel\/\">https:\/\/www.instagram.com\/proafe_ufpel\/<\/a><\/p>\n<p>COACE &#8211; NAI agora \u00e9 Coordena\u00e7\u00e3o de acessibilidade<br \/>\n<a href=\"https:\/\/www.instagram.com\/coaceufpel\/\">https:\/\/www.instagram.com\/coaceufpel\/<\/a><\/p>\n<p>CORDIGEN &#8211; Coordena\u00e7\u00e3o de Rela\u00e7\u00f5es \u00c9tnico-Raciais<br \/>\n<a href=\"https:\/\/www.instagram.com\/cordigen_relacoesetnicoraciais\/\">https:\/\/www.instagram.com\/cordigen_relacoesetnicoraciais\/<\/a><\/p>\n<p>Ciclo Permanente de Atividades de Educa\u00e7\u00e3o Antirracista<br \/>\n<a href=\"https:\/\/wp.ufpel.edu.br\/ciclo\/\">https:\/\/wp.ufpel.edu.br\/ciclo\/<\/a><\/p>\n<p>Ouvidoria UFPel<br \/>\n<a href=\"https:\/\/wp.ufpel.edu.br\/ouvidoria\/\">https:\/\/wp.ufpel.edu.br\/ouvidoria\/<\/a><\/p>\n<p>Pr\u00f3-Reitoria de Assuntos Estudantis<br \/>\nUma Pr\u00f3-Reitoria de Assuntos Estudantis antirracista para todes!<br \/>\n<a href=\"https:\/\/wp.ufpel.edu.br\/prae\/\">https:\/\/wp.ufpel.edu.br\/prae\/<\/a><\/p>\n<p><strong>Links externos com materiais did\u00e1ticos e cursos<\/strong><\/p>\n<ul>\n<li>MEC &#8211; Minist\u00e9rio da Educa\u00e7\u00e3o\n<ul>\n<li><a href=\"https:\/\/portal.mec.gov.br\/rede-de-educacao-para-a-diversidade\">https:\/\/portal.mec.gov.br\/rede-de-educacao-para-a-diversidade<\/a><\/li>\n<li><a href=\"https:\/\/portal.mec.gov.br\/dmdocuments\/orientacoes_etnicoraciais.pdf\">https:\/\/portal.mec.gov.br\/dmdocuments\/orientacoes_etnicoraciais.pdf<\/a><\/li>\n<li><a href=\"https:\/\/www.gov.br\/mec\/pt-br\/assuntos\/noticias\/2024\/novembro\/conheca-a-historia-da-educacao-para-relacoes-etnico-raciais-no-brasil\">https:\/\/www.gov.br\/mec\/pt-br\/assuntos\/noticias\/2024\/novembro\/conheca-a-historia-da-educacao-para-relacoes-etnico-raciais-no-brasil<\/a><\/li>\n<li><a href=\"https:\/\/portal.mec.gov.br\/seesp\/arquivos\/pdf\/educarnadiversidade2006.pdf\">https:\/\/portal.mec.gov.br\/seesp\/arquivos\/pdf\/educarnadiversidade2006.pdf<\/a><\/li>\n<\/ul>\n<\/li>\n<li>GUIA ANTICAPACITISTA Comit\u00ea Local de Acessibilidade e Inclus\u00e3o do TCE-PI\n<ul>\n<li><a href=\"https:\/\/www.tcepi.tc.br\/wp-content\/uploads\/2025\/01\/LN-Guia-Anticapacitista.pdf\">https:\/\/www.tcepi.tc.br\/wp-content\/uploads\/2025\/01\/LN-Guia-Anticapacitista.pdf<\/a><\/li>\n<\/ul>\n<\/li>\n<li>CARTILHA GEPAI UFPel\n<ul>\n<li><a href=\"https:\/\/wp.ufpel.edu.br\/danca\/files\/2025\/06\/Cartilha-digital-GEPAI.pdf\">Cartilha digital &#8211; GEPAI\u00a0<\/a>Tenho um(a) aluno(a) com autismo: e agora?<\/li>\n<\/ul>\n<\/li>\n<li>GUIA ANTIRACISTA\n<ul>\n<li><a href=\"https:\/\/portaldaeducacao.sescrio.org.br\/publicacoes\/guia-antirracista\/\">https:\/\/portaldaeducacao.sescrio.org.br\/publicacoes\/guia-antirracista\/<\/a> &#8211; SESC Rio<\/li>\n<li><a href=\"https:\/\/wp.ufpel.edu.br\/danca\/files\/2025\/06\/Cartilha-contra-termos-racistas.pdf\">Cartilha-contra-termos-racistas<\/a><\/li>\n<\/ul>\n<\/li>\n<li>GUIA LGBTQIA+ 3. EDI\u00c7\u00c3O Minist\u00e9rio P\u00fablico do Estado do Cear\u00e1\n<ul>\n<li><a href=\"https:\/\/mpce.mp.br\/wp-content\/uploads\/2023\/06\/Guia-LGBTQIA_3edicao-_FINAL_PDF-4X_.pdf\">https:\/\/mpce.mp.br\/wp-content\/uploads\/2023\/06\/Guia-LGBTQIA_3edicao-_FINAL_PDF-4X_.pdf\u00a0<\/a><\/li>\n<\/ul>\n<\/li>\n<li>SEXISMO\n<ul>\n<li><a href=\"https:\/\/wp.ufpel.edu.br\/danca\/files\/2025\/06\/Manual-para-uso-na\u0303o-sexista-da-linguagem.pdf\">Manual para uso na\u0303o sexista da linguagem<\/a><\/li>\n<\/ul>\n<\/li>\n<li>GUIA ANTIETARISMO\n<ul>\n<li><a href=\"https:\/\/cucasconteudo.com.br\/site-2022\/wp-content\/uploads\/2024\/02\/CU-EB-Manual-Antietarismo-150224.pdf\">https:\/\/cucasconteudo.com.br\/site-2022\/wp-content\/uploads\/2024\/02\/CU-EB-Manual-Antietarismo-150224.pdf<\/a><\/li>\n<\/ul>\n<\/li>\n<li>\u00a0UNESCO\n<ul>\n<li><a href=\"https:\/\/unesdoc.unesco.org\/ark:\/48223\/pf0000143241\/PDF\/143241por.pdf.multi\">https:\/\/unesdoc.unesco.org\/ark:\/48223\/pf0000143241\/PDF\/143241por.pdf.multi<\/a><\/li>\n<\/ul>\n<\/li>\n<li>UNESP\n<ul>\n<li><a href=\"https:\/\/acervodigital.unesp.br\/bitstream\/unesp\/155243\/3\/unesp-nead_reei1_ee_d01_s02_texto01.pdf\">https:\/\/acervodigital.unesp.br\/bitstream\/unesp\/155243\/3\/unesp-nead_reei1_ee_d01_s02_texto01.pdf<\/a><\/li>\n<\/ul>\n<\/li>\n<li>Museu da Diversidade Sexual\n<ul>\n<li><a href=\"https:\/\/www.museudadiversidadesexual.org.br\/educacao-para-a-diversidade\">https:\/\/www.museudadiversidadesexual.org.br\/educacao-para-a-diversidade<\/a><\/li>\n<\/ul>\n<\/li>\n<li>Governo do Cear\u00e1\n<ul>\n<li><a href=\"https:\/\/www.seduc.ce.gov.br\/wp-content\/uploads\/sites\/37\/2022\/11\/orientacoes_erer.pdf\">https:\/\/www.seduc.ce.gov.br\/wp-content\/uploads\/sites\/37\/2022\/11\/orientacoes_erer.pdf<\/a><\/li>\n<\/ul>\n<\/li>\n<li>Funda\u00e7\u00e3o Palmares\n<ul>\n<li><a href=\"https:\/\/www.instagram.com\/fundacaopalmares\/\">https:\/\/www.instagram.com\/fundacaopalmares\/<\/a><\/li>\n<\/ul>\n<\/li>\n<li>SAE digital\n<ul>\n<li><a href=\"https:\/\/sae.digital\/diversidade-na-educacao\/\">https:\/\/sae.digital\/diversidade-na-educacao\/<\/a><\/li>\n<\/ul>\n<\/li>\n<\/ul>\n<p>&nbsp;<\/p>\n<p>V\u00eddeos<\/p>\n<ul>\n<li>Diversity and Inclusion: &#8211; <a href=\"https:\/\/www.youtube.com\/watch?v=mzu3ira61k8\">https:\/\/www.youtube.com\/watch?v=mzu3ira61k8<\/a><\/li>\n<li>We Are All Different &#8211; <a href=\"https:\/\/www.youtube.com\/watch?v=sQuM5e0QGLg\">https:\/\/www.youtube.com\/watch?v=sQuM5e0QGLg<\/a><\/li>\n<\/ul>\n","protected":false},"excerpt":{"rendered":"<p>O objetivo deste menu no nosso site \u00e9 disseminar metodologias educacionais para a inser\u00e7\u00e3o dos temas da diversidade no cotidiano das salas de aula. &nbsp; Na UFPel PROAFE &#8211; Pr\u00f3-Reitoria de A\u00e7\u00f5es Afirmativas e Equidade https:\/\/www.instagram.com\/proafe_ufpel\/ COACE &#8211; NAI agora \u00e9 Coordena\u00e7\u00e3o de acessibilidade https:\/\/www.instagram.com\/coaceufpel\/ CORDIGEN &#8211; Coordena\u00e7\u00e3o de Rela\u00e7\u00f5es \u00c9tnico-Raciais https:\/\/www.instagram.com\/cordigen_relacoesetnicoraciais\/ Ciclo Permanente de [&hellip;]<\/p>\n","protected":false},"author":334,"featured_media":0,"parent":0,"menu_order":7,"comment_status":"closed","ping_status":"closed","template":"","meta":{"footnotes":""},"class_list":["post-2974","page","type-page","status-publish","hentry"],"jetpack_sharing_enabled":true,"_links":{"self":[{"href":"https:\/\/wp.ufpel.edu.br\/danca\/wp-json\/wp\/v2\/pages\/2974","targetHints":{"allow":["GET"]}}],"collection":[{"href":"https:\/\/wp.ufpel.edu.br\/danca\/wp-json\/wp\/v2\/pages"}],"about":[{"href":"https:\/\/wp.ufpel.edu.br\/danca\/wp-json\/wp\/v2\/types\/page"}],"author":[{"embeddable":true,"href":"https:\/\/wp.ufpel.edu.br\/danca\/wp-json\/wp\/v2\/users\/334"}],"replies":[{"embeddable":true,"href":"https:\/\/wp.ufpel.edu.br\/danca\/wp-json\/wp\/v2\/comments?post=2974"}],"version-history":[{"count":4,"href":"https:\/\/wp.ufpel.edu.br\/danca\/wp-json\/wp\/v2\/pages\/2974\/revisions"}],"predecessor-version":[{"id":3153,"href":"https:\/\/wp.ufpel.edu.br\/danca\/wp-json\/wp\/v2\/pages\/2974\/revisions\/3153"}],"wp:attachment":[{"href":"https:\/\/wp.ufpel.edu.br\/danca\/wp-json\/wp\/v2\/media?parent=2974"}],"curies":[{"name":"wp","href":"https:\/\/api.w.org\/{rel}","templated":true}]}}

Educação para Diversidade

<p>O objetivo deste menu no nosso site é disseminar metodologias educacionais para a inserção dos temas da diversidade no cotidiano das salas de aula.</p>
<p>&nbsp;</p>
<p><strong>Na UFPel</strong></p>
<p>PROAFE &#8211; Pró-Reitoria de Ações Afirmativas e Equidade<br />
<a href="https://www.instagram.com/proafe_ufpel/">https://www.instagram.com/proafe_ufpel/</a></p>
<p>COACE &#8211; NAI agora é Coordenação de acessibilidade<br />
<a href="https://www.instagram.com/coaceufpel/">https://www.instagram.com/coaceufpel/</a></p>
<p>CORDIGEN &#8211; Coordenação de Relações Étnico-Raciais<br />
<a href="https://www.instagram.com/cordigen_relacoesetnicoraciais/">https://www.instagram.com/cordigen_relacoesetnicoraciais/</a></p>
<p>Ciclo Permanente de Atividades de Educação Antirracista<br />
<a href="https://wp.ufpel.edu.br/ciclo/">https://wp.ufpel.edu.br/ciclo/</a></p>
<p>Ouvidoria UFPel<br />
<a href="https://wp.ufpel.edu.br/ouvidoria/">https://wp.ufpel.edu.br/ouvidoria/</a></p>
<p>Pró-Reitoria de Assuntos Estudantis<br />
Uma Pró-Reitoria de Assuntos Estudantis antirracista para todes!<br />
<a href="https://wp.ufpel.edu.br/prae/">https://wp.ufpel.edu.br/prae/</a></p>
<p><strong>Links externos com materiais didáticos e cursos</strong></p>
<ul>
<li>MEC &#8211; Ministério da Educação
<ul>
<li><a href="https://portal.mec.gov.br/rede-de-educacao-para-a-diversidade">https://portal.mec.gov.br/rede-de-educacao-para-a-diversidade</a></li>
<li><a href="https://portal.mec.gov.br/dmdocuments/orientacoes_etnicoraciais.pdf">https://portal.mec.gov.br/dmdocuments/orientacoes_etnicoraciais.pdf</a></li>
<li><a href="https://www.gov.br/mec/pt-br/assuntos/noticias/2024/novembro/conheca-a-historia-da-educacao-para-relacoes-etnico-raciais-no-brasil">https://www.gov.br/mec/pt-br/assuntos/noticias/2024/novembro/conheca-a-historia-da-educacao-para-relacoes-etnico-raciais-no-brasil</a></li>
<li><a href="https://portal.mec.gov.br/seesp/arquivos/pdf/educarnadiversidade2006.pdf">https://portal.mec.gov.br/seesp/arquivos/pdf/educarnadiversidade2006.pdf</a></li>
</ul>
</li>
<li>GUIA ANTICAPACITISTA Comitê Local de Acessibilidade e Inclusão do TCE-PI
<ul>
<li><a href="https://www.tcepi.tc.br/wp-content/uploads/2025/01/LN-Guia-Anticapacitista.pdf">https://www.tcepi.tc.br/wp-content/uploads/2025/01/LN-Guia-Anticapacitista.pdf</a></li>
</ul>
</li>
<li>CARTILHA GEPAI UFPel
<ul>
<li><a href="https://wp.ufpel.edu.br/danca/files/2025/06/Cartilha-digital-GEPAI.pdf">Cartilha digital &#8211; GEPAI </a>Tenho um(a) aluno(a) com autismo: e agora?</li>
</ul>
</li>
<li>GUIA ANTIRACISTA
<ul>
<li><a href="https://portaldaeducacao.sescrio.org.br/publicacoes/guia-antirracista/">https://portaldaeducacao.sescrio.org.br/publicacoes/guia-antirracista/</a> &#8211; SESC Rio</li>
<li><a href="https://wp.ufpel.edu.br/danca/files/2025/06/Cartilha-contra-termos-racistas.pdf">Cartilha-contra-termos-racistas</a></li>
</ul>
</li>
<li>GUIA LGBTQIA+ 3. EDIÇÃO Ministério Público do Estado do Ceará
<ul>
<li><a href="https://mpce.mp.br/wp-content/uploads/2023/06/Guia-LGBTQIA_3edicao-_FINAL_PDF-4X_.pdf">https://mpce.mp.br/wp-content/uploads/2023/06/Guia-LGBTQIA_3edicao-_FINAL_PDF-4X_.pdf </a></li>
</ul>
</li>
<li>SEXISMO
<ul>
<li><a href="https://wp.ufpel.edu.br/danca/files/2025/06/Manual-para-uso-não-sexista-da-linguagem.pdf">Manual para uso não sexista da linguagem</a></li>
</ul>
</li>
<li>GUIA ANTIETARISMO
<ul>
<li><a href="https://cucasconteudo.com.br/site-2022/wp-content/uploads/2024/02/CU-EB-Manual-Antietarismo-150224.pdf">https://cucasconteudo.com.br/site-2022/wp-content/uploads/2024/02/CU-EB-Manual-Antietarismo-150224.pdf</a></li>
</ul>
</li>
<li> UNESCO
<ul>
<li><a href="https://unesdoc.unesco.org/ark:/48223/pf0000143241/PDF/143241por.pdf.multi">https://unesdoc.unesco.org/ark:/48223/pf0000143241/PDF/143241por.pdf.multi</a></li>
</ul>
</li>
<li>UNESP
<ul>
<li><a href="https://acervodigital.unesp.br/bitstream/unesp/155243/3/unesp-nead_reei1_ee_d01_s02_texto01.pdf">https://acervodigital.unesp.br/bitstream/unesp/155243/3/unesp-nead_reei1_ee_d01_s02_texto01.pdf</a></li>
</ul>
</li>
<li>Museu da Diversidade Sexual
<ul>
<li><a href="https://www.museudadiversidadesexual.org.br/educacao-para-a-diversidade">https://www.museudadiversidadesexual.org.br/educacao-para-a-diversidade</a></li>
</ul>
</li>
<li>Governo do Ceará
<ul>
<li><a href="https://www.seduc.ce.gov.br/wp-content/uploads/sites/37/2022/11/orientacoes_erer.pdf">https://www.seduc.ce.gov.br/wp-content/uploads/sites/37/2022/11/orientacoes_erer.pdf</a></li>
</ul>
</li>
<li>Fundação Palmares
<ul>
<li><a href="https://www.instagram.com/fundacaopalmares/">https://www.instagram.com/fundacaopalmares/</a></li>
</ul>
</li>
<li>SAE digital
<ul>
<li><a href="https://sae.digital/diversidade-na-educacao/">https://sae.digital/diversidade-na-educacao/</a></li>
</ul>
</li>
</ul>
<p>&nbsp;</p>
<p>Vídeos</p>
<ul>
<li>Diversity and Inclusion: &#8211; <a href="https://www.youtube.com/watch?v=mzu3ira61k8">https://www.youtube.com/watch?v=mzu3ira61k8</a></li>
<li>We Are All Different &#8211; <a href="https://www.youtube.com/watch?v=sQuM5e0QGLg">https://www.youtube.com/watch?v=sQuM5e0QGLg</a></li>
</ul>

<p>O objetivo deste menu no nosso site é disseminar metodologias educacionais para a inserção dos temas da diversidade no cotidiano das salas de aula. &nbsp; Na UFPel PROAFE &#8211; Pró-Reitoria de Ações Afirmativas e Equidade https://www.instagram.com/proafe_ufpel/ COACE &#8211; NAI agora é Coordenação de acessibilidade https://www.instagram.com/coaceufpel/ CORDIGEN &#8211; Coordenação de Relações Étnico-Raciais https://www.instagram.com/cordigen_relacoesetnicoraciais/ Ciclo Permanente de [&hellip;]</p>
