{"id":2919,"date":"2025-05-12T09:24:43","date_gmt":"2025-05-12T12:24:43","guid":{"rendered":"https:\/\/wp.ufpel.edu.br\/danca\/?page_id=2919"},"modified":"2025-05-12T09:24:53","modified_gmt":"2025-05-12T12:24:53","slug":"ingresso-vestibular","status":"publish","type":"page","link":"https:\/\/wp.ufpel.edu.br\/danca\/curso\/ingresso-vestibular\/","title":{"rendered":"Ingresso &#8211; Vestibular"},"content":{"rendered":"<blockquote class=\"wp-embedded-content\" data-secret=\"HA03yZeq1r\"><p><a href=\"https:\/\/wp.ufpel.edu.br\/cra\/formas-de-ingresso\/\">Formas de ingresso<\/a><\/p><\/blockquote>\n<p><iframe class=\"wp-embedded-content\" sandbox=\"allow-scripts\" security=\"restricted\" style=\"position: absolute; visibility: hidden;\" title=\"&#8220;Formas de ingresso&#8221; &#8212; Coordena\u00e7\u00e3o de Registros Acad\u00eamicos\" src=\"https:\/\/wp.ufpel.edu.br\/cra\/formas-de-ingresso\/embed\/#?secret=7NkDiiOYre#?secret=HA03yZeq1r\" data-secret=\"HA03yZeq1r\" width=\"500\" height=\"282\" frameborder=\"0\" marginwidth=\"0\" marginheight=\"0\" scrolling=\"no\"><\/iframe><\/p>\n","protected":false},"excerpt":{"rendered":"<p>Formas de ingresso<\/p>\n","protected":false},"author":334,"featured_media":0,"parent":2,"menu_order":-1,"comment_status":"closed","ping_status":"closed","template":"","meta":{"footnotes":""},"class_list":["post-2919","page","type-page","status-publish","hentry"],"jetpack_sharing_enabled":true,"_links":{"self":[{"href":"https:\/\/wp.ufpel.edu.br\/danca\/wp-json\/wp\/v2\/pages\/2919","targetHints":{"allow":["GET"]}}],"collection":[{"href":"https:\/\/wp.ufpel.edu.br\/danca\/wp-json\/wp\/v2\/pages"}],"about":[{"href":"https:\/\/wp.ufpel.edu.br\/danca\/wp-json\/wp\/v2\/types\/page"}],"author":[{"embeddable":true,"href":"https:\/\/wp.ufpel.edu.br\/danca\/wp-json\/wp\/v2\/users\/334"}],"replies":[{"embeddable":true,"href":"https:\/\/wp.ufpel.edu.br\/danca\/wp-json\/wp\/v2\/comments?post=2919"}],"version-history":[{"count":1,"href":"https:\/\/wp.ufpel.edu.br\/danca\/wp-json\/wp\/v2\/pages\/2919\/revisions"}],"predecessor-version":[{"id":2921,"href":"https:\/\/wp.ufpel.edu.br\/danca\/wp-json\/wp\/v2\/pages\/2919\/revisions\/2921"}],"up":[{"embeddable":true,"href":"https:\/\/wp.ufpel.edu.br\/danca\/wp-json\/wp\/v2\/pages\/2"}],"wp:attachment":[{"href":"https:\/\/wp.ufpel.edu.br\/danca\/wp-json\/wp\/v2\/media?parent=2919"}],"curies":[{"name":"wp","href":"https:\/\/api.w.org\/{rel}","templated":true}]}}