{"id":41,"date":"2016-08-15T21:52:41","date_gmt":"2016-08-16T00:52:41","guid":{"rendered":"https:\/\/wp.ufpel.edu.br\/daka\/?page_id=41"},"modified":"2025-04-04T14:02:04","modified_gmt":"2025-04-04T17:02:04","slug":"sobre","status":"publish","type":"page","link":"https:\/\/wp.ufpel.edu.br\/daka\/sobre\/","title":{"rendered":"Sobre"},"content":{"rendered":"<p style=\"text-align: justify;\">Fundado em 15 de maio de 2009, o Diret\u00f3rio Acad\u00eamico Karen Adami \u00e9 uma associa\u00e7\u00e3o civil sem fins lucrativos, que tem por finalidade representar e congregar todos os estudantes matriculados no curso de Engenharia de Petr\u00f3leo da UFPel, protegendo seus direitos no \u00e2mbito estudantil. Sempre baseado no respeito aos direitos civis, pol\u00edticos, culturais, econ\u00f4micos e sociais da pessoa humana, o DAKA repudia a\u00e7\u00f5es que diferem da realiza\u00e7\u00e3o de uma sociedade igualit\u00e1ria, democr\u00e1tica e de cunho humanit\u00e1rio, de modo a contribuir com a garantia do ensino p\u00fablico gratuito e de qualidade, zelando pela sua vincula\u00e7\u00e3o \u00e0 realidade social.<\/p>\n<blockquote>\n<h3><strong>Especializa\u00e7\u00f5es:<\/strong><\/h3>\n<\/blockquote>\n<p>Engenharia de Petr\u00f3leo;<\/p>\n<p>Representa\u00e7\u00e3o Estudantil;<\/p>\n<p>Organiza\u00e7\u00e3o de eventos e atividades acad\u00eamicas;<\/p>\n<p>Integra\u00e7\u00e3o dos estudantes;<\/p>\n<p>Suporte ao corpo discente;<\/p>\n<p>Defesa dos direitos estudantis e Participa\u00e7\u00e3o em debates e discuss\u00f5es acad\u00eamicas;<\/p>\n<blockquote><p><strong>Redes Sociais:<\/strong><\/p><\/blockquote>\n<p>Instagram: <a href=\"https:\/\/www.instagram.com\/daka_ufpel\/\">Clique Aqui<\/a>.<\/p>\n<p>LinkedIn: <a href=\"https:\/\/br.linkedin.com\/company\/diret\u00f3rio-acad\u00eamico-karen-adami\">Clique Aqui.<\/a><\/p>\n<p>Youtube: <a href=\"https:\/\/www.youtube.com\/@DAKA-UFPEL\">Clique Aqui.<\/a><\/p>\n<p>&nbsp;<\/p>\n<p><a href=\"https:\/\/drive.google.com\/open?id=0ByiQshcjKPrTazdIVWEwcUJkVTQ&amp;authuser=0\">Estatuto do Diret\u00f3rio Acad\u00eamico.<\/a><\/p>\n<p>&nbsp;<\/p>\n","protected":false},"excerpt":{"rendered":"<p>Fundado em 15 de maio de 2009, o Diret\u00f3rio Acad\u00eamico Karen Adami \u00e9 uma associa\u00e7\u00e3o civil sem fins lucrativos, que tem por finalidade representar e congregar todos os estudantes matriculados no curso de Engenharia de Petr\u00f3leo da UFPel, protegendo seus direitos no \u00e2mbito estudantil. Sempre baseado no respeito aos direitos civis, pol\u00edticos, culturais, econ\u00f4micos e [&hellip;]<\/p>\n","protected":false},"author":676,"featured_media":0,"parent":0,"menu_order":0,"comment_status":"closed","ping_status":"closed","template":"","meta":{"jetpack_post_was_ever_published":false,"footnotes":""},"class_list":["post-41","page","type-page","status-publish","hentry"],"jetpack_sharing_enabled":true,"jetpack_shortlink":"https:\/\/wp.me\/P9eqIu-F","jetpack_likes_enabled":true,"jetpack-related-posts":[],"_links":{"self":[{"href":"https:\/\/wp.ufpel.edu.br\/daka\/wp-json\/wp\/v2\/pages\/41","targetHints":{"allow":["GET"]}}],"collection":[{"href":"https:\/\/wp.ufpel.edu.br\/daka\/wp-json\/wp\/v2\/pages"}],"about":[{"href":"https:\/\/wp.ufpel.edu.br\/daka\/wp-json\/wp\/v2\/types\/page"}],"author":[{"embeddable":true,"href":"https:\/\/wp.ufpel.edu.br\/daka\/wp-json\/wp\/v2\/users\/676"}],"replies":[{"embeddable":true,"href":"https:\/\/wp.ufpel.edu.br\/daka\/wp-json\/wp\/v2\/comments?post=41"}],"version-history":[{"count":7,"href":"https:\/\/wp.ufpel.edu.br\/daka\/wp-json\/wp\/v2\/pages\/41\/revisions"}],"predecessor-version":[{"id":1122,"href":"https:\/\/wp.ufpel.edu.br\/daka\/wp-json\/wp\/v2\/pages\/41\/revisions\/1122"}],"wp:attachment":[{"href":"https:\/\/wp.ufpel.edu.br\/daka\/wp-json\/wp\/v2\/media?parent=41"}],"curies":[{"name":"wp","href":"https:\/\/api.w.org\/{rel}","templated":true}]}}