{"id":215,"date":"2017-10-01T11:26:29","date_gmt":"2017-10-01T14:26:29","guid":{"rendered":"https:\/\/wp.ufpel.edu.br\/daka\/?page_id=215"},"modified":"2023-07-27T23:19:26","modified_gmt":"2023-07-28T02:19:26","slug":"grade","status":"publish","type":"page","link":"https:\/\/wp.ufpel.edu.br\/daka\/grade\/","title":{"rendered":"Grade"},"content":{"rendered":"<h2><strong>Grade curricular para ingressantes at\u00e9 2021:<\/strong><\/h2>\n<p><img src=\"https:\/\/i0.wp.com\/wp.ufpel.edu.br\/engenhariadepetroleo\/files\/2020\/09\/Grade-PPC.png?resize=1205%2C867&amp;ssl=1\" \/><\/p>\n<p><a href=\"https:\/\/wp.ufpel.edu.br\/engenhariadepetroleo\/files\/2020\/09\/UFPel-PPC-Engenharia-de-Petroleo-2019-2-Versao-Final.pdf\">PPC &#8211; Grade Curricular P\u00e1g.27<\/a><\/p>\n<p><a href=\"https:\/\/wp.ufpel.edu.br\/engenhariadepetroleo\/grade-curricular-e-pre-requisitos\/\">Grade Curricular e Pr\u00e9-requisitos<\/a><\/p>\n<p><a href=\"https:\/\/wp.ufpel.edu.br\/engenhariadepetroleo\/files\/2023\/03\/Atividades-complementares.pdf\">Tabela &#8211; Atividades Complementares<\/a><\/p>\n<p>&nbsp;<\/p>\n<h2><strong>Grade curricular para ingressantes at\u00e9 2023:<\/strong><\/h2>\n<p><a href=\"https:\/\/wp.ufpel.edu.br\/engenhariadepetroleo\/files\/2022\/11\/Grade-Curricular.pdf\">Grade Curricular<\/a><\/p>\n<p><a href=\"https:\/\/wp.ufpel.edu.br\/engenhariadepetroleo\/files\/2023\/04\/PPC_Engenharia_de_Petroleo___versao_2022_1___Versao_Final_com_codigos_das_disciplinas.pdf\">PPC &#8211; Grade Curricular P\u00e1g. 45<\/a><\/p>\n<p><a href=\"https:\/\/wp.ufpel.edu.br\/engenhariadepetroleo\/files\/2023\/04\/2022-1-curriculo_curso_Engenharia-de-Petroleo.pdf\">Grade Curricular e Pr\u00e9-requisito<\/a><\/p>\n<p><a href=\"https:\/\/wp.ufpel.edu.br\/engenhariadepetroleo\/files\/2023\/03\/Atividades-complementares-2021.pdf\">Tabela &#8211; Atividades Complementares<\/a><\/p>\n<p>&nbsp;<\/p>\n","protected":false},"excerpt":{"rendered":"<p>Grade curricular para ingressantes at\u00e9 2021: PPC &#8211; Grade Curricular P\u00e1g.27 Grade Curricular e Pr\u00e9-requisitos Tabela &#8211; Atividades Complementares &nbsp; Grade curricular para ingressantes at\u00e9 2023: Grade Curricular PPC &#8211; Grade Curricular P\u00e1g. 45 Grade Curricular e Pr\u00e9-requisito Tabela &#8211; Atividades Complementares &nbsp;<\/p>\n","protected":false},"author":676,"featured_media":0,"parent":0,"menu_order":0,"comment_status":"closed","ping_status":"closed","template":"","meta":{"jetpack_post_was_ever_published":false,"footnotes":""},"class_list":["post-215","page","type-page","status-publish","hentry"],"jetpack_sharing_enabled":true,"jetpack_shortlink":"https:\/\/wp.me\/P9eqIu-3t","jetpack_likes_enabled":true,"jetpack-related-posts":[],"_links":{"self":[{"href":"https:\/\/wp.ufpel.edu.br\/daka\/wp-json\/wp\/v2\/pages\/215","targetHints":{"allow":["GET"]}}],"collection":[{"href":"https:\/\/wp.ufpel.edu.br\/daka\/wp-json\/wp\/v2\/pages"}],"about":[{"href":"https:\/\/wp.ufpel.edu.br\/daka\/wp-json\/wp\/v2\/types\/page"}],"author":[{"embeddable":true,"href":"https:\/\/wp.ufpel.edu.br\/daka\/wp-json\/wp\/v2\/users\/676"}],"replies":[{"embeddable":true,"href":"https:\/\/wp.ufpel.edu.br\/daka\/wp-json\/wp\/v2\/comments?post=215"}],"version-history":[{"count":4,"href":"https:\/\/wp.ufpel.edu.br\/daka\/wp-json\/wp\/v2\/pages\/215\/revisions"}],"predecessor-version":[{"id":614,"href":"https:\/\/wp.ufpel.edu.br\/daka\/wp-json\/wp\/v2\/pages\/215\/revisions\/614"}],"wp:attachment":[{"href":"https:\/\/wp.ufpel.edu.br\/daka\/wp-json\/wp\/v2\/media?parent=215"}],"curies":[{"name":"wp","href":"https:\/\/api.w.org\/{rel}","templated":true}]}}