{"id":50,"date":"2020-07-14T15:21:30","date_gmt":"2020-07-14T18:21:30","guid":{"rendered":"https:\/\/wp.ufpel.edu.br\/daeh\/?page_id=50"},"modified":"2025-06-09T09:51:44","modified_gmt":"2025-06-09T12:51:44","slug":"coordenadoria-de-comunicacao","status":"publish","type":"page","link":"https:\/\/wp.ufpel.edu.br\/daeh\/cordenadorias\/coordenadoria-de-comunicacao\/","title":{"rendered":"Coordenadoria de Comunica\u00e7\u00e3o"},"content":{"rendered":"<p>Essa coordenadoria fica respons\u00e1vel pela publicidade do DAEH, informar sobre as atividades que est\u00e3o sendo realizadas pelo Diret\u00f3rio e cuidar de jornais e circulares dentro do curso.<\/p>\n","protected":false},"excerpt":{"rendered":"<p>Essa coordenadoria fica respons\u00e1vel pela publicidade do DAEH, informar sobre as atividades que est\u00e3o sendo realizadas pelo Diret\u00f3rio e cuidar de jornais e circulares dentro do curso.<\/p>\n","protected":false},"author":1041,"featured_media":0,"parent":32,"menu_order":0,"comment_status":"closed","ping_status":"closed","template":"","meta":{"footnotes":""},"class_list":["post-50","page","type-page","status-publish","hentry"],"_links":{"self":[{"href":"https:\/\/wp.ufpel.edu.br\/daeh\/wp-json\/wp\/v2\/pages\/50","targetHints":{"allow":["GET"]}}],"collection":[{"href":"https:\/\/wp.ufpel.edu.br\/daeh\/wp-json\/wp\/v2\/pages"}],"about":[{"href":"https:\/\/wp.ufpel.edu.br\/daeh\/wp-json\/wp\/v2\/types\/page"}],"author":[{"embeddable":true,"href":"https:\/\/wp.ufpel.edu.br\/daeh\/wp-json\/wp\/v2\/users\/1041"}],"replies":[{"embeddable":true,"href":"https:\/\/wp.ufpel.edu.br\/daeh\/wp-json\/wp\/v2\/comments?post=50"}],"version-history":[{"count":2,"href":"https:\/\/wp.ufpel.edu.br\/daeh\/wp-json\/wp\/v2\/pages\/50\/revisions"}],"predecessor-version":[{"id":266,"href":"https:\/\/wp.ufpel.edu.br\/daeh\/wp-json\/wp\/v2\/pages\/50\/revisions\/266"}],"up":[{"embeddable":true,"href":"https:\/\/wp.ufpel.edu.br\/daeh\/wp-json\/wp\/v2\/pages\/32"}],"wp:attachment":[{"href":"https:\/\/wp.ufpel.edu.br\/daeh\/wp-json\/wp\/v2\/media?parent=50"}],"curies":[{"name":"wp","href":"https:\/\/api.w.org\/{rel}","templated":true}]}}