{"id":54,"date":"2012-04-11T23:09:38","date_gmt":"2012-04-12T02:09:38","guid":{"rendered":"https:\/\/wp.ufpel.edu.br\/daeca\/"},"modified":"2012-04-11T23:09:38","modified_gmt":"2012-04-12T02:09:38","slug":"infraestrutura","status":"publish","type":"page","link":"https:\/\/wp.ufpel.edu.br\/daeca\/o-curso\/infraestrutura\/","title":{"rendered":"Infraestrutura"},"content":{"rendered":"<p>O curso de Engenharia de Controle e Automa\u00e7\u00e3o conta hoje com 3 laborat\u00f3rios, eles s\u00e3o:<\/p>\n<p><strong>&#8211; Laborat\u00f3rio de Eletr\u00f4nica Anal\u00f3gica;<\/strong><\/p>\n<p><strong>&#8211; Laborat\u00f3rio de Eletr\u00f4nica Digital;<\/strong><\/p>\n<p><strong>&#8211; Laborat\u00f3rio de Sistemas de Controle;<\/strong><\/p>\n","protected":false},"excerpt":{"rendered":"<p>O curso de Engenharia de Controle e Automa\u00e7\u00e3o conta hoje com 3 laborat\u00f3rios, eles s\u00e3o: &#8211; Laborat\u00f3rio de Eletr\u00f4nica Anal\u00f3gica; &#8211; Laborat\u00f3rio de Eletr\u00f4nica Digital; &#8211; Laborat\u00f3rio de Sistemas de Controle;<\/p>\n","protected":false},"author":172,"featured_media":0,"parent":47,"menu_order":0,"comment_status":"closed","ping_status":"closed","template":"","meta":{"footnotes":""},"class_list":["post-54","page","type-page","status-publish","hentry"],"_links":{"self":[{"href":"https:\/\/wp.ufpel.edu.br\/daeca\/wp-json\/wp\/v2\/pages\/54","targetHints":{"allow":["GET"]}}],"collection":[{"href":"https:\/\/wp.ufpel.edu.br\/daeca\/wp-json\/wp\/v2\/pages"}],"about":[{"href":"https:\/\/wp.ufpel.edu.br\/daeca\/wp-json\/wp\/v2\/types\/page"}],"author":[{"embeddable":true,"href":"https:\/\/wp.ufpel.edu.br\/daeca\/wp-json\/wp\/v2\/users\/172"}],"replies":[{"embeddable":true,"href":"https:\/\/wp.ufpel.edu.br\/daeca\/wp-json\/wp\/v2\/comments?post=54"}],"version-history":[{"count":2,"href":"https:\/\/wp.ufpel.edu.br\/daeca\/wp-json\/wp\/v2\/pages\/54\/revisions"}],"predecessor-version":[{"id":56,"href":"https:\/\/wp.ufpel.edu.br\/daeca\/wp-json\/wp\/v2\/pages\/54\/revisions\/56"}],"up":[{"embeddable":true,"href":"https:\/\/wp.ufpel.edu.br\/daeca\/wp-json\/wp\/v2\/pages\/47"}],"wp:attachment":[{"href":"https:\/\/wp.ufpel.edu.br\/daeca\/wp-json\/wp\/v2\/media?parent=54"}],"curies":[{"name":"wp","href":"https:\/\/api.w.org\/{rel}","templated":true}]}}