{"id":486,"date":"2020-03-23T14:18:21","date_gmt":"2020-03-23T17:18:21","guid":{"rendered":"https:\/\/wp.ufpel.edu.br\/cursosdelinguas\/?page_id=486"},"modified":"2025-11-04T16:15:32","modified_gmt":"2025-11-04T19:15:32","slug":"historia","status":"publish","type":"page","link":"https:\/\/wp.ufpel.edu.br\/cursosdelinguas\/historia\/","title":{"rendered":"Hist\u00f3rico dos Cursos de L\u00ednguas"},"content":{"rendered":"<p style=\"text-align: justify;\">O projeto Cursos de L\u00ednguas da UFPel foi criado em 1970. No in\u00edcio, as aulas eram ministradas por professores formados. Havia cursos de alem\u00e3o, ingl\u00eas, franc\u00eas, portugu\u00eas, latim e grego. Al\u00e9m disso, o projeto oferecia cursos para professores estaduais e municipais e cursos de leitura em l\u00edngua estrangeira para alunos da Universidade.<\/p>\n<p style=\"text-align: justify;\">Em 1980, os alunos das licenciaturas em Letras da UFPel passaram a ser os ministrantes dos cursos. Dessa forma, o projeto pode proporcionar cursos de l\u00ednguas \u00e0 comunidade em geral de uma forma mais acess\u00edvel e, ao mesmo tempo, contribuir para a forma\u00e7\u00e3o dos estudantes de Letras da Universidade. Em 2016, foi criado um grande projeto, unificando todos os cursos de l\u00ednguas. O projeto Cursos de L\u00ednguas foi um dos projetos piloto a serem cadastrados no novo m\u00f3dulo de projetos unificados do Cobalto.<\/p>\n<p style=\"text-align: justify;\">Atualmente, os alunos podem estudar alem\u00e3o, espanhol, franc\u00eas e ingl\u00eas, contribuindo somente com uma taxa semestral de valor simb\u00f3lico. Os cursos oferecidos s\u00e3o divididos em quatro n\u00edveis, que podem ser cursados em sequ\u00eancia a cada semestre letivo. Ao t\u00e9rmino de cada semestre, os alunos aprovados s\u00e3o certificados do n\u00edvel de conhecimento.<\/p>\n<div style=\"width: 720px;\" class=\"wp-video\"><video class=\"wp-video-shortcode\" id=\"video-486-1\" width=\"720\" height=\"405\" preload=\"metadata\" controls=\"controls\"><source type=\"video\/mp4\" src=\"https:\/\/wp.ufpel.edu.br\/clc\/files\/2019\/11\/VIDEO-REPORTAGEM-CURSOS-EM-PAUTA-NOV-19.mp4?_=1\" \/><a href=\"https:\/\/wp.ufpel.edu.br\/clc\/files\/2019\/11\/VIDEO-REPORTAGEM-CURSOS-EM-PAUTA-NOV-19.mp4\">https:\/\/wp.ufpel.edu.br\/clc\/files\/2019\/11\/VIDEO-REPORTAGEM-CURSOS-EM-PAUTA-NOV-19.mp4<\/a><\/video><\/div>\n<p style=\"text-align: justify;\"><strong>ERRATA 1:<\/strong> os cursos de l\u00ednguas t\u00eam uma taxa semestral (a definir no edital). O CLC tamb\u00e9m oferece Portugu\u00eas para Estrangeiros, este gratuito.<br \/>\n<strong>ERRATA 2:<\/strong> a hist\u00f3ria dos cursos come\u00e7ou j\u00e1 na d\u00e9cada de 1970, com os professores dando as aulas, e n\u00e3o em 1990. Eram cursos de alem\u00e3o, ingl\u00eas, franc\u00eas, portugu\u00eas, latim, grego, cursos para professores estaduais e municipais e cursos de l\u00edngua instrumental pra alunos da Universidade. Na d\u00e9cada de 1980, j\u00e1 eram os alunos os ministrantes.<\/p>\n<p style=\"text-align: justify;\">Reportagem do Em Pauta TV &#8211; UFPel.<\/p>\n<p>&nbsp;<\/p>\n","protected":false},"excerpt":{"rendered":"<p>O projeto Cursos de L\u00ednguas da UFPel foi criado em 1970. No in\u00edcio, as aulas eram ministradas por professores formados. Havia cursos de alem\u00e3o, ingl\u00eas, franc\u00eas, portugu\u00eas, latim e grego. Al\u00e9m disso, o projeto oferecia [&hellip;]<\/p>\n","protected":false},"author":857,"featured_media":0,"parent":0,"menu_order":0,"comment_status":"closed","ping_status":"closed","template":"","meta":{"footnotes":""},"class_list":["post-486","page","type-page","status-publish","hentry","post"],"_links":{"self":[{"href":"https:\/\/wp.ufpel.edu.br\/cursosdelinguas\/wp-json\/wp\/v2\/pages\/486","targetHints":{"allow":["GET"]}}],"collection":[{"href":"https:\/\/wp.ufpel.edu.br\/cursosdelinguas\/wp-json\/wp\/v2\/pages"}],"about":[{"href":"https:\/\/wp.ufpel.edu.br\/cursosdelinguas\/wp-json\/wp\/v2\/types\/page"}],"author":[{"embeddable":true,"href":"https:\/\/wp.ufpel.edu.br\/cursosdelinguas\/wp-json\/wp\/v2\/users\/857"}],"replies":[{"embeddable":true,"href":"https:\/\/wp.ufpel.edu.br\/cursosdelinguas\/wp-json\/wp\/v2\/comments?post=486"}],"version-history":[{"count":3,"href":"https:\/\/wp.ufpel.edu.br\/cursosdelinguas\/wp-json\/wp\/v2\/pages\/486\/revisions"}],"predecessor-version":[{"id":718,"href":"https:\/\/wp.ufpel.edu.br\/cursosdelinguas\/wp-json\/wp\/v2\/pages\/486\/revisions\/718"}],"wp:attachment":[{"href":"https:\/\/wp.ufpel.edu.br\/cursosdelinguas\/wp-json\/wp\/v2\/media?parent=486"}],"curies":[{"name":"wp","href":"https:\/\/api.w.org\/{rel}","templated":true}]}}

Histórico dos Cursos de Línguas

<p style="text-align: justify;">O projeto Cursos de Línguas da UFPel foi criado em 1970. No início, as aulas eram ministradas por professores formados. Havia cursos de alemão, inglês, francês, português, latim e grego. Além disso, o projeto oferecia cursos para professores estaduais e municipais e cursos de leitura em língua estrangeira para alunos da Universidade.</p>
<p style="text-align: justify;">Em 1980, os alunos das licenciaturas em Letras da UFPel passaram a ser os ministrantes dos cursos. Dessa forma, o projeto pode proporcionar cursos de línguas à comunidade em geral de uma forma mais acessível e, ao mesmo tempo, contribuir para a formação dos estudantes de Letras da Universidade. Em 2016, foi criado um grande projeto, unificando todos os cursos de línguas. O projeto Cursos de Línguas foi um dos projetos piloto a serem cadastrados no novo módulo de projetos unificados do Cobalto.</p>
<p style="text-align: justify;">Atualmente, os alunos podem estudar alemão, espanhol, francês e inglês, contribuindo somente com uma taxa semestral de valor simbólico. Os cursos oferecidos são divididos em quatro níveis, que podem ser cursados em sequência a cada semestre letivo. Ao término de cada semestre, os alunos aprovados são certificados do nível de conhecimento.</p>
<div style="width: 720px;" class="wp-video"><video class="wp-video-shortcode" id="video-486-1" width="720" height="405" preload="metadata" controls="controls"><source type="video/mp4" src="https://wp.ufpel.edu.br/clc/files/2019/11/VIDEO-REPORTAGEM-CURSOS-EM-PAUTA-NOV-19.mp4?_=1" /><a href="https://wp.ufpel.edu.br/clc/files/2019/11/VIDEO-REPORTAGEM-CURSOS-EM-PAUTA-NOV-19.mp4">https://wp.ufpel.edu.br/clc/files/2019/11/VIDEO-REPORTAGEM-CURSOS-EM-PAUTA-NOV-19.mp4</a></video></div>
<p style="text-align: justify;"><strong>ERRATA 1:</strong> os cursos de línguas têm uma taxa semestral (a definir no edital). O CLC também oferece Português para Estrangeiros, este gratuito.<br />
<strong>ERRATA 2:</strong> a história dos cursos começou já na década de 1970, com os professores dando as aulas, e não em 1990. Eram cursos de alemão, inglês, francês, português, latim, grego, cursos para professores estaduais e municipais e cursos de língua instrumental pra alunos da Universidade. Na década de 1980, já eram os alunos os ministrantes.</p>
<p style="text-align: justify;">Reportagem do Em Pauta TV &#8211; UFPel.</p>
<p>&nbsp;</p>

<p>O projeto Cursos de Línguas da UFPel foi criado em 1970. No início, as aulas eram ministradas por professores formados. Havia cursos de alemão, inglês, francês, português, latim e grego. Além disso, o projeto oferecia [&hellip;]</p>
