{"id":121,"date":"2018-09-05T18:40:21","date_gmt":"2018-09-05T21:40:21","guid":{"rendered":"https:\/\/wp.ufpel.edu.br\/cursosdelinguas\/?page_id=121"},"modified":"2025-11-04T14:44:07","modified_gmt":"2025-11-04T17:44:07","slug":"rematriculas-a-partir-do-nivel-ii","status":"publish","type":"page","link":"https:\/\/wp.ufpel.edu.br\/cursosdelinguas\/rematriculas-a-partir-do-nivel-ii\/","title":{"rendered":"Rematr\u00edculas (a partir do n\u00edvel II)"},"content":{"rendered":"<p>A cada semestre, \u00e9 divulgado edital com data para realiza\u00e7\u00e3o da rematr\u00edcula no site <a href=\"http:\/\/wp.ufpel.edu.br\/clc\/\">http:\/\/wp.ufpel.edu.br\/clc\/<\/a><\/p>\n<p><strong>Pagamento da taxa de rematr\u00edcula:<\/strong> valor atual R$165,00* (2025\/1)<\/p>\n<p>* O valor ser\u00e1 reajustado em 2026\/1.<\/p>\n<ul>\n<li>O pagamento da taxa de matr\u00edcula ou rematr\u00edcula deve ser feito por meio de\u00a0<strong>Pix ou transfer\u00eancia banc\u00e1ria.<br \/>\n<\/strong>Os dados para pagamento constam em todo edital.<\/li>\n<\/ul>\n<p>O aluno pode ficar afastado dos cursos por no m\u00e1ximo dois anos. Passado este per\u00edodo, a coordena\u00e7\u00e3o do projeto avalia a possibilidade de o aluno repetir o n\u00edvel j\u00e1 realizado para retomar os estudos.<\/p>\n<p>Alunos que usaram o recurso de\u00a0<strong>trancamento<\/strong> dever\u00e3o confirmar o retorno ao curso, por e-mail. Tal recurso\u00a0 garante a vaga para retornar ao mesmo curso no semestre subsequente, sem ter de pagar a taxa de matr\u00edcula novamente, mediante apresenta\u00e7\u00e3o de \u00a0documenta\u00e7\u00e3o que comprove sua impossibilidade de participar do curso por motivos de sa\u00fade ou de trabalho, em at\u00e9 <b>30 dias ap\u00f3s\u00a0<\/b><b>o in\u00edcio das aulas.\u00a0<\/b><\/p>\n","protected":false},"excerpt":{"rendered":"<p>A cada semestre, \u00e9 divulgado edital com data para realiza\u00e7\u00e3o da rematr\u00edcula no site http:\/\/wp.ufpel.edu.br\/clc\/ Pagamento da taxa de rematr\u00edcula: valor atual R$165,00* (2025\/1) * O valor ser\u00e1 reajustado em 2026\/1. O pagamento da taxa [&hellip;]<\/p>\n","protected":false},"author":857,"featured_media":0,"parent":0,"menu_order":0,"comment_status":"closed","ping_status":"closed","template":"","meta":{"footnotes":""},"class_list":["post-121","page","type-page","status-publish","hentry","post"],"_links":{"self":[{"href":"https:\/\/wp.ufpel.edu.br\/cursosdelinguas\/wp-json\/wp\/v2\/pages\/121","targetHints":{"allow":["GET"]}}],"collection":[{"href":"https:\/\/wp.ufpel.edu.br\/cursosdelinguas\/wp-json\/wp\/v2\/pages"}],"about":[{"href":"https:\/\/wp.ufpel.edu.br\/cursosdelinguas\/wp-json\/wp\/v2\/types\/page"}],"author":[{"embeddable":true,"href":"https:\/\/wp.ufpel.edu.br\/cursosdelinguas\/wp-json\/wp\/v2\/users\/857"}],"replies":[{"embeddable":true,"href":"https:\/\/wp.ufpel.edu.br\/cursosdelinguas\/wp-json\/wp\/v2\/comments?post=121"}],"version-history":[{"count":4,"href":"https:\/\/wp.ufpel.edu.br\/cursosdelinguas\/wp-json\/wp\/v2\/pages\/121\/revisions"}],"predecessor-version":[{"id":716,"href":"https:\/\/wp.ufpel.edu.br\/cursosdelinguas\/wp-json\/wp\/v2\/pages\/121\/revisions\/716"}],"wp:attachment":[{"href":"https:\/\/wp.ufpel.edu.br\/cursosdelinguas\/wp-json\/wp\/v2\/media?parent=121"}],"curies":[{"name":"wp","href":"https:\/\/api.w.org\/{rel}","templated":true}]}}

Rematrículas (a partir do nível II)

<p>A cada semestre, é divulgado edital com data para realização da rematrícula no site <a href="http://wp.ufpel.edu.br/clc/">http://wp.ufpel.edu.br/clc/</a></p>
<p><strong>Pagamento da taxa de rematrícula:</strong> valor atual R$165,00* (2025/1)</p>
<p>* O valor será reajustado em 2026/1.</p>
<ul>
<li>O pagamento da taxa de matrícula ou rematrícula deve ser feito por meio de <strong>Pix ou transferência bancária.<br />
</strong>Os dados para pagamento constam em todo edital.</li>
</ul>
<p>O aluno pode ficar afastado dos cursos por no máximo dois anos. Passado este período, a coordenação do projeto avalia a possibilidade de o aluno repetir o nível já realizado para retomar os estudos.</p>
<p>Alunos que usaram o recurso de <strong>trancamento</strong> deverão confirmar o retorno ao curso, por e-mail. Tal recurso  garante a vaga para retornar ao mesmo curso no semestre subsequente, sem ter de pagar a taxa de matrícula novamente, mediante apresentação de  documentação que comprove sua impossibilidade de participar do curso por motivos de saúde ou de trabalho, em até <b>30 dias após </b><b>o início das aulas. </b></p>

<p>A cada semestre, é divulgado edital com data para realização da rematrícula no site http://wp.ufpel.edu.br/clc/ Pagamento da taxa de rematrícula: valor atual R$165,00* (2025/1) * O valor será reajustado em 2026/1. O pagamento da taxa [&hellip;]</p>
