{"id":92,"date":"2011-06-08T17:31:11","date_gmt":"2011-06-08T20:31:11","guid":{"rendered":"https:\/\/wp.ufpel.edu.br\/cursodeturismo\/"},"modified":"2025-04-09T20:04:02","modified_gmt":"2025-04-09T23:04:02","slug":"horario-das-aulas","status":"publish","type":"page","link":"https:\/\/wp.ufpel.edu.br\/cursodeturismo\/horario-das-aulas\/","title":{"rendered":"Hor\u00e1rio das aulas"},"content":{"rendered":"<p><strong>Hor\u00e1rios 2025\/1<\/strong><\/p>\n<p><a href=\"https:\/\/docs.google.com\/spreadsheets\/d\/e\/2PACX-1vQ_NLOT4hksrR5niN7BvEflqLW2ddMO3cGTfloyVT0znXHynW4axG9UAYtMNVvKvA\/pubhtml\">Hor\u00e1rios 2025\/1 Turismo<\/a><\/p>\n<p>&nbsp;<\/p>\n<p><strong>\u00a0LISTA DE OFERTA 2024\/1<\/strong><\/p>\n<p><a href=\"https:\/\/wp.ufpel.edu.br\/cursodeturismo\/files\/2024\/02\/horario.pdf\">Hor\u00e1rio disc<\/a><\/p>\n<p><strong>Hor\u00e1rios 2023\/2:<\/strong><\/p>\n<p><a href=\"https:\/\/wp.ufpel.edu.br\/cursodeturismo\/files\/2023\/08\/Horario-2o-semestre-.pdf\">Hor\u00e1rio 2\u00ba semestre<\/a><\/p>\n<p><a href=\"https:\/\/wp.ufpel.edu.br\/cursodeturismo\/files\/2023\/08\/Horario-4\u00b0-semestre.pdf\">Hor\u00e1rio 4\u00b0 semestre<\/a><\/p>\n<p><a href=\"https:\/\/wp.ufpel.edu.br\/cursodeturismo\/files\/2023\/08\/Horario-6\u00b0-semestre.pdf\">Hor\u00e1rio 6\u00b0 semestre<\/a><\/p>\n<p><a href=\"https:\/\/wp.ufpel.edu.br\/cursodeturismo\/files\/2023\/08\/Horario-8\u00b0-semestre.pdf\">Hor\u00e1rio 8\u00b0 semestre<\/a><\/p>\n<p><a href=\"https:\/\/wp.ufpel.edu.br\/cursodeturismo\/files\/2023\/08\/Optativa-Tarde.pdf\">Optativa Tarde<\/a><\/p>\n<p><a href=\"https:\/\/wp.ufpel.edu.br\/cursodeturismo\/files\/2023\/08\/Optativa-Noite-.pdf\">Optativa Noite<\/a><\/p>\n<p><strong>Hor\u00e1rios 2023\/1:<\/strong><\/p>\n<p><a href=\"https:\/\/docs.google.com\/spreadsheets\/d\/1BVGDy230EXTgBXAnaIc6adR7N2UR_YAJi5qEQF9KS0A\/edit#gid=0\" target=\"_blank\" rel=\"noopener\"><span style=\"font-weight: 400;\">Turismo 1\u00b0 Semestre<\/span><\/a><\/p>\n<p><a href=\"https:\/\/docs.google.com\/spreadsheets\/d\/1sfeqfMFJoMuisNY6WXaKz1y6kZbFOTpPxdkMCcGUdEU\/edit#gid=0\" target=\"_blank\" rel=\"noopener\"><span style=\"font-weight: 400;\">Turismo 2\u00b0 Semestre<\/span><\/a><\/p>\n<p><a href=\"https:\/\/docs.google.com\/spreadsheets\/d\/1m-gKESSUONaPaORSrptWIr78wJe3AFcfUW9Ue0FU_Ng\/edit#gid=0\" target=\"_blank\" rel=\"noopener\"><span style=\"font-weight: 400;\">Turismo 3\u00b0 Semestre<\/span><\/a><\/p>\n<p><span style=\"font-weight: 400;\"><a href=\"https:\/\/docs.google.com\/spreadsheets\/d\/1exgh5BPL3Rj9emiOVKMmKE4UI586scRd-OS2V8P5E7Q\/edit#gid=0\" target=\"_blank\" rel=\"noopener\">Turismo 5\u00b0 Semestre<\/a>\u00a0<\/span><\/p>\n<p><a href=\"https:\/\/docs.google.com\/spreadsheets\/d\/1j8nETpLC4R4oUiMKpv3yR9091qIbDs7vdiX2AlE-Dyk\/edit#gid=0\" target=\"_blank\" rel=\"noopener\"><span style=\"font-weight: 400;\">Turismo 7\u00b0 Semestre<\/span><\/a><\/p>\n<p><a href=\"https:\/\/docs.google.com\/spreadsheets\/d\/1Yl6ZymvEahuYB8t5YqG3UwWYXR5DFMY2errktqXfSes\/edit#gid=0\" target=\"_blank\" rel=\"noopener\"><span style=\"font-weight: 400;\">Turismo 8\u00b0 Semestre<\/span><\/a><\/p>\n<p><a href=\"https:\/\/docs.google.com\/spreadsheets\/d\/1hynNAywn_i7BXj2o8yBt3j4uLXDhUiktf6jtsYpgwhI\/edit#gid=0\" target=\"_blank\" rel=\"noopener\">Optativas<\/a><\/p>\n<p>&nbsp;<\/p>\n<p><strong>Hor\u00e1rios 2022\/1:<\/strong><\/p>\n<p><a href=\"https:\/\/docs.google.com\/spreadsheets\/d\/1JRx_HX5dD2Q3Ofo7DT4veEekAo5CY8KRgjLWyYHRCfE\/edit?usp=sharing\"><span style=\"font-weight: 400;\">Turismo 1\u00b0 Semestre<\/span><\/a><\/p>\n<p><a href=\"https:\/\/docs.google.com\/spreadsheets\/d\/1ubUGTUkj8v47U6NTUcqA_k0F58XNTs87jgrkImCqLlw\/edit?usp=sharing\"><span style=\"font-weight: 400;\">Turismo 3\u00b0 Semestre<\/span><\/a><\/p>\n<p><a href=\"https:\/\/docs.google.com\/spreadsheets\/d\/1_e2P4EI8WGV1uaB4rDKdod0652pBcD1X19w75YyjeNA\/edit?usp=sharing\"><span style=\"font-weight: 400;\">Turismo 4\u00b0 Semestre<\/span><\/a><\/p>\n<p><span style=\"font-weight: 400;\"><a href=\"https:\/\/docs.google.com\/spreadsheets\/d\/1a6ll_A1Fn8zVmS8LCf5of--c9D6qS-4B-OzFXTdj5JY\/edit?usp=sharing\">Turismo 5\u00b0 Semestre<\/a>\u00a0<\/span><\/p>\n<p><a href=\"https:\/\/docs.google.com\/spreadsheets\/d\/1mnSpe8AwymRglJWpRzhavHqZz1OurxmDZ-eemdzPBKI\/edit?usp=sharing\"><span style=\"font-weight: 400;\">Turismo 7\u00b0 Semestre<\/span><\/a><\/p>\n<p><a href=\"https:\/\/docs.google.com\/spreadsheets\/d\/1aozZjjvBewSBKKF9_ADJgVW_oUUtddXikzMNMjzfG6s\/edit?usp=sharing\"><span style=\"font-weight: 400;\">Turismo 8\u00b0 Semestre<\/span><\/a><\/p>\n<p><a href=\"https:\/\/docs.google.com\/spreadsheets\/d\/1rusdnXdjeyNTvxSTwqKg5nrM9KWf1yVwMm8xf7A8uyg\/edit?usp=sharing\"><span style=\"font-weight: 400;\">Turismo 9\u00b0 Semestre<\/span><\/a><\/p>\n<p><a href=\"https:\/\/docs.google.com\/spreadsheets\/d\/1DrgDH9tTGr0oK27gIOSwpyZmwH9hdt-lLXgE_1ksocU\/edit?usp=sharing\">Optativas<\/a><\/p>\n<p>&nbsp;<\/p>\n<p>&nbsp;<\/p>\n<p><a href=\"https:\/\/drive.google.com\/open?id=1GC4Z4BWnm6MR8nDtF1ZzsAVEFAnJuxMU\">Hor\u00e1rios 2019\/2<\/a><\/p>\n<p>Voc\u00ea pode acessar o curr\u00edculo do curso para verificar quais s\u00e3o obrigat\u00f3rias, quais s\u00e3o optativas, pr\u00e9-requisitos, clicando <a href=\"https:\/\/wp.ufpel.edu.br\/cursodeturismo\/files\/2019\/02\/curriculo_curso_4700-1.pdf\" target=\"_blank\" rel=\"noopener noreferrer\">aqui<\/a>.<\/p>\n<p>&nbsp;<\/p>\n<p>&nbsp;<\/p>\n<p><a href=\"https:\/\/docs.google.com\/spreadsheets\/d\/e\/2PACX-1vRFCWKk0nKnZB1cTkSF0vsxjV_UpIFtZoqO8-MW-lMDoCz2J54YEHyA43AbSJkAvi2jdjcMUAeIlbH7\/pubhtml\" target=\"_blank\" rel=\"noopener noreferrer\">Hor\u00e1rios Turismo 2019\/1<\/a><\/p>\n<p>&nbsp;<\/p>\n<p>Est\u00e1gio em Turismo: P1 &#8211; Linha 1 e 2 P2 \u2013 Linha 3 e 4<\/p>\n<p>Pr\u00e1tica 1 \u2013 Turismo, Educa\u00e7\u00e3o e Comportamento Humano: Esta linha visa desenvolver atividades pr\u00e1ticas\/de est\u00e1gio e pesquisas relacionadas a quest\u00f5es de<br \/>\nensino e educa\u00e7\u00e3o em turismo, bem como aspectos psicossociais do fen\u00f4meno tur\u00edstico.<br \/>\nPr\u00e1tica 2 \u2013 Aspectos socioculturais, mem\u00f3ria e hist\u00f3ria do Turismo, do lazer e da hospitalidade: Esta linha tem por objetivo desenvolver atividades pr\u00e1ticas\/de<br \/>\nest\u00e1gio e pesquisas voltadas para os aspectos socioculturais e hist\u00f3ricos do turismo, bem como do lazer, do patrim\u00f4nio, da hospitalidade e de iniciativas sociais.<br \/>\nPr\u00e1tica 3 \u2013 Pol\u00edtica e Gest\u00e3o P\u00fablica e Institucional do Turismo: Esta linha visa desenvolver atividades pr\u00e1ticas\/de est\u00e1gio e pesquisas voltadas para os aspectos<br \/>\nda gest\u00e3o compartilhada do turismo, dando \u00eanfase \u00e0s quest\u00f5es pol\u00edticas e institucionais do mesmo.<br \/>\nPr\u00e1tica 4 \u2013 Gest\u00e3o de Organiza\u00e7\u00f5es Tur\u00edsticas: Esta linha possibilita desenvolver atividades pr\u00e1ticas\/de est\u00e1gio e pesquisas junto \u00e0s organiza\u00e7\u00f5es privadas do<br \/>\nturismo, como meios de hospedagem, ag\u00eancias, eventos, restaurantes, etc.<\/p>\n<p>Monografia em Turismo: P1 &#8211; Linha 1 e 2 P2 \u2013 Linha 3 e 4<\/p>\n<p>Linha 1 \u2013 Turismo, Educa\u00e7\u00e3o e Comportamento Humano: Esta linha visa desenvolver atividades e pesquisas relacionadas a quest\u00f5es de ensino e educa\u00e7\u00e3o em<br \/>\nturismo, bem como aspectos psicossociais do fen\u00f4meno tur\u00edstico.<br \/>\nLinha 2 \u2013 Aspectos socioculturais, mem\u00f3ria e hist\u00f3ria do Turismo, do lazer e da hospitalidade: Esta linha tem por objetivo desenvolver atividades e pesquisas<br \/>\nvoltadas para os aspectos socioculturais e hist\u00f3ricos do turismo, bem como do lazer, do patrim\u00f4nio, da hospitalidade e de iniciativas sociais.<br \/>\nLinha 3 \u2013 Pol\u00edtica e Gest\u00e3o P\u00fablica e Institucional do Turismo: Esta linha visa desenvolver atividades e pesquisas voltadas para os aspectos da gest\u00e3o<br \/>\ncompartilhada do turismo, dando \u00eanfase \u00e0s quest\u00f5es pol\u00edticas e institucionais do mesmo.<br \/>\nLinha 4 \u2013 Gest\u00e3o de Organiza\u00e7\u00f5es Tur\u00edsticas: Esta linha possibilita desenvolver atividades e pesquisas junto \u00e0s organiza\u00e7\u00f5es privadas do turismo, como meios de<br \/>\nhospedagem, ag\u00eancias, eventos, restaurantes, etc.<\/p>\n","protected":false},"excerpt":{"rendered":"<p>Hor\u00e1rios 2025\/1 Hor\u00e1rios 2025\/1 Turismo &nbsp; \u00a0LISTA DE OFERTA 2024\/1 Hor\u00e1rio disc Hor\u00e1rios 2023\/2: Hor\u00e1rio 2\u00ba semestre Hor\u00e1rio 4\u00b0 semestre Hor\u00e1rio 6\u00b0 semestre Hor\u00e1rio 8\u00b0 semestre Optativa Tarde Optativa Noite Hor\u00e1rios 2023\/1: Turismo 1\u00b0 Semestre Turismo 2\u00b0 Semestre Turismo 3\u00b0 Semestre Turismo 5\u00b0 Semestre\u00a0 Turismo 7\u00b0 Semestre Turismo 8\u00b0 Semestre Optativas &nbsp; Hor\u00e1rios 2022\/1: Turismo &hellip; <\/p>\n<p><a class=\"more-link btn\" href=\"https:\/\/wp.ufpel.edu.br\/cursodeturismo\/horario-das-aulas\/\">Continue lendo<\/a><\/p>\n","protected":false},"author":115,"featured_media":0,"parent":0,"menu_order":1,"comment_status":"closed","ping_status":"closed","template":"","meta":{"footnotes":""},"class_list":["post-92","page","type-page","status-publish","hentry","nodate","item-wrap"],"jetpack_sharing_enabled":true,"_links":{"self":[{"href":"https:\/\/wp.ufpel.edu.br\/cursodeturismo\/wp-json\/wp\/v2\/pages\/92","targetHints":{"allow":["GET"]}}],"collection":[{"href":"https:\/\/wp.ufpel.edu.br\/cursodeturismo\/wp-json\/wp\/v2\/pages"}],"about":[{"href":"https:\/\/wp.ufpel.edu.br\/cursodeturismo\/wp-json\/wp\/v2\/types\/page"}],"author":[{"embeddable":true,"href":"https:\/\/wp.ufpel.edu.br\/cursodeturismo\/wp-json\/wp\/v2\/users\/115"}],"replies":[{"embeddable":true,"href":"https:\/\/wp.ufpel.edu.br\/cursodeturismo\/wp-json\/wp\/v2\/comments?post=92"}],"version-history":[{"count":55,"href":"https:\/\/wp.ufpel.edu.br\/cursodeturismo\/wp-json\/wp\/v2\/pages\/92\/revisions"}],"predecessor-version":[{"id":2505,"href":"https:\/\/wp.ufpel.edu.br\/cursodeturismo\/wp-json\/wp\/v2\/pages\/92\/revisions\/2505"}],"wp:attachment":[{"href":"https:\/\/wp.ufpel.edu.br\/cursodeturismo\/wp-json\/wp\/v2\/media?parent=92"}],"curies":[{"name":"wp","href":"https:\/\/api.w.org\/{rel}","templated":true}]}}