{"id":2423,"date":"2024-09-06T14:10:54","date_gmt":"2024-09-06T17:10:54","guid":{"rendered":"https:\/\/wp.ufpel.edu.br\/cursodeturismo\/?page_id=2423"},"modified":"2024-09-06T14:13:22","modified_gmt":"2024-09-06T17:13:22","slug":"o-centro-de-ciencias-socio-organizacionais","status":"publish","type":"page","link":"https:\/\/wp.ufpel.edu.br\/cursodeturismo\/o-centro-de-ciencias-socio-organizacionais\/","title":{"rendered":"O Centro De Ci\u00eancias Socio-Organizacionais"},"content":{"rendered":"<p style=\"line-height: 18.0pt; background: white; margin: 0cm 0cm 18.0pt 0cm;\"><strong><span style=\"font-family: 'Lato',sans-serif; color: black;\">O CENTRO DE CI\u00caNCIAS SOCIO-ORGANIZACIONAIS<\/span><\/strong><\/p>\n<p style=\"text-align: justify; line-height: 18.0pt; background: white; margin: 0cm 0cm 18.0pt 0cm;\"><span style=\"font-family: 'Lato',sans-serif; color: black;\">A Faculdade de Administra\u00e7\u00e3o e de Turismo (FAT) agora \u00e9 Centro de Ci\u00eancias S\u00f3cio-Organizacionais (CCSO). A mudan\u00e7a no formato administrativo da unidade acad\u00eamica, foi aprovada na reuni\u00e3o do Conselho Universit\u00e1rio (CONSUN) no dia 26 de novembro de 2020, e publicada em dezembro pela Secretaria dos Conselhos Superiores, resolu\u00e7\u00e3o 39\/2020.<\/span><\/p>\n<p style=\"text-align: justify; line-height: 18.0pt; background: white; margin: 0cm 0cm 18.0pt 0cm;\"><span style=\"font-family: 'Lato',sans-serif; color: black;\">A FAT tem sua origem com a Faculdade de Ci\u00eancias Dom\u00e9sticas, uma das unidades pertencentes a antiga Universidade Federal Rural do Rio Grande do Sul, que remonta as origens da Universidade Federal de Pelotas.<\/span><\/p>\n<p style=\"text-align: justify; line-height: 18.0pt; background: white; margin: 0cm 0cm 18.0pt 0cm;\"><span style=\"font-family: 'Lato',sans-serif; color: black;\">Em sua nova estrutura, o CCSO segue contando com os mesmos cursos de gradua\u00e7\u00e3o e de p\u00f3s-gradua\u00e7\u00e3o. Na gradua\u00e7\u00e3o, a unidade oferta os cursos de Bacharelado em Administra\u00e7\u00e3o, Bacharelado em Turismo, Tecn\u00f3logo em Com\u00e9rcio Exterior, Tecn\u00f3logo em Gest\u00e3o P\u00fablica e Tecn\u00f3logo em Processos Gerenciais. Na P\u00f3s-Gradua\u00e7\u00e3o, o CCSO conta com a Especializa\u00e7\u00e3o em Gest\u00e3o P\u00fablica e Desenvolvimento Regional, o MBA em Gest\u00e3o Estrat\u00e9gica de Neg\u00f3cios e o Mestrado Profissional em Administra\u00e7\u00e3o P\u00fablica, em rede nacional.<\/span><\/p>\n<p style=\"text-align: justify; line-height: 18.0pt; background: white; margin: 0cm 0cm 18.0pt 0cm;\"><span style=\"font-family: 'Lato',sans-serif; color: black;\">O processo para transforma\u00e7\u00e3o em Centro come\u00e7ou em 2019 e foi constru\u00eddo com ampla participa\u00e7\u00e3o da comunidade acad\u00eamica da Faculdade de Administra\u00e7\u00e3o e de Turismo por meio de reuni\u00f5es, discuss\u00f5es, assembleias, com a colabora\u00e7\u00e3o de outros Centros na troca de experi\u00eancias, audi\u00eancia p\u00fablica e a vota\u00e7\u00e3o no Conselho Departamental da unidade.<\/span><\/p>\n<p><a href=\"https:\/\/wp.ufpel.edu.br\/cursodeturismo\/files\/2024\/09\/Captura-de-Tela-2024-09-06-a\u0300s-14.03.08.png\"><img loading=\"lazy\" decoding=\"async\" class=\"size-medium wp-image-2425 aligncenter\" src=\"https:\/\/wp.ufpel.edu.br\/cursodeturismo\/files\/2024\/09\/Captura-de-Tela-2024-09-06-a\u0300s-14.03.08-400x172.png\" alt=\"\" width=\"400\" height=\"172\" srcset=\"https:\/\/wp.ufpel.edu.br\/cursodeturismo\/files\/2024\/09\/Captura-de-Tela-2024-09-06-a\u0300s-14.03.08-400x172.png 400w, https:\/\/wp.ufpel.edu.br\/cursodeturismo\/files\/2024\/09\/Captura-de-Tela-2024-09-06-a\u0300s-14.03.08-768x331.png 768w, https:\/\/wp.ufpel.edu.br\/cursodeturismo\/files\/2024\/09\/Captura-de-Tela-2024-09-06-a\u0300s-14.03.08-750x323.png 750w, https:\/\/wp.ufpel.edu.br\/cursodeturismo\/files\/2024\/09\/Captura-de-Tela-2024-09-06-a\u0300s-14.03.08.png 900w\" sizes=\"auto, (max-width: 400px) 100vw, 400px\" \/><\/a><\/p>\n<p>Para mais informa\u00e7\u00f5es acesse:<\/p>\n<p><a href=\"https:\/\/wp.ufpel.edu.br\/ccso\/\">CCSO<\/a><\/p>\n<p><a href=\"https:\/\/wp.ufpel.edu.br\/cursodeturismo\/\">Turismo<\/a><\/p>\n<p><a href=\"https:\/\/wp.ufpel.edu.br\/cursodeadministracao\/\">Administra\u00e7\u00e3o<\/a><\/p>\n<p><a href=\"https:\/\/wp.ufpel.edu.br\/comex\/\">Com\u00e9rcio Exterior\u00a0<\/a><\/p>\n<p>&nbsp;<\/p>\n","protected":false},"excerpt":{"rendered":"<p>O CENTRO DE CI\u00caNCIAS SOCIO-ORGANIZACIONAIS A Faculdade de Administra\u00e7\u00e3o e de Turismo (FAT) agora \u00e9 Centro de Ci\u00eancias S\u00f3cio-Organizacionais (CCSO). A mudan\u00e7a no formato administrativo da unidade acad\u00eamica, foi aprovada na reuni\u00e3o do Conselho Universit\u00e1rio (CONSUN) no dia 26 de novembro de 2020, e publicada em dezembro pela Secretaria dos Conselhos Superiores, resolu\u00e7\u00e3o 39\/2020. A &hellip; <\/p>\n<p><a class=\"more-link btn\" href=\"https:\/\/wp.ufpel.edu.br\/cursodeturismo\/o-centro-de-ciencias-socio-organizacionais\/\">Continue lendo<\/a><\/p>\n","protected":false},"author":115,"featured_media":0,"parent":0,"menu_order":0,"comment_status":"closed","ping_status":"closed","template":"","meta":{"footnotes":""},"class_list":["post-2423","page","type-page","status-publish","hentry","nodate","item-wrap"],"jetpack_sharing_enabled":true,"_links":{"self":[{"href":"https:\/\/wp.ufpel.edu.br\/cursodeturismo\/wp-json\/wp\/v2\/pages\/2423","targetHints":{"allow":["GET"]}}],"collection":[{"href":"https:\/\/wp.ufpel.edu.br\/cursodeturismo\/wp-json\/wp\/v2\/pages"}],"about":[{"href":"https:\/\/wp.ufpel.edu.br\/cursodeturismo\/wp-json\/wp\/v2\/types\/page"}],"author":[{"embeddable":true,"href":"https:\/\/wp.ufpel.edu.br\/cursodeturismo\/wp-json\/wp\/v2\/users\/115"}],"replies":[{"embeddable":true,"href":"https:\/\/wp.ufpel.edu.br\/cursodeturismo\/wp-json\/wp\/v2\/comments?post=2423"}],"version-history":[{"count":4,"href":"https:\/\/wp.ufpel.edu.br\/cursodeturismo\/wp-json\/wp\/v2\/pages\/2423\/revisions"}],"predecessor-version":[{"id":2465,"href":"https:\/\/wp.ufpel.edu.br\/cursodeturismo\/wp-json\/wp\/v2\/pages\/2423\/revisions\/2465"}],"wp:attachment":[{"href":"https:\/\/wp.ufpel.edu.br\/cursodeturismo\/wp-json\/wp\/v2\/media?parent=2423"}],"curies":[{"name":"wp","href":"https:\/\/api.w.org\/{rel}","templated":true}]}}