{"id":3140,"date":"2023-08-21T16:07:07","date_gmt":"2023-08-21T19:07:07","guid":{"rendered":"https:\/\/wp.ufpel.edu.br\/cursodeadministracao\/?page_id=3140"},"modified":"2023-08-21T16:07:07","modified_gmt":"2023-08-21T19:07:07","slug":"solicitacao-de-exercicios-domiciliares","status":"publish","type":"page","link":"https:\/\/wp.ufpel.edu.br\/cursodeadministracao\/solicitacao-de-exercicios-domiciliares\/","title":{"rendered":"Solicita\u00e7\u00e3o de Exerc\u00edcios Domiciliares"},"content":{"rendered":"<p style=\"text-align: justify;\">A partir do primeiro semestre de 2023, o discente dever\u00e1 fazer a solicita\u00e7\u00e3o de exerc\u00edcios domiciliares <strong>atrav\u00e9s do Sistema Cobalto<\/strong>. A partir desta disponibiliza\u00e7\u00e3o, o discente em situa\u00e7\u00e3o contemplada no Regulamento do Ensino de Gradua\u00e7\u00e3o, poder\u00e1 solicitar a realiza\u00e7\u00e3o de exerc\u00edcios domiciliares por meio do sistema acad\u00eamico, apresentado uma justificativa e o atestado de sa\u00fade que a comprove.<\/p>\n<p>Passo-a-passo para fazer a solicita\u00e7\u00e3o no Cobalto:<br \/>\n<strong>&#8211; Aluno &#8211; Cadastro &#8211; Solicita\u00e7\u00e3o de Exerc\u00edcios Domiciliares.<\/strong><\/p>\n<div class=\"embed-container\">\n<blockquote class=\"wp-embedded-content\" data-secret=\"mObYX7Ks7b\"><p><a href=\"https:\/\/wp.ufpel.edu.br\/cra\/informacoes-academicas\/exercicios-domiciliares\/\">Exerc\u00edcio domiciliar<\/a><\/p><\/blockquote>\n<p><iframe loading=\"lazy\" class=\"wp-embedded-content\" sandbox=\"allow-scripts\" security=\"restricted\" style=\"position: absolute; clip: rect(1px, 1px, 1px, 1px);\" title=\"&#8220;Exerc\u00edcio domiciliar&#8221; &#8212; Coordena\u00e7\u00e3o de Registros Acad\u00eamicos\" src=\"https:\/\/wp.ufpel.edu.br\/cra\/informacoes-academicas\/exercicios-domiciliares\/embed\/#?secret=pieSNrypIm#?secret=mObYX7Ks7b\" data-secret=\"mObYX7Ks7b\" width=\"600\" height=\"338\" frameborder=\"0\" marginwidth=\"0\" marginheight=\"0\" scrolling=\"no\"><\/iframe><\/div>\n","protected":false},"excerpt":{"rendered":"<p>A partir do primeiro semestre de 2023, o discente dever\u00e1 fazer a solicita\u00e7\u00e3o de exerc\u00edcios domiciliares atrav\u00e9s do Sistema Cobalto. A partir desta disponibiliza\u00e7\u00e3o, o discente em situa\u00e7\u00e3o contemplada no Regulamento do Ensino de Gradua\u00e7\u00e3o, poder\u00e1 solicitar a realiza\u00e7\u00e3o de exerc\u00edcios domiciliares por meio do sistema acad\u00eamico, apresentado uma justificativa e o atestado de sa\u00fade &hellip; <\/p>\n<p><a class=\"more-link btn\" href=\"https:\/\/wp.ufpel.edu.br\/cursodeadministracao\/solicitacao-de-exercicios-domiciliares\/\">Continue lendo<\/a><\/p>\n","protected":false},"author":114,"featured_media":0,"parent":0,"menu_order":0,"comment_status":"closed","ping_status":"closed","template":"","meta":{"jetpack_post_was_ever_published":false,"footnotes":""},"class_list":["post-3140","page","type-page","status-publish","hentry","nodate","item-wrap"],"jetpack_sharing_enabled":false,"jetpack_shortlink":"https:\/\/wp.me\/P79AOn-OE","_links":{"self":[{"href":"https:\/\/wp.ufpel.edu.br\/cursodeadministracao\/wp-json\/wp\/v2\/pages\/3140","targetHints":{"allow":["GET"]}}],"collection":[{"href":"https:\/\/wp.ufpel.edu.br\/cursodeadministracao\/wp-json\/wp\/v2\/pages"}],"about":[{"href":"https:\/\/wp.ufpel.edu.br\/cursodeadministracao\/wp-json\/wp\/v2\/types\/page"}],"author":[{"embeddable":true,"href":"https:\/\/wp.ufpel.edu.br\/cursodeadministracao\/wp-json\/wp\/v2\/users\/114"}],"replies":[{"embeddable":true,"href":"https:\/\/wp.ufpel.edu.br\/cursodeadministracao\/wp-json\/wp\/v2\/comments?post=3140"}],"version-history":[{"count":1,"href":"https:\/\/wp.ufpel.edu.br\/cursodeadministracao\/wp-json\/wp\/v2\/pages\/3140\/revisions"}],"predecessor-version":[{"id":3142,"href":"https:\/\/wp.ufpel.edu.br\/cursodeadministracao\/wp-json\/wp\/v2\/pages\/3140\/revisions\/3142"}],"wp:attachment":[{"href":"https:\/\/wp.ufpel.edu.br\/cursodeadministracao\/wp-json\/wp\/v2\/media?parent=3140"}],"curies":[{"name":"wp","href":"https:\/\/api.w.org\/{rel}","templated":true}]}}