{"id":3135,"date":"2023-08-17T17:03:50","date_gmt":"2023-08-17T20:03:50","guid":{"rendered":"https:\/\/wp.ufpel.edu.br\/cursodeadministracao\/?page_id=3135"},"modified":"2024-08-20T16:15:18","modified_gmt":"2024-08-20T19:15:18","slug":"solicitacao-de-segunda-chamada","status":"publish","type":"page","link":"https:\/\/wp.ufpel.edu.br\/cursodeadministracao\/solicitacao-de-segunda-chamada\/","title":{"rendered":"Solicita\u00e7\u00e3o de Segunda Chamada"},"content":{"rendered":"<p style=\"text-align: justify;\">A partir do segundo semestre de 2022, o discente dever\u00e1 fazer a solicita\u00e7\u00e3o de segunda chamada de avalia\u00e7\u00e3o <strong>atrav\u00e9s do Sistema Cobalto<\/strong>. Na solicita\u00e7\u00e3o dever\u00e1 ser encaminhado o comprovante da justificativa (Ex. atestado m\u00e9dico). O comprovante deve ser enviado em formato PDF. O estudante poder\u00e1 acompanhar o status da solicita\u00e7\u00e3o pelo sistema acad\u00eamico.<\/p>\n<p style=\"text-align: justify;\">Passo-a-passo para fazer a solicita\u00e7\u00e3o no Cobalto:<br \/>\n<strong>&#8211; Aluno &#8211; Cadastros &#8211; Solicita\u00e7\u00e3o de 2<sup>a<\/sup> chamada.<\/strong><\/p>\n<div class=\"embed-container\">\n<blockquote class=\"wp-embedded-content\" data-secret=\"UzH7RzLwvx\"><p><a href=\"https:\/\/wp.ufpel.edu.br\/cra\/informacoes-academicas\/avaliacao-segunda-chamada\/\">Avalia\u00e7\u00e3o &#8211; segunda chamada<\/a><\/p><\/blockquote>\n<p><iframe loading=\"lazy\" class=\"wp-embedded-content\" sandbox=\"allow-scripts\" security=\"restricted\" style=\"position: absolute; clip: rect(1px, 1px, 1px, 1px);\" title=\"&#8220;Avalia\u00e7\u00e3o &#8211; segunda chamada&#8221; &#8212; Coordena\u00e7\u00e3o de Registros Acad\u00eamicos\" src=\"https:\/\/wp.ufpel.edu.br\/cra\/informacoes-academicas\/avaliacao-segunda-chamada\/embed\/#?secret=n5NXcCgp35#?secret=UzH7RzLwvx\" data-secret=\"UzH7RzLwvx\" width=\"600\" height=\"338\" frameborder=\"0\" marginwidth=\"0\" marginheight=\"0\" scrolling=\"no\"><\/iframe><\/div>\n","protected":false},"excerpt":{"rendered":"<p>A partir do segundo semestre de 2022, o discente dever\u00e1 fazer a solicita\u00e7\u00e3o de segunda chamada de avalia\u00e7\u00e3o atrav\u00e9s do Sistema Cobalto. Na solicita\u00e7\u00e3o dever\u00e1 ser encaminhado o comprovante da justificativa (Ex. atestado m\u00e9dico). O comprovante deve ser enviado em formato PDF. O estudante poder\u00e1 acompanhar o status da solicita\u00e7\u00e3o pelo sistema acad\u00eamico. Passo-a-passo para &hellip; <\/p>\n<p><a class=\"more-link btn\" href=\"https:\/\/wp.ufpel.edu.br\/cursodeadministracao\/solicitacao-de-segunda-chamada\/\">Continue lendo<\/a><\/p>\n","protected":false},"author":114,"featured_media":0,"parent":0,"menu_order":0,"comment_status":"closed","ping_status":"closed","template":"","meta":{"jetpack_post_was_ever_published":false,"footnotes":""},"class_list":["post-3135","page","type-page","status-publish","hentry","nodate","item-wrap"],"jetpack_sharing_enabled":false,"jetpack_shortlink":"https:\/\/wp.me\/P79AOn-Oz","_links":{"self":[{"href":"https:\/\/wp.ufpel.edu.br\/cursodeadministracao\/wp-json\/wp\/v2\/pages\/3135","targetHints":{"allow":["GET"]}}],"collection":[{"href":"https:\/\/wp.ufpel.edu.br\/cursodeadministracao\/wp-json\/wp\/v2\/pages"}],"about":[{"href":"https:\/\/wp.ufpel.edu.br\/cursodeadministracao\/wp-json\/wp\/v2\/types\/page"}],"author":[{"embeddable":true,"href":"https:\/\/wp.ufpel.edu.br\/cursodeadministracao\/wp-json\/wp\/v2\/users\/114"}],"replies":[{"embeddable":true,"href":"https:\/\/wp.ufpel.edu.br\/cursodeadministracao\/wp-json\/wp\/v2\/comments?post=3135"}],"version-history":[{"count":3,"href":"https:\/\/wp.ufpel.edu.br\/cursodeadministracao\/wp-json\/wp\/v2\/pages\/3135\/revisions"}],"predecessor-version":[{"id":3418,"href":"https:\/\/wp.ufpel.edu.br\/cursodeadministracao\/wp-json\/wp\/v2\/pages\/3135\/revisions\/3418"}],"wp:attachment":[{"href":"https:\/\/wp.ufpel.edu.br\/cursodeadministracao\/wp-json\/wp\/v2\/media?parent=3135"}],"curies":[{"name":"wp","href":"https:\/\/api.w.org\/{rel}","templated":true}]}}