{"id":391,"date":"2024-04-02T11:42:13","date_gmt":"2024-04-02T14:42:13","guid":{"rendered":"https:\/\/wp.ufpel.edu.br\/cursocapacitacaoanimaisufpel3ed\/?page_id=391"},"modified":"2024-05-20T14:42:45","modified_gmt":"2024-05-20T17:42:45","slug":"modulo-capacitacaoanimais-de-producao-palestrantes","status":"publish","type":"page","link":"https:\/\/wp.ufpel.edu.br\/cursocapacitacaoanimaisufpel3ed\/modulo-capacitacaoanimais-de-producao-palestrantes\/","title":{"rendered":"M\u00f3dulo Animais de Produ\u00e7\u00e3o"},"content":{"rendered":"<h2 style=\"text-align: center;\"><strong>M\u00f3dulo Animais de Produ\u00e7\u00e3o &#8211; Palestrantes\u00a0<\/strong><\/h2>\n<p><img class=\"wp-image-246 size-thumbnail\" src=\"https:\/\/wp.ufpel.edu.br\/cursocapacitacaoanimaisufpel3ed\/files\/2024\/03\/Isabella-Dias-Barbosa-Silveira-200x200.jpg\" alt=\"\" width=\"200\" height=\"200\" \/><\/p>\n<p><strong>ISABELLA DIAS BARBOSA SILVEIRA- UNIVERSIDADE FEDERAL DE PELOTAS<\/strong><\/p>\n<p><strong>Link Lattes: <\/strong><a href=\"http:\/\/lattes.cnpq.br\/5700216426341087\" target=\"_blank\" rel=\"noopener\">http:\/\/lattes.cnpq.br\/5700216426341087<\/a><\/p>\n<p>Zootecnista, mestre\u00a0<span style=\"color: var(--cor-texto); font-family: var(--fonte-corpo);\">(2000) <\/span><span style=\"color: var(--cor-texto); font-family: var(--fonte-corpo);\">e doutora <\/span><span style=\"color: var(--cor-texto); font-family: var(--fonte-corpo);\">(2005)<\/span><span style=\"color: var(--cor-texto); font-family: var(--fonte-corpo);\"> em Zootecnia pela Universidade Federal de Pelotas. Revisora da Revista Brasileira de Zootecnia e Membro da Comiss\u00e3o de Ensino da Zootecnia do Conselho Regional de Medicina Veterin\u00e1ria e Zootecnia &#8211; CRMVZ &#8211; RS. Experi\u00eancia na \u00e1rea de Zootecnia, com \u00eanfase em Ecologia dos Animais Dom\u00e9sticos e Etologia, atuando principalmente nos seguintes temas: comportamento, bovino, produ\u00e7\u00e3o animal, estresse e manejo. Ministra disciplinas na \u00e1rea de comportamento e bem-estar animal, exterior e julgamento dos animais dom\u00e9sticos, boas pr\u00e1ticas e bem-estar animal, Avalia\u00e7\u00e3o e Tipifica\u00e7\u00e3o de carca\u00e7as. Coordena o N\u00facleo de Pesquisa &#8211; Zootecnia de Precis\u00e3o &#8211; ZOOPREC.<\/span><span class=\"texto\" style=\"color: var(--cor-texto); font-family: var(--fonte-corpo);\">\u00a0<\/span><\/p>\n<p>&nbsp;<\/p>\n<p><img class=\"alignnone wp-image-253 size-thumbnail\" src=\"https:\/\/wp.ufpel.edu.br\/cursocapacitacaoanimaisufpel3ed\/files\/2024\/03\/MABEL-MASCARENHAS-WIEGAND-200x200.jpg\" alt=\"\" width=\"200\" height=\"200\" \/><\/p>\n<p><strong>MABEL MASCARENHAS WIEGAND &#8211; UNIVERSIDADE FEDERAL DE PELOTAS<\/strong><\/p>\n<p><strong>Link Lattes: <\/strong><a href=\"http:\/\/lattes.cnpq.br\/5964696465700353\" target=\"_blank\" rel=\"noopener\">http:\/\/lattes.cnpq.br\/5964696465700353<\/a><\/p>\n<p>Medica Veterin\u00e1ria, mestre pela em Sanidade Animal pela Universidade Federal de Pelotas (1987) e doutora em Zootecnia pela Universidade Federal de Pelotas (2007). Foi Diretora do Departamento de Desenvolvimento Educacional (DDE) (1999-2001) da Pr\u00f3-Reitoria de Gradua\u00e7\u00e3o da UFPel, Diretora do Departamento de Interc\u00e2mbio e Programas Internacionais (DIPI) da UFPel e Coordenadora dos Cursos de Ci\u00eancias Biol\u00f3gicas &#8211; Licenciatura e Bacharelado, al\u00e9m de experi\u00eancia como Chefe e sub-chefe do Departamento de Fisiologia e Farmacologia do Instituto de Biologia.<\/p>\n<p>&nbsp;<\/p>\n<p><img class=\"alignnone wp-image-250\" src=\"https:\/\/wp.ufpel.edu.br\/cursocapacitacaoanimaisufpel3ed\/files\/2024\/03\/Jerri-Teixeira-Zanusso.jpeg\" alt=\"\" width=\"200\" height=\"200\" \/><\/p>\n<p><strong>JERRI TEIXEIRA ZANUSSO &#8211; UNIVERSIDADE FEDERAL DE PELOTAS<\/strong><\/p>\n<p><strong>Link Lattes: <\/strong><a href=\"http:\/\/lattes.cnpq.br\/9134407017290636\" target=\"_blank\" rel=\"noopener\">http:\/\/lattes.cnpq.br\/9134407017290636<\/a><\/p>\n<p>Engenheiro Agr\u00f4nomo, mestre em Zootecnia pela Universidade Federal de Vi\u00e7osa (1998) e doutor em <em>Sciences Agronomiques<\/em> pelo <em>Institut National Polytechnique de Toulouse<\/em> &#8211; Fran\u00e7a (2002). Ocupou os cargos de coordenador do Programa de P\u00f3s-Gradua\u00e7\u00e3o em Zootecnia\/UFPEL, subchefe do Departamento de Zootecnia\/FAEM\/UFPEL, coordenador do Colegiado do Curso de Zootecnia\/UFPEL e de vice-diretor na Faculdade de Agronomia\/UFPEL. Atua em projetos de extens\u00e3o com foco no desenvolvimento da apicultura regional, com \u00eanfase na agricultura familiar e organiza\u00e7\u00e3o da cadeia produtiva, colaborando no Arranjo Produtivo Local. No ensino e pesquisa atua nas \u00e1reas de produ\u00e7\u00e3o av\u00edcola, bioclimatologia animal e apicultura.<\/p>\n<p>&nbsp;<\/p>\n<p><img class=\"alignnone wp-image-258 size-thumbnail\" src=\"https:\/\/wp.ufpel.edu.br\/cursocapacitacaoanimaisufpel3ed\/files\/2024\/03\/Luciana-Honorato-1-200x200.jpg\" alt=\"\" width=\"200\" height=\"200\" \/><\/p>\n<p><strong>LUCIANA APARECIDA HONORATO &#8211; UNIVERSIDADE FEDERAL DE SANTA CATARINA<\/strong><\/p>\n<p><strong>Link Lattes: <\/strong><a href=\"http:\/\/lattes.cnpq.br\/9929598506934558\" target=\"_blank\" rel=\"noopener\">http:\/\/lattes.cnpq.br\/9929598506934558<\/a><\/p>\n<p>M\u00e9dica veterin\u00e1ria, mestre em Agroecossistemas pela Universidade Federal de Santa Catarina, doutora em Ci\u00eancias pela Universidade Federal de Pelotas e p\u00f3s-doutorado em etologia aplicada e bem-estar animal pela Universidade Federal de Santa Catarina. M\u00e9dica veterin\u00e1ria dos biot\u00e9rios setoriais do Centro de Ci\u00eancias Biol\u00f3gicas na Universidade Federal de Santa Catarina e colaboradora nas disciplinas de Manejo e Ci\u00eancia de Animais de Laborat\u00f3rio dos Programas de P\u00f3s-gradua\u00e7\u00e3o em Farmacologia, Neuroci\u00eancias e Bioqu\u00edmica. \u00c9 membro da CEUA\/UFSC, onde atuou como Coordenadora na gest\u00e3o 2021-2023.<\/p>\n<p>&nbsp;<\/p>\n<p><img class=\"alignnone wp-image-260 size-thumbnail\" src=\"https:\/\/wp.ufpel.edu.br\/cursocapacitacaoanimaisufpel3ed\/files\/2024\/03\/Mateus-Jose-Rodrigues-Paranhos-da-Costa-200x200.jpg\" alt=\"\" width=\"200\" height=\"200\" \/><\/p>\n<p><strong>MATEUS JOSE RODRIGUES PARANHOS DA COSTA &#8211; UNIVERSIDADE ESTADUAL PAULISTA\u00a0 &#8220;J\u00daLIO DE MESQUITA FILHO&#8221;<\/strong><\/p>\n<p><strong>Link Lattes: <\/strong><a href=\"http:\/\/lattes.cnpq.br\/7784945129978219\" target=\"_blank\" rel=\"noopener\">http:\/\/lattes.cnpq.br\/7784945129978219<\/a><\/p>\n<p>Zootecnista, especializa\u00e7\u00e3o em Comportamento Animal pela Universidade de S\u00e3o Paulo (1986), mestre em Zootecnia na Universidade Estadual Paulista (1985), doutor em Psicobiologia na Universidade de s\u00e3o Paulo (1995) e p\u00f3s-doutorado em Bem-Estar Animal na Universidade de Cambridge (1999). Foi pesquisador visitante (2009 &#8211; 2010), na sede da Organiza\u00e7\u00e3o das Na\u00e7\u00f5es Unidas para a Agricultura e Alimenta\u00e7\u00e3o (FAO) e membro do Comit\u00e9 de Bem-Estar Animal e Educa\u00e7\u00e3o (2009 &#8211; 2010) da Unidade de Bem-Estar animal da Diretoria Geral de Sa\u00fade e Aten\u00e7\u00e3o ao Consumidor da Uni\u00e3o Europeia (DG SANCO). Experi\u00eancia na \u00e1rea de Zootecnia, com \u00eanfase nas \u00e1reas de Ecologia e Etologia dos Animais Dom\u00e9sticos e Bem-Estar Animal. Foi nomeado pela Revista Dinheiro Rural, como uma das 100 pessoas mais influentes do agroneg\u00f3cio brasileiro (de 2013 a 2016).<\/p>\n<p>&nbsp;<\/p>\n<p><img src=\"blob:https:\/\/web.whatsapp.com\/a09490d2-ce40-4f47-ac0e-a77ec752469a\" \/><img class=\"alignnone wp-image-535\" src=\"https:\/\/wp.ufpel.edu.br\/cursocapacitacaoanimaisufpel3ed\/files\/2024\/05\/WhatsApp-Image-2024-04-30-at-17.23.26-301x400.jpeg\" alt=\"\" width=\"161\" height=\"214\" srcset=\"https:\/\/wp.ufpel.edu.br\/cursocapacitacaoanimaisufpel3ed\/files\/2024\/05\/WhatsApp-Image-2024-04-30-at-17.23.26-301x400.jpeg 301w, https:\/\/wp.ufpel.edu.br\/cursocapacitacaoanimaisufpel3ed\/files\/2024\/05\/WhatsApp-Image-2024-04-30-at-17.23.26-768x1021.jpeg 768w, https:\/\/wp.ufpel.edu.br\/cursocapacitacaoanimaisufpel3ed\/files\/2024\/05\/WhatsApp-Image-2024-04-30-at-17.23.26.jpeg 770w\" sizes=\"(max-width: 161px) 100vw, 161px\" \/><\/p>\n<p><strong>LEONARDO BERGMANN GRIBELER\u00a0 &#8211; UNIVERSIDADE FEDERAL DE PELOTAS<\/strong><\/p>\n<p>Link Latttes: http:\/\/lattes.cnpq.br\/2534724283493880<\/p>\n<p>&nbsp;<\/p>\n<p>&nbsp;<\/p>\n","protected":false},"excerpt":{"rendered":"<p>M\u00f3dulo Animais de Produ\u00e7\u00e3o &#8211; Palestrantes\u00a0 ISABELLA DIAS BARBOSA SILVEIRA- UNIVERSIDADE FEDERAL DE PELOTAS Link Lattes: http:\/\/lattes.cnpq.br\/5700216426341087 Zootecnista, mestre\u00a0(2000) e doutora (2005) em Zootecnia pela Universidade Federal de Pelotas. Revisora da Revista Brasileira de Zootecnia e Membro da Comiss\u00e3o de Ensino da Zootecnia do Conselho Regional de Medicina Veterin\u00e1ria e Zootecnia &#8211; CRMVZ &#8211; RS. [&hellip;]<\/p>\n","protected":false},"author":1359,"featured_media":0,"parent":0,"menu_order":8,"comment_status":"closed","ping_status":"closed","template":"","meta":{"footnotes":""},"class_list":["post-391","page","type-page","status-publish","hentry"],"_links":{"self":[{"href":"https:\/\/wp.ufpel.edu.br\/cursocapacitacaoanimaisufpel3ed\/wp-json\/wp\/v2\/pages\/391","targetHints":{"allow":["GET"]}}],"collection":[{"href":"https:\/\/wp.ufpel.edu.br\/cursocapacitacaoanimaisufpel3ed\/wp-json\/wp\/v2\/pages"}],"about":[{"href":"https:\/\/wp.ufpel.edu.br\/cursocapacitacaoanimaisufpel3ed\/wp-json\/wp\/v2\/types\/page"}],"author":[{"embeddable":true,"href":"https:\/\/wp.ufpel.edu.br\/cursocapacitacaoanimaisufpel3ed\/wp-json\/wp\/v2\/users\/1359"}],"replies":[{"embeddable":true,"href":"https:\/\/wp.ufpel.edu.br\/cursocapacitacaoanimaisufpel3ed\/wp-json\/wp\/v2\/comments?post=391"}],"version-history":[{"count":20,"href":"https:\/\/wp.ufpel.edu.br\/cursocapacitacaoanimaisufpel3ed\/wp-json\/wp\/v2\/pages\/391\/revisions"}],"predecessor-version":[{"id":537,"href":"https:\/\/wp.ufpel.edu.br\/cursocapacitacaoanimaisufpel3ed\/wp-json\/wp\/v2\/pages\/391\/revisions\/537"}],"wp:attachment":[{"href":"https:\/\/wp.ufpel.edu.br\/cursocapacitacaoanimaisufpel3ed\/wp-json\/wp\/v2\/media?parent=391"}],"curies":[{"name":"wp","href":"https:\/\/api.w.org\/{rel}","templated":true}]}}