{"id":387,"date":"2024-04-02T11:40:48","date_gmt":"2024-04-02T14:40:48","guid":{"rendered":"https:\/\/wp.ufpel.edu.br\/cursocapacitacaoanimaisufpel3ed\/?page_id=387"},"modified":"2024-04-03T08:48:12","modified_gmt":"2024-04-03T11:48:12","slug":"modulo-capacitacao-caes-e-gatos-palestrantes","status":"publish","type":"page","link":"https:\/\/wp.ufpel.edu.br\/cursocapacitacaoanimaisufpel3ed\/modulo-capacitacao-caes-e-gatos-palestrantes\/","title":{"rendered":"M\u00f3dulo C\u00e3es e Gatos"},"content":{"rendered":"<h2 style=\"text-align: center;\"><strong>M\u00f3dulo C\u00e3es e Gatos &#8211; Palestrantes\u00a0<\/strong><\/h2>\n<p>&nbsp;<\/p>\n<p><img class=\"alignnone wp-image-229 size-thumbnail\" src=\"https:\/\/wp.ufpel.edu.br\/cursocapacitacaoanimaisufpel3ed\/files\/2024\/03\/Fabiane-Peter-200x200.jpeg\" alt=\"\" width=\"200\" height=\"200\" \/><\/p>\n<p><strong>FABIANE PETER &#8211; SECRETARIA MUNCIPAL DE QUALIDADE AMBIENTAL DE PELOTAS<\/strong><\/p>\n<p><strong>Link Lattes: <\/strong><a href=\"http:\/\/lattes.cnpq.br\/4110415572750361\" target=\"_blank\" rel=\"noopener\">http:\/\/lattes.cnpq.br\/4110415572750361<\/a><\/p>\n<p>Advogada, especialista em Direito Ambiental pela Universidade Federal de Pelotas (2003). Atuou como conciliadora e mediadora na Central de Concilia\u00e7\u00e3o e Media\u00e7\u00e3o do Foro da Comarca de Pelotas\/RS. \u00c9 especialista em Direito Animal pela UNINTER\/ESMAFE. Aluna Especial no Mestrado em Direito pela UFPel e atualmente estou como Coordenadora de Pol\u00edticas P\u00fablicas de controle populacional e educa\u00e7\u00e3o animalista na Secretaria de Qualidade Ambiental do munic\u00edpio de Pelotas.<\/p>\n<p>&nbsp;<\/p>\n<p><img class=\"alignnone wp-image-231 size-thumbnail\" src=\"https:\/\/wp.ufpel.edu.br\/cursocapacitacaoanimaisufpel3ed\/files\/2024\/03\/Saulo-Pinto-200x200.jpg\" alt=\"\" width=\"200\" height=\"200\" \/><\/p>\n<p><strong>SAULO TADEU LEMOS PINTO FILHO &#8211; UNIVERSIDADE FEDERAL DE SANTA MARIA<\/strong><\/p>\n<p><strong>Link Lattes: <\/strong><a href=\"http:\/\/lattes.cnpq.br\/1626744106896196\" target=\"_blank\" rel=\"noopener\">http:\/\/lattes.cnpq.br\/1626744106896196<\/a><\/p>\n<p>Medico Veterin\u00e1rio, mestre (2022) e doutor (2014) em Medicina Veterin\u00e1ria pela Universidade Federal de Santa Maria. Experi\u00eancia na \u00e1rea de Medicina Veterin\u00e1ria, atuando principalmente nos seguintes temas: cl\u00ednica m\u00e9dica e cir\u00fargica de pequenos animais. Atualmente \u00e9 professor Adjunto de Cl\u00ednica M\u00e9dica de Pequenos Animais do Curso de Medicina Veterin\u00e1ria da UFSM.<\/p>\n<p>&nbsp;<\/p>\n<p><img class=\"alignnone wp-image-232 size-thumbnail\" src=\"https:\/\/wp.ufpel.edu.br\/cursocapacitacaoanimaisufpel3ed\/files\/2024\/03\/Gustavo-Boff-200x200.jpg\" alt=\"\" width=\"200\" height=\"200\" srcset=\"https:\/\/wp.ufpel.edu.br\/cursocapacitacaoanimaisufpel3ed\/files\/2024\/03\/Gustavo-Boff-200x200.jpg 200w, https:\/\/wp.ufpel.edu.br\/cursocapacitacaoanimaisufpel3ed\/files\/2024\/03\/Gustavo-Boff.jpg 220w\" sizes=\"(max-width: 200px) 100vw, 200px\" \/><\/p>\n<p><strong>GUSTAVO ANT\u00d4NIO BOFF &#8211; UNIVERSIDADE FEDERAL DE PELOTAS<\/strong><\/p>\n<p><strong>Link Lattes: <\/strong><a href=\"http:\/\/lattes.cnpq.br\/4931595149326740\" target=\"_blank\" rel=\"noopener\">http:\/\/lattes.cnpq.br\/4931595149326740<\/a><\/p>\n<p>Medico Veterin\u00e1rio, resid\u00eancia em anestesiologia veterin\u00e1ria pela Universidade Federal de Pelotas (2019), e mestre em veterin\u00e1ria pela Universidade Federal de Pelotas (2021). Tem experi\u00eancia na \u00e1rea de Medicina Veterin\u00e1ria, com \u00eanfase em Anestesiologia Animal.<\/p>\n<p>&nbsp;<\/p>\n<p><img class=\"alignnone wp-image-235\" src=\"https:\/\/wp.ufpel.edu.br\/cursocapacitacaoanimaisufpel3ed\/files\/2024\/03\/William.gif\" alt=\"\" width=\"200\" height=\"206\" \/><\/p>\n<p><strong>WILLIAM JAMES DOMINGUES AZARIO &#8211; SECRETARIA MUNCIPAL DE EDUCA\u00c7\u00c3O E DESPORTO DE PELOTAS<\/strong><\/p>\n<p><strong>Link Lattes: <\/strong><a href=\"http:\/\/lattes.cnpq.br\/4877018478554514\" target=\"_blank\" rel=\"noopener\">http:\/\/lattes.cnpq.br\/4877018478554514<\/a><\/p>\n<p>Bi\u00f3logo. Respons\u00e1vel pela sa\u00fade p\u00fablica das escolas municipais &#8211; Secretaria Municipal de Educa\u00e7\u00e3o de Pelotas e professor de Biologia no ensino m\u00e9dio. Possui um projeto particular de preserva\u00e7\u00e3o e preven\u00e7\u00e3o de acidentes com animais pe\u00e7onhentos e identifica\u00e7\u00e3o de plantas t\u00f3xica com acervo vivo de animais pe\u00e7onhentos e plantas.<span class=\"texto\">\u00a0<\/span><\/p>\n<p><img class=\"alignnone wp-image-236 size-thumbnail\" src=\"https:\/\/wp.ufpel.edu.br\/cursocapacitacaoanimaisufpel3ed\/files\/2024\/03\/Arlete-200x200.jpg\" alt=\"\" width=\"200\" height=\"200\" \/><\/p>\n<p><strong>MARLETE BRUM CLEFF &#8211; UNIVERSIDADE FEDERAL DE PELOTAS<\/strong><\/p>\n<p><strong>Link Lattes: <\/strong><a href=\"http:\/\/lattes.cnpq.br\/9916986411712495\" target=\"_blank\" rel=\"noopener\">http:\/\/lattes.cnpq.br\/9916986411712495<\/a><\/p>\n<p>Medica Veterin\u00e1ria, especializa\u00e7\u00e3o em Homeopatia pela Faculdade de Ci\u00eancias da Sa\u00fade de S\u00e3o Paulo (2002), mestre em Veterin\u00e1ria pela Universidade Federal de Pelotas (2003), Especializa\u00e7\u00e3o em Fitoqu\u00edmica-Produtos Naturais (2005) e Doutora em Ci\u00eancias Veterin\u00e1rias pela Universidade Federal do Rio Grande do Sul (UFRGS) (2008). Atua como pesquisadora com \u00eanfase em Cl\u00ednica Veterin\u00e1ria, Veterin\u00e1ria Preventiva e Microbiologia, atuando principalmente nos seguintes temas: Doen\u00e7as infecciosas, microbiologia, micologia, farmacologia e terap\u00eautica e Prospec\u00e7\u00e3o de novas mol\u00e9culas a partir de produtos naturais nos Programas de P\u00f3s Gradua\u00e7\u00e3o em Veterin\u00e1ria e Bioqu\u00edmica e Bioprospec\u00e7\u00e3o da UFPel, al\u00e9m de colaborar com o Programa de P\u00f3s Gradua\u00e7\u00e3o em Ci\u00eancias Veterin\u00e1rias da UFRGS. Na \u00e1rea de Extens\u00e3o, atua como colaboradora em projeto de Extens\u00e3o do Hospital Veterin\u00e1rio da Faculdade de Veterin\u00e1ria. Ainda na UFPel, coordena os grupos de ensino, pesquisa e extens\u00e3o Fitopeet, FelVet e DescomplicaLeish.<\/p>\n<p>&nbsp;<\/p>\n<p><img class=\"alignnone wp-image-240 size-thumbnail\" src=\"https:\/\/wp.ufpel.edu.br\/cursocapacitacaoanimaisufpel3ed\/files\/2024\/03\/Paula-Priscila-Correia-Costa-2-200x200.jpg\" alt=\"\" width=\"200\" height=\"200\" \/><\/p>\n<p><strong>PAULA PRISCILA CORREIA COSTA &#8211; UNIVERSIDADE FEDERAL DE PELOTAS<\/strong><\/p>\n<p><strong>Link Lattes: <\/strong><a href=\"http:\/\/lattes.cnpq.br\/6227957374635529\" target=\"_blank\" rel=\"noopener\">http:\/\/lattes.cnpq.br\/6227957374635529<\/a><\/p>\n<p>Medica Veterin\u00e1ria, mestre em Ci\u00eancias Fisiol\u00f3gicas pela Universidade Estadual do Cear\u00e1 (2012) e doutora em farmacologia pela Universidade Federal do Cear\u00e1(2018). Experi\u00eancia na \u00e1rea de Farmacologia Cardiorenal com \u00eanfase em, hipertens\u00e3o arterial e cardioprote\u00e7\u00e3o (p\u00f3s-condicionamento card\u00edaco na isquemia\/reperfus\u00e3o mioc\u00e1rdica), Toxinologia &#8211; Toxicologia (venenos de animais- <em>Phyllorhiza punctata<\/em>, <em>Rhinella schneideri<\/em> e <em>Crotalus durissus cascavella<\/em>; plantas t\u00f3xicas &#8211; I<em>pomoea asarifolia<\/em>, <em>Mascagnia rigida<\/em> e <em>Aspidosperma ulei<\/em> MARKR), bem como em Farmacologia pulmonar com \u00eanfase em tratamento da asma com metalodoadores. Experi\u00eancia em cl\u00ednica m\u00e9dica de pequenos animais (geral e cardiol\u00f3gica), eletrocardiografia, <em>holter<\/em> e diagn\u00f3stico por imagem (ecodopplercardiografia). Coordenadora do grupo de estudos de pequenos animais GEPA FAVET-UECE (2015-2017). Membro da diretoria cient\u00edfica da Anclivepa-Ce (2018-2019). Revisora do corpo editorial da Revista de Higiene e Sanidade Animal. Coordena os grupos de ensino, pesquisa e extens\u00e3o Vetcor (cardiologia veterin\u00e1ria) e Vettox (toxicologia veterin\u00e1ria).<\/p>\n","protected":false},"excerpt":{"rendered":"<p>M\u00f3dulo C\u00e3es e Gatos &#8211; Palestrantes\u00a0 &nbsp; FABIANE PETER &#8211; SECRETARIA MUNCIPAL DE QUALIDADE AMBIENTAL DE PELOTAS Link Lattes: http:\/\/lattes.cnpq.br\/4110415572750361 Advogada, especialista em Direito Ambiental pela Universidade Federal de Pelotas (2003). Atuou como conciliadora e mediadora na Central de Concilia\u00e7\u00e3o e Media\u00e7\u00e3o do Foro da Comarca de Pelotas\/RS. \u00c9 especialista em Direito Animal pela UNINTER\/ESMAFE. [&hellip;]<\/p>\n","protected":false},"author":1359,"featured_media":0,"parent":0,"menu_order":7,"comment_status":"closed","ping_status":"closed","template":"","meta":{"footnotes":""},"class_list":["post-387","page","type-page","status-publish","hentry"],"_links":{"self":[{"href":"https:\/\/wp.ufpel.edu.br\/cursocapacitacaoanimaisufpel3ed\/wp-json\/wp\/v2\/pages\/387","targetHints":{"allow":["GET"]}}],"collection":[{"href":"https:\/\/wp.ufpel.edu.br\/cursocapacitacaoanimaisufpel3ed\/wp-json\/wp\/v2\/pages"}],"about":[{"href":"https:\/\/wp.ufpel.edu.br\/cursocapacitacaoanimaisufpel3ed\/wp-json\/wp\/v2\/types\/page"}],"author":[{"embeddable":true,"href":"https:\/\/wp.ufpel.edu.br\/cursocapacitacaoanimaisufpel3ed\/wp-json\/wp\/v2\/users\/1359"}],"replies":[{"embeddable":true,"href":"https:\/\/wp.ufpel.edu.br\/cursocapacitacaoanimaisufpel3ed\/wp-json\/wp\/v2\/comments?post=387"}],"version-history":[{"count":15,"href":"https:\/\/wp.ufpel.edu.br\/cursocapacitacaoanimaisufpel3ed\/wp-json\/wp\/v2\/pages\/387\/revisions"}],"predecessor-version":[{"id":418,"href":"https:\/\/wp.ufpel.edu.br\/cursocapacitacaoanimaisufpel3ed\/wp-json\/wp\/v2\/pages\/387\/revisions\/418"}],"wp:attachment":[{"href":"https:\/\/wp.ufpel.edu.br\/cursocapacitacaoanimaisufpel3ed\/wp-json\/wp\/v2\/media?parent=387"}],"curies":[{"name":"wp","href":"https:\/\/api.w.org\/{rel}","templated":true}]}}