{"id":381,"date":"2024-04-02T11:37:33","date_gmt":"2024-04-02T14:37:33","guid":{"rendered":"https:\/\/wp.ufpel.edu.br\/cursocapacitacaoanimaisufpel3ed\/?page_id=381"},"modified":"2024-04-03T08:24:42","modified_gmt":"2024-04-03T11:24:42","slug":"modulo-1-capacitacao-em-etica","status":"publish","type":"page","link":"https:\/\/wp.ufpel.edu.br\/cursocapacitacaoanimaisufpel3ed\/modulo-1-capacitacao-em-etica\/","title":{"rendered":"M\u00f3dulo \u00c9tica"},"content":{"rendered":"<h2 style=\"text-align: center;\"><strong>M\u00f3dulo \u00c9tica &#8211; Palestrantes\u00a0<\/strong><\/h2>\n<p><img class=\"alignnone wp-image-195 size-thumbnail\" src=\"https:\/\/wp.ufpel.edu.br\/cursocapacitacaoanimaisufpel3ed\/files\/2024\/03\/Ekaterina-Akimovna-Botovchenco-Rivera-200x200.jpg\" alt=\"\" width=\"200\" height=\"200\" \/><\/p>\n<p><strong>EKATERINA AKIMOVA BOTOVCHENCO RIVERA &#8211; SOCIEDADE BRASILEIRA DE CI\u00caNCIA EM ANIMAIS DE LABORAT\u00d3RIO (SBCAL) &#8211; UNIVERSIDADE FEDERAL DE GOI\u00c1S<\/strong><\/p>\n<p><strong>Link Lattes: <\/strong><a href=\"http:\/\/lattes.cnpq.br\/1788542314525902\" target=\"_blank\" rel=\"noopener\">http:\/\/lattes.cnpq.br\/1788542314525902<\/a><\/p>\n<p>M\u00e9dica Veterin\u00e1ria, Mestre (<em>Laboratory Animal Science, <\/em>T<em>he Royal Veterinary College<\/em>, <em>University of London<\/em>, 1989); Doutora Not\u00f3rio Saber (Universidade Federal de Goi\u00e1s, 2017); Pesquisadora Em\u00e9rita CNPq; Coordenadora do CONCEA (2020-2022); Membro titular do CONCEA (2018-2020); Coordenadora do Biot\u00e9rio Central da Universidade Federal de Goi\u00e1s (1979 a 2014); Membro do Comit\u00ea de \u00c9tica em Pesquisa Humana do HC\/UFG; Coordenadora da CEUA-UFG; Membro do grupo de consultores <em>ad hoc<\/em> em bem-estar de animais de laborat\u00f3rio da OIE-OMSA Organiza\u00e7\u00e3o Mundial da Sa\u00fade Animal; Membro do grupo de trabalho na elabora\u00e7\u00e3o do Decreto 6899-09 que regulamentou a Lei 11794-08. Membro do Comit\u00ea Gestor e da Comiss\u00e3o de Ensino da REBIOT\u00c9RIOS \u2013 CNPq; Comiss\u00e3o de \u00c9tica e Bem-estar animal do Conselho Federal de Medicina Veterin\u00e1ria (2000-2006); Presidente da Sociedade Brasileira de Ci\u00eancia em Animais de Laborat\u00f3rio (SBCAL\/COBEA) (2017-2019) e Presidente do Comit\u00ea de Bem-estar animal do CRMV\/GO. Possui diversos pr\u00eamios e homenagens Nacionais e Internacionais. Atua principalmente nos seguintes temas: animais de laborat\u00f3rio, \u00e9tica, animais de experimenta\u00e7\u00e3o (analgesia\/anestesia\/eutan\u00e1sia), bem-estar em animais de laborat\u00f3rio, alternativas ao uso de animais em ensino, pesquisa e testes e Comit\u00eas de \u00c9tica. Trabalha com \u00e9tica aplicada \u00e0 medicina veterin\u00e1ria tendo livro na \u00e1rea. Tem experi\u00eancia na avalia\u00e7\u00e3o de testes com animais na \u00e1rea de ecotoxicologia tendo sido consultora do IBAMA e ANVISA, por 7 anos.\u00a0Representante do Brasil junto ao <em>ICLAS-International Council on Laboratory Animal Science<\/em>, fazendo parte de sua Diretoria Executiva e da Comiss\u00e3o deste \u00f3rg\u00e3o para normas internacionais de harmoniza\u00e7\u00e3o no ensino da ci\u00eancia de animais de laborat\u00f3rio e de comit\u00eas de \u00e9tica. Consultora <em>ad hoc<\/em> no processo de avalia\u00e7\u00e3o de projetos da FAPEGO\/GO e membro <em>ad hoc<\/em> do AAALAC-<em>Association for the Assessment and Accreditation of Laboratory Animal Care<\/em>.<\/p>\n<p>&nbsp;<\/p>\n<p><img class=\"alignnone wp-image-197\" src=\"https:\/\/wp.ufpel.edu.br\/cursocapacitacaoanimaisufpel3ed\/files\/2024\/03\/AUGUSTO-SCHNEIDER.png\" alt=\"\" width=\"200\" height=\"200\" \/><\/p>\n<p><strong>AUGUSTO SCHNEIDER &#8211; UNIVERSIDADE FEDERAL DE PELOTAS<\/strong><\/p>\n<p><strong>Link Lattes: <\/strong><a href=\"http:\/\/lattes.cnpq.br\/0952566646598843\" target=\"_blank\" rel=\"noopener\">http:\/\/lattes.cnpq.br\/0952566646598843<\/a><\/p>\n<p>M\u00e9dico Veterin\u00e1rio, mestre (2008) e doutor (2011) em Biotecnologia pela Universidade Federal de Pelotas. Atualmente \u00e9 professor associado da Faculdade de Nutri\u00e7\u00e3o na Universidade Federal de Pelotas. Atua como orientador permanente nos Programas de P\u00f3s-gradua\u00e7\u00e3o em Nutri\u00e7\u00e3o e Alimentos, Veterin\u00e1ria e Bioqu\u00edmica e Bioprospec\u00e7\u00e3o. Tem como interesse de pesquisa a intera\u00e7\u00e3o entre envelhecimento, fertilidade e nutri\u00e7\u00e3o. Principais temas de pesquisa incluem GH\/IGF, restri\u00e7\u00e3o cal\u00f3rica, senesc\u00eancia e fertilidade de f\u00eameas.<\/p>\n<p>&nbsp;<\/p>\n<p><img class=\"alignnone wp-image-198 size-thumbnail\" src=\"https:\/\/wp.ufpel.edu.br\/cursocapacitacaoanimaisufpel3ed\/files\/2024\/03\/Antonio-Americo-Barbosa-Viana-200x200.jpg\" alt=\"\" width=\"200\" height=\"200\" \/><\/p>\n<p><strong>ANT\u00d4NIO AM\u00c9RICO BARBOSA VIANA &#8211; MINISTE\u00b4RIO DA CI\u00caNCIA, TECNOLOGIA E INOVA\u00c7\u00c3O DO BRASIL (MCTI) &#8211; CONSELHO NACIONAL DE CONTROLE DE EXPERIMENTA\u00c7\u00c3O ANIMAL (CONCEA)<\/strong><\/p>\n<p><strong>Link Lattes: <\/strong><a href=\"http:\/\/lattes.cnpq.br\/9637837905139983\" target=\"_blank\" rel=\"noopener\">http:\/\/lattes.cnpq.br\/9637837905139983<\/a><\/p>\n<p>Bi\u00f3logo, mestre em Biologia Molecular pela Universidade de Bras\u00edlia (UnB) (2003).Doutor em Biologia Molecular e Celular pela <em>University of Massachusetts<\/em> (<em>UMass &#8211; Amherst<\/em>\/EUA, 2009). Realizou p\u00f3s-doutoramento no grupo de Intera\u00e7\u00f5es Moleculares Planta-Pat\u00f3geno da Embrapa Recursos Gen\u00e9ticos e Biotecnologia (DF). Tem experi\u00eancia na \u00e1rea de Biologia Molecular, Celular e Bioqu\u00edmica, especializando-se nos seguintes temas: endere\u00e7amento de prote\u00ednas, transloca\u00e7\u00e3o e inser\u00e7\u00e3o de prote\u00ednas em membranas, biog\u00eanese e mecanismos de importe em cloroplastos, prospec\u00e7\u00e3o e caracteriza\u00e7\u00e3o de promotores, clonagem de genes e promotores, express\u00e3o heter\u00f3loga de prote\u00ednas e express\u00e3o genica. Tecnologista e Coordenador Substituto da Secretaria Executiva do Conselho Nacional de Controle de Experimenta\u00e7\u00e3o Animal &#8211; CONCEA (MCTI), com experi\u00eancia na legisla\u00e7\u00e3o sobre o uso de animais em atividade de ensino ou pesquisa cient\u00edfica, Comiss\u00f5es de \u00c9tica no Uso de Animais (CEUAs) e Ciuca.<\/p>\n<p>&nbsp;<\/p>\n<p><img class=\"alignnone wp-image-199 size-thumbnail\" src=\"https:\/\/wp.ufpel.edu.br\/cursocapacitacaoanimaisufpel3ed\/files\/2024\/03\/Priscila-Marques-Moura-de-Leon-200x200.jpg\" alt=\"\" width=\"200\" height=\"200\" \/><\/p>\n<p><strong>PRISCILA MARQUES MOURA DE LEON &#8211; UNIVERSIDADE FEDERAL DE PELOTAS<\/strong><\/p>\n<p><strong>Link Lattes: <\/strong><a href=\"http:\/\/lattes.cnpq.br\/8926433491253009\" target=\"_blank\" rel=\"noopener\">http:\/\/lattes.cnpq.br\/8926433491253009<\/a><\/p>\n<p>M\u00e9dica Veterin\u00e1ria, mestre em Veterin\u00e1ria, \u00e1rea de concentra\u00e7\u00e3o Reprodu\u00e7\u00e3o Animal (2008); Doutora em Biotecnologia pela Universidade Federal de Pelotas, \u00e1rea de concentra\u00e7\u00e3o Gen\u00f4mica aplicada a Reprodu\u00e7\u00e3o de Equinos (2011). P\u00f3s-Doutorado em Biotecnologia pela Universidade Federal de Pelotas (2014), em Embriologia e Cultivo Celular aplicados \u00e0 determina\u00e7\u00e3o de Oncof\u00e1rmacos. Professora e coordenadora do curso de Gradua\u00e7\u00e3o em Biotecnologia\/CDTec\/UFPel.<\/p>\n<p>&nbsp;<\/p>\n<p><img class=\"alignnone wp-image-201 size-thumbnail\" src=\"https:\/\/wp.ufpel.edu.br\/cursocapacitacaoanimaisufpel3ed\/files\/2024\/03\/Octavio-Augusto-Franca-Presgrave-200x200.png\" alt=\"\" width=\"200\" height=\"200\" \/><\/p>\n<p><strong>OCTAVIO AUGUSTO FRAN\u00c7A PRESGRAVE &#8211; FUNDA\u00c7\u00c3O OSWALDO CRUZ\/ AG\u00caNCIA NACIONAL DE VIGIL\u00c3NCIA SANIT\u00c1RIA (ANVISA)<\/strong><\/p>\n<p><strong>Link Lattes: <\/strong><a href=\"http:\/\/lattes.cnpq.br\/2228111092013682\" target=\"_blank\" rel=\"noopener\">http:\/\/lattes.cnpq.br\/2228111092013682<\/a><\/p>\n<p>Bi\u00f3logo, mestre em Biologia Celular e Molecular pela Funda\u00e7\u00e3o Oswaldo Cruz (2003). Doutor em Vigil\u00e2ncia Sanit\u00e1ria (INCQS, 2012). Tecnologista S\u00eanior da Funda\u00e7\u00e3o Oswaldo Cruz (ICTB\/FIOCRUZ) e colaborador da Ag\u00eancia Nacional de Vigil\u00e2ncia Sanit\u00e1ria (ANVISA), onde \u00e9 membro da C\u00e2mara T\u00e9cnica de Cosm\u00e9ticos (CATEC). Tem experi\u00eancia na \u00e1rea de Farmacologia e Toxicologia, com \u00eanfase em M\u00e9todos Alternativos, atuando principalmente nos seguintes temas: m\u00e9todos alternativos, toxicologia, cosm\u00e9ticos, controle da qualidade, pirog\u00eanio, irrita\u00e7\u00e3o ocular e cut\u00e2nea. Foi chefe do Departamento de Farmacologia e Toxicologia do INCQS\/FIOCRUZ de 1994 a 2000 e Coordenador do Grupo T\u00e9cnico de Cosm\u00e9ticos do INCQS\/FIOCRUZ de 1994 a 2010. \u00c9 revisor de revistas nacionais e internacionais. Membro da Comiss\u00e3o de \u00c9tica no Uso de Animais da FIOCRUZ (CEUA\/FIOCRUZ) desde 1999, sendo coordenador da mesma de 2006 a 2008 e retornando a coorden\u00e1-la de 2010 a 2022. Vice-Presidente da Sociedade Brasileira em Ci\u00eancias de Animais de Laborat\u00f3rio (SBCAL) de 2018 a 2022. Coordenador do BraCVAM &#8211; Centro Brasileiro para a Valida\u00e7\u00e3o de M\u00e9todos Alternativos.<\/p>\n<p>&nbsp;<\/p>\n<p><img class=\"alignnone wp-image-203 size-thumbnail\" src=\"https:\/\/wp.ufpel.edu.br\/cursocapacitacaoanimaisufpel3ed\/files\/2024\/03\/servletrecuperafoto-200x200.jpg\" alt=\"\" width=\"200\" height=\"200\" srcset=\"https:\/\/wp.ufpel.edu.br\/cursocapacitacaoanimaisufpel3ed\/files\/2024\/03\/servletrecuperafoto-200x200.jpg 200w, https:\/\/wp.ufpel.edu.br\/cursocapacitacaoanimaisufpel3ed\/files\/2024\/03\/servletrecuperafoto-400x400.jpg 400w, https:\/\/wp.ufpel.edu.br\/cursocapacitacaoanimaisufpel3ed\/files\/2024\/03\/servletrecuperafoto.jpg 461w\" sizes=\"(max-width: 200px) 100vw, 200px\" \/><\/p>\n<p><strong>FREDERICO SCHMITT KREMER &#8211; UNIVERSIDADE FEDERAL DE PELOTAS<\/strong><\/p>\n<p><strong>Link Lattes: <\/strong><a href=\"http:\/\/lattes.cnpq.br\/6065261074656602\" target=\"_blank\" rel=\"noopener\">http:\/\/lattes.cnpq.br\/6065261074656602<\/a><\/p>\n<p>Bacharel, Mestre e Doutor em Biotecnologia formado pela Universidade Federal de Pelotas (UFPel) e graduando em An\u00e1lise e Desenvolvimento de Sistemas pela Faculdade de Tecnologia Senac-RS. Experi\u00eancia com bioinform\u00e1tica aplicada \u00e0 an\u00e1lise de dados de sequenciamento de nova gera\u00e7\u00e3o (NGS), com \u00eanfase em genomas microbianos, bem como desenvolvimento de aplica\u00e7#333;es para processamento de dados biol\u00f3gicos. Atualmente \u00e9 professor do curso de Gradua\u00e7\u00e3o e professor\/orientador no Programa de P\u00f3s-Gradua\u00e7\u00e3o (PPGBiotec) da UFPel, onde coordena o Grupo de Pesquisa Omixlab. \u00c9 tamb\u00e9m coordenador adjunto do Hub de Inova\u00e7\u00e3o em Intelig\u00eancia Artificial da UFPel, onde colabora atuando em projetos de pesquisa e desenvolvimento em parceria com empresas, tendo participado em projetos com as empresas FLAGCX e Freedom.<\/p>\n<p>&nbsp;<\/p>\n<p><img class=\"alignnone wp-image-204 size-thumbnail\" src=\"https:\/\/wp.ufpel.edu.br\/cursocapacitacaoanimaisufpel3ed\/files\/2024\/03\/screenshot_2024-01-10_at_9.19.48_am-200x200.jpg\" alt=\"\" width=\"200\" height=\"200\" \/><\/p>\n<p><strong>JULIANA HOFSTATTER\u00a0 AZAMBUJA &#8211; UNIVERSIDADE DE PITTSBURG\/EUA<\/strong><\/p>\n<p><strong>Link Lattes: <\/strong><a href=\"http:\/\/lattes.cnpq.br\/9481524585841024\" target=\"_blank\" rel=\"noopener\">http:\/\/lattes.cnpq.br\/9481524585841024<\/a><\/p>\n<p>Gradua\u00e7\u00e3o em Biotecnologia pela Universidade Federal de Pelotas (2014), mestrado em Bioqu\u00edmica pela Universidade Federal de Pelotas (2016) e doutorado em Bioci\u00eancias pela Universidade Federal de Ci\u00eancias da Sa\u00fade de Porto Alegre (UFCSPA). Atualmente p\u00f3s-doutoranda no Departamento de Pediatria da Faculdade de Medicina da Universidade de Pittsburgh.<\/p>\n","protected":false},"excerpt":{"rendered":"<p>M\u00f3dulo \u00c9tica &#8211; Palestrantes\u00a0 EKATERINA AKIMOVA BOTOVCHENCO RIVERA &#8211; SOCIEDADE BRASILEIRA DE CI\u00caNCIA EM ANIMAIS DE LABORAT\u00d3RIO (SBCAL) &#8211; UNIVERSIDADE FEDERAL DE GOI\u00c1S Link Lattes: http:\/\/lattes.cnpq.br\/1788542314525902 M\u00e9dica Veterin\u00e1ria, Mestre (Laboratory Animal Science, The Royal Veterinary College, University of London, 1989); Doutora Not\u00f3rio Saber (Universidade Federal de Goi\u00e1s, 2017); Pesquisadora Em\u00e9rita CNPq; Coordenadora do CONCEA (2020-2022); [&hellip;]<\/p>\n","protected":false},"author":1359,"featured_media":0,"parent":0,"menu_order":4,"comment_status":"closed","ping_status":"closed","template":"","meta":{"footnotes":""},"class_list":["post-381","page","type-page","status-publish","hentry"],"_links":{"self":[{"href":"https:\/\/wp.ufpel.edu.br\/cursocapacitacaoanimaisufpel3ed\/wp-json\/wp\/v2\/pages\/381","targetHints":{"allow":["GET"]}}],"collection":[{"href":"https:\/\/wp.ufpel.edu.br\/cursocapacitacaoanimaisufpel3ed\/wp-json\/wp\/v2\/pages"}],"about":[{"href":"https:\/\/wp.ufpel.edu.br\/cursocapacitacaoanimaisufpel3ed\/wp-json\/wp\/v2\/types\/page"}],"author":[{"embeddable":true,"href":"https:\/\/wp.ufpel.edu.br\/cursocapacitacaoanimaisufpel3ed\/wp-json\/wp\/v2\/users\/1359"}],"replies":[{"embeddable":true,"href":"https:\/\/wp.ufpel.edu.br\/cursocapacitacaoanimaisufpel3ed\/wp-json\/wp\/v2\/comments?post=381"}],"version-history":[{"count":12,"href":"https:\/\/wp.ufpel.edu.br\/cursocapacitacaoanimaisufpel3ed\/wp-json\/wp\/v2\/pages\/381\/revisions"}],"predecessor-version":[{"id":487,"href":"https:\/\/wp.ufpel.edu.br\/cursocapacitacaoanimaisufpel3ed\/wp-json\/wp\/v2\/pages\/381\/revisions\/487"}],"wp:attachment":[{"href":"https:\/\/wp.ufpel.edu.br\/cursocapacitacaoanimaisufpel3ed\/wp-json\/wp\/v2\/media?parent=381"}],"curies":[{"name":"wp","href":"https:\/\/api.w.org\/{rel}","templated":true}]}}