{"id":586,"date":"2021-08-16T14:16:23","date_gmt":"2021-08-16T17:16:23","guid":{"rendered":"https:\/\/wp.ufpel.edu.br\/curadoria\/?page_id=586"},"modified":"2021-08-25T17:41:22","modified_gmt":"2021-08-25T20:41:22","slug":"ver-simoes-lopes-neto-hoje","status":"publish","type":"page","link":"https:\/\/wp.ufpel.edu.br\/curadoria\/laboratorio-de-curadoria-do-museu-de-arte-leopoldo-gotuzzo\/ver-simoes-lopes-neto-hoje\/","title":{"rendered":"Ver Sim\u00f5es Lopes Neto hoje"},"content":{"rendered":"<figure id=\"attachment_696\" aria-describedby=\"caption-attachment-696\" style=\"width: 525px\" class=\"wp-caption alignnone\"><img loading=\"lazy\" decoding=\"async\" class=\"wp-image-696 size-large\" src=\"https:\/\/wp.ufpel.edu.br\/curadoria\/files\/2021\/08\/convite-vslnh-1024x1024.png\" alt=\"\" width=\"525\" height=\"525\" srcset=\"https:\/\/wp.ufpel.edu.br\/curadoria\/files\/2021\/08\/convite-vslnh-1024x1024.png 1024w, https:\/\/wp.ufpel.edu.br\/curadoria\/files\/2021\/08\/convite-vslnh-400x400.png 400w, https:\/\/wp.ufpel.edu.br\/curadoria\/files\/2021\/08\/convite-vslnh-200x200.png 200w, https:\/\/wp.ufpel.edu.br\/curadoria\/files\/2021\/08\/convite-vslnh-768x768.png 768w, https:\/\/wp.ufpel.edu.br\/curadoria\/files\/2021\/08\/convite-vslnh-1536x1536.png 1536w, https:\/\/wp.ufpel.edu.br\/curadoria\/files\/2021\/08\/convite-vslnh-100x100.png 100w, https:\/\/wp.ufpel.edu.br\/curadoria\/files\/2021\/08\/convite-vslnh.png 1924w\" sizes=\"auto, (max-width: 525px) 100vw, 525px\" \/><figcaption id=\"caption-attachment-696\" class=\"wp-caption-text\">Convite padr\u00e3o da exposi\u00e7\u00e3o Ver Sim\u00f5es Lopes Neto hoje<\/figcaption><\/figure>\n<p><span style=\"color: #ffffff;\">.<\/span><\/p>\n<p><strong>Ver Sim\u00f5es Lopes Neto hoje<br \/>\n<\/strong><span style=\"font-size: 14pt;\"><span style=\"font-size: 9pt;\">texto curatorial<\/span><\/span><\/p>\n<p style=\"text-align: justify;\"><span style=\"font-size: inherit;\">Esta exposi\u00e7\u00e3o, \u201cVER Sim\u00f5es Lopes Neto HOJE\u201d, que abrange o acervo pict\u00f3rico e gr\u00e1fico do Instituto Jo\u00e3o Sim\u00f5es Lopes Neto, \u00e9 resultado do esfor\u00e7o conjunto da Prefeitura Municipal, atrav\u00e9s da Secretaria da Cultura, do Laborat\u00f3rio de Curadoria do Museu de Arte Leopoldo Gotuzzo e do Instituto Jo\u00e3o Sim\u00f5es Lopes Neto, em comemora\u00e7\u00e3o dos 155 anos de nascimento do Capit\u00e3o da Guarda Nacional.<\/span><\/p>\n<p style=\"text-align: justify;\"><span style=\"font-size: inherit;\">S\u00e3o apresentadas as obras laureadas nas diversas edi\u00e7\u00f5es do Pr\u00eamio Jo\u00e3o Sim\u00f5es Lopes Neto de Artes Visuais, desde a primeira edi\u00e7\u00e3o, realizada em 2008, em que artistas de todo o estado inscreveram trabalhos, compondo um vigoroso painel da arte contempor\u00e2nea ga\u00facha, focada nas lendas e nos contos do grande escritor.<\/span><\/p>\n<p style=\"text-align: justify;\"><span style=\"font-size: inherit;\">Seguiram-se mais tr\u00eas edi\u00e7\u00f5es, todas, como a primeira, com grande n\u00famero de inscritos, com representa\u00e7\u00f5es locais, estaduais e nacionais, da melhor qualidade, cujos trabalhos consistiam em inspiradas obras de arte contempor\u00e2nea, voltadas para o universo liter\u00e1rio simoniano.<\/span><\/p>\n<p style=\"text-align: justify;\"><span style=\"font-size: inherit;\">\u00c9 este acervo, composto por obras premiadas ou doadas ao Instituto, que est\u00e1 sendo disponibilizado nesta exposi\u00e7\u00e3o.<\/span><\/p>\n<p style=\"text-align: justify;\"><span style=\"font-size: inherit;\">S\u00e3o tamb\u00e9m expostas pe\u00e7as que ilustraram as diversas edi\u00e7\u00f5es dos livros de Sim\u00f5es Lopes Neto.<\/span><\/p>\n<p style=\"text-align: justify;\"><span style=\"font-size: inherit;\">Assim, os organizadores da exposi\u00e7\u00e3o pretendem levar ao p\u00fablico a evid\u00eancia de que a literatura simoniana estimula artistas, das mais variadas correntes e quadrantes, a interpret\u00e1-la com qualificada pluralidade alcan\u00e7ando, como se pode verificar, magn\u00edficos resultados.<\/span><\/p>\n<p style=\"text-align: right;\"><span style=\"font-size: 10pt;\">Pelotas, 9 de mar\u00e7o de 2020<\/span><\/p>\n<p style=\"text-align: right;\"><span style=\"font-size: 10pt;\">Antonio Carlos Mazza Leite<\/span><br \/>\n<span style=\"font-size: 10pt;\">Presidente do IJSLN<\/span><\/p>\n<p style=\"text-align: justify;\"><span style=\"color: #ffffff;\">.<\/span><\/p>\n<hr \/>\n<p><span style=\"color: #ffffff;\">.<\/span><\/p>\n<p><strong>Materiais para download<br \/>\n<\/strong><span style=\"font-size: 10pt;\">Convite padr\u00e3o<\/span><br \/>\n<span style=\"font-size: 10pt;\">Convite completo<\/span><br \/>\n<span style=\"font-size: 10pt;\">Folder<\/span><\/p>\n","protected":false},"excerpt":{"rendered":"<p>. Ver Sim\u00f5es Lopes Neto hoje texto curatorial Esta exposi\u00e7\u00e3o, \u201cVER Sim\u00f5es Lopes Neto HOJE\u201d, que abrange o acervo pict\u00f3rico e gr\u00e1fico do Instituto Jo\u00e3o Sim\u00f5es Lopes Neto, \u00e9 resultado do esfor\u00e7o conjunto da Prefeitura Municipal, atrav\u00e9s da Secretaria da Cultura, do Laborat\u00f3rio de Curadoria do Museu de Arte Leopoldo Gotuzzo e do Instituto Jo\u00e3o &hellip; <\/p>\n<p class=\"link-more\"><a href=\"https:\/\/wp.ufpel.edu.br\/curadoria\/laboratorio-de-curadoria-do-museu-de-arte-leopoldo-gotuzzo\/ver-simoes-lopes-neto-hoje\/\" class=\"more-link\">Continue lendo<span class=\"screen-reader-text\"> &#8220;Ver Sim\u00f5es Lopes Neto hoje&#8221;<\/span><\/a><\/p>\n","protected":false},"author":968,"featured_media":0,"parent":136,"menu_order":6,"comment_status":"closed","ping_status":"closed","template":"","meta":{"footnotes":""},"class_list":["post-586","page","type-page","status-publish","hentry"],"yoast_head":"<!-- This site is optimized with the Yoast SEO plugin v26.7 - https:\/\/yoast.com\/wordpress\/plugins\/seo\/ -->\n<title>Ver Sim\u00f5es Lopes Neto hoje - LACMALG<\/title>\n<meta name=\"robots\" content=\"index, follow, max-snippet:-1, max-image-preview:large, max-video-preview:-1\" \/>\n<link rel=\"canonical\" href=\"https:\/\/wp.ufpel.edu.br\/curadoria\/laboratorio-de-curadoria-do-museu-de-arte-leopoldo-gotuzzo\/ver-simoes-lopes-neto-hoje\/\" \/>\n<meta property=\"og:locale\" content=\"pt_BR\" \/>\n<meta property=\"og:type\" content=\"article\" \/>\n<meta property=\"og:title\" content=\"Ver Sim\u00f5es Lopes Neto hoje - LACMALG\" \/>\n<meta property=\"og:description\" content=\". Ver Sim\u00f5es Lopes Neto hoje texto curatorial Esta exposi\u00e7\u00e3o, \u201cVER Sim\u00f5es Lopes Neto HOJE\u201d, que abrange o acervo pict\u00f3rico e gr\u00e1fico do Instituto Jo\u00e3o Sim\u00f5es Lopes Neto, \u00e9 resultado do esfor\u00e7o conjunto da Prefeitura Municipal, atrav\u00e9s da Secretaria da Cultura, do Laborat\u00f3rio de Curadoria do Museu de Arte Leopoldo Gotuzzo e do Instituto Jo\u00e3o &hellip; Continue lendo &quot;Ver Sim\u00f5es Lopes Neto hoje&quot;\" \/>\n<meta property=\"og:url\" content=\"https:\/\/wp.ufpel.edu.br\/curadoria\/laboratorio-de-curadoria-do-museu-de-arte-leopoldo-gotuzzo\/ver-simoes-lopes-neto-hoje\/\" \/>\n<meta property=\"og:site_name\" content=\"LACMALG\" \/>\n<meta property=\"article:modified_time\" content=\"2021-08-25T20:41:22+00:00\" \/>\n<meta property=\"og:image\" content=\"https:\/\/wp.ufpel.edu.br\/curadoria\/files\/2021\/08\/convite-vslnh-1024x1024.png\" \/>\n<meta name=\"twitter:card\" content=\"summary_large_image\" \/>\n<meta name=\"twitter:label1\" content=\"Est. tempo de leitura\" \/>\n\t<meta name=\"twitter:data1\" content=\"2 minutos\" \/>\n<script type=\"application\/ld+json\" class=\"yoast-schema-graph\">{\"@context\":\"https:\/\/schema.org\",\"@graph\":[{\"@type\":\"WebPage\",\"@id\":\"https:\/\/wp.ufpel.edu.br\/curadoria\/laboratorio-de-curadoria-do-museu-de-arte-leopoldo-gotuzzo\/ver-simoes-lopes-neto-hoje\/\",\"url\":\"https:\/\/wp.ufpel.edu.br\/curadoria\/laboratorio-de-curadoria-do-museu-de-arte-leopoldo-gotuzzo\/ver-simoes-lopes-neto-hoje\/\",\"name\":\"Ver Sim\u00f5es Lopes Neto hoje - LACMALG\",\"isPartOf\":{\"@id\":\"https:\/\/wp.ufpel.edu.br\/curadoria\/#website\"},\"primaryImageOfPage\":{\"@id\":\"https:\/\/wp.ufpel.edu.br\/curadoria\/laboratorio-de-curadoria-do-museu-de-arte-leopoldo-gotuzzo\/ver-simoes-lopes-neto-hoje\/#primaryimage\"},\"image\":{\"@id\":\"https:\/\/wp.ufpel.edu.br\/curadoria\/laboratorio-de-curadoria-do-museu-de-arte-leopoldo-gotuzzo\/ver-simoes-lopes-neto-hoje\/#primaryimage\"},\"thumbnailUrl\":\"https:\/\/wp.ufpel.edu.br\/curadoria\/files\/2021\/08\/convite-vslnh-1024x1024.png\",\"datePublished\":\"2021-08-16T17:16:23+00:00\",\"dateModified\":\"2021-08-25T20:41:22+00:00\",\"breadcrumb\":{\"@id\":\"https:\/\/wp.ufpel.edu.br\/curadoria\/laboratorio-de-curadoria-do-museu-de-arte-leopoldo-gotuzzo\/ver-simoes-lopes-neto-hoje\/#breadcrumb\"},\"inLanguage\":\"pt-BR\",\"potentialAction\":[{\"@type\":\"ReadAction\",\"target\":[\"https:\/\/wp.ufpel.edu.br\/curadoria\/laboratorio-de-curadoria-do-museu-de-arte-leopoldo-gotuzzo\/ver-simoes-lopes-neto-hoje\/\"]}]},{\"@type\":\"ImageObject\",\"inLanguage\":\"pt-BR\",\"@id\":\"https:\/\/wp.ufpel.edu.br\/curadoria\/laboratorio-de-curadoria-do-museu-de-arte-leopoldo-gotuzzo\/ver-simoes-lopes-neto-hoje\/#primaryimage\",\"url\":\"https:\/\/wp.ufpel.edu.br\/curadoria\/files\/2021\/08\/convite-vslnh.png\",\"contentUrl\":\"https:\/\/wp.ufpel.edu.br\/curadoria\/files\/2021\/08\/convite-vslnh.png\",\"width\":1924,\"height\":1923},{\"@type\":\"BreadcrumbList\",\"@id\":\"https:\/\/wp.ufpel.edu.br\/curadoria\/laboratorio-de-curadoria-do-museu-de-arte-leopoldo-gotuzzo\/ver-simoes-lopes-neto-hoje\/#breadcrumb\",\"itemListElement\":[{\"@type\":\"ListItem\",\"position\":1,\"name\":\"In\u00edcio\",\"item\":\"https:\/\/wp.ufpel.edu.br\/curadoria\/\"},{\"@type\":\"ListItem\",\"position\":2,\"name\":\"LABORAT\u00d3RIO DE CURADORIA DO MUSEU DE ARTE LEOPOLDO GOTUZZO\",\"item\":\"https:\/\/wp.ufpel.edu.br\/curadoria\/laboratorio-de-curadoria-do-museu-de-arte-leopoldo-gotuzzo\/\"},{\"@type\":\"ListItem\",\"position\":3,\"name\":\"Ver Sim\u00f5es Lopes Neto hoje\"}]},{\"@type\":\"WebSite\",\"@id\":\"https:\/\/wp.ufpel.edu.br\/curadoria\/#website\",\"url\":\"https:\/\/wp.ufpel.edu.br\/curadoria\/\",\"name\":\"LACMALG\",\"description\":\"Laborat\u00f3rio de Curadoria do Museu de Arte Leopoldo Gotuzzo | UFPel\",\"potentialAction\":[{\"@type\":\"SearchAction\",\"target\":{\"@type\":\"EntryPoint\",\"urlTemplate\":\"https:\/\/wp.ufpel.edu.br\/curadoria\/?s={search_term_string}\"},\"query-input\":{\"@type\":\"PropertyValueSpecification\",\"valueRequired\":true,\"valueName\":\"search_term_string\"}}],\"inLanguage\":\"pt-BR\"}]}<\/script>\n<!-- \/ Yoast SEO plugin. -->","yoast_head_json":{"title":"Ver Sim\u00f5es Lopes Neto hoje - LACMALG","robots":{"index":"index","follow":"follow","max-snippet":"max-snippet:-1","max-image-preview":"max-image-preview:large","max-video-preview":"max-video-preview:-1"},"canonical":"https:\/\/wp.ufpel.edu.br\/curadoria\/laboratorio-de-curadoria-do-museu-de-arte-leopoldo-gotuzzo\/ver-simoes-lopes-neto-hoje\/","og_locale":"pt_BR","og_type":"article","og_title":"Ver Sim\u00f5es Lopes Neto hoje - LACMALG","og_description":". Ver Sim\u00f5es Lopes Neto hoje texto curatorial Esta exposi\u00e7\u00e3o, \u201cVER Sim\u00f5es Lopes Neto HOJE\u201d, que abrange o acervo pict\u00f3rico e gr\u00e1fico do Instituto Jo\u00e3o Sim\u00f5es Lopes Neto, \u00e9 resultado do esfor\u00e7o conjunto da Prefeitura Municipal, atrav\u00e9s da Secretaria da Cultura, do Laborat\u00f3rio de Curadoria do Museu de Arte Leopoldo Gotuzzo e do Instituto Jo\u00e3o &hellip; Continue lendo \"Ver Sim\u00f5es Lopes Neto hoje\"","og_url":"https:\/\/wp.ufpel.edu.br\/curadoria\/laboratorio-de-curadoria-do-museu-de-arte-leopoldo-gotuzzo\/ver-simoes-lopes-neto-hoje\/","og_site_name":"LACMALG","article_modified_time":"2021-08-25T20:41:22+00:00","og_image":[{"url":"https:\/\/wp.ufpel.edu.br\/curadoria\/files\/2021\/08\/convite-vslnh-1024x1024.png","type":"","width":"","height":""}],"twitter_card":"summary_large_image","twitter_misc":{"Est. tempo de leitura":"2 minutos"},"schema":{"@context":"https:\/\/schema.org","@graph":[{"@type":"WebPage","@id":"https:\/\/wp.ufpel.edu.br\/curadoria\/laboratorio-de-curadoria-do-museu-de-arte-leopoldo-gotuzzo\/ver-simoes-lopes-neto-hoje\/","url":"https:\/\/wp.ufpel.edu.br\/curadoria\/laboratorio-de-curadoria-do-museu-de-arte-leopoldo-gotuzzo\/ver-simoes-lopes-neto-hoje\/","name":"Ver Sim\u00f5es Lopes Neto hoje - LACMALG","isPartOf":{"@id":"https:\/\/wp.ufpel.edu.br\/curadoria\/#website"},"primaryImageOfPage":{"@id":"https:\/\/wp.ufpel.edu.br\/curadoria\/laboratorio-de-curadoria-do-museu-de-arte-leopoldo-gotuzzo\/ver-simoes-lopes-neto-hoje\/#primaryimage"},"image":{"@id":"https:\/\/wp.ufpel.edu.br\/curadoria\/laboratorio-de-curadoria-do-museu-de-arte-leopoldo-gotuzzo\/ver-simoes-lopes-neto-hoje\/#primaryimage"},"thumbnailUrl":"https:\/\/wp.ufpel.edu.br\/curadoria\/files\/2021\/08\/convite-vslnh-1024x1024.png","datePublished":"2021-08-16T17:16:23+00:00","dateModified":"2021-08-25T20:41:22+00:00","breadcrumb":{"@id":"https:\/\/wp.ufpel.edu.br\/curadoria\/laboratorio-de-curadoria-do-museu-de-arte-leopoldo-gotuzzo\/ver-simoes-lopes-neto-hoje\/#breadcrumb"},"inLanguage":"pt-BR","potentialAction":[{"@type":"ReadAction","target":["https:\/\/wp.ufpel.edu.br\/curadoria\/laboratorio-de-curadoria-do-museu-de-arte-leopoldo-gotuzzo\/ver-simoes-lopes-neto-hoje\/"]}]},{"@type":"ImageObject","inLanguage":"pt-BR","@id":"https:\/\/wp.ufpel.edu.br\/curadoria\/laboratorio-de-curadoria-do-museu-de-arte-leopoldo-gotuzzo\/ver-simoes-lopes-neto-hoje\/#primaryimage","url":"https:\/\/wp.ufpel.edu.br\/curadoria\/files\/2021\/08\/convite-vslnh.png","contentUrl":"https:\/\/wp.ufpel.edu.br\/curadoria\/files\/2021\/08\/convite-vslnh.png","width":1924,"height":1923},{"@type":"BreadcrumbList","@id":"https:\/\/wp.ufpel.edu.br\/curadoria\/laboratorio-de-curadoria-do-museu-de-arte-leopoldo-gotuzzo\/ver-simoes-lopes-neto-hoje\/#breadcrumb","itemListElement":[{"@type":"ListItem","position":1,"name":"In\u00edcio","item":"https:\/\/wp.ufpel.edu.br\/curadoria\/"},{"@type":"ListItem","position":2,"name":"LABORAT\u00d3RIO DE CURADORIA DO MUSEU DE ARTE LEOPOLDO GOTUZZO","item":"https:\/\/wp.ufpel.edu.br\/curadoria\/laboratorio-de-curadoria-do-museu-de-arte-leopoldo-gotuzzo\/"},{"@type":"ListItem","position":3,"name":"Ver Sim\u00f5es Lopes Neto hoje"}]},{"@type":"WebSite","@id":"https:\/\/wp.ufpel.edu.br\/curadoria\/#website","url":"https:\/\/wp.ufpel.edu.br\/curadoria\/","name":"LACMALG","description":"Laborat\u00f3rio de Curadoria do Museu de Arte Leopoldo Gotuzzo | UFPel","potentialAction":[{"@type":"SearchAction","target":{"@type":"EntryPoint","urlTemplate":"https:\/\/wp.ufpel.edu.br\/curadoria\/?s={search_term_string}"},"query-input":{"@type":"PropertyValueSpecification","valueRequired":true,"valueName":"search_term_string"}}],"inLanguage":"pt-BR"}]}},"jetpack_sharing_enabled":true,"jetpack_shortlink":"https:\/\/wp.me\/Pbsuh8-9s","_links":{"self":[{"href":"https:\/\/wp.ufpel.edu.br\/curadoria\/wp-json\/wp\/v2\/pages\/586","targetHints":{"allow":["GET"]}}],"collection":[{"href":"https:\/\/wp.ufpel.edu.br\/curadoria\/wp-json\/wp\/v2\/pages"}],"about":[{"href":"https:\/\/wp.ufpel.edu.br\/curadoria\/wp-json\/wp\/v2\/types\/page"}],"author":[{"embeddable":true,"href":"https:\/\/wp.ufpel.edu.br\/curadoria\/wp-json\/wp\/v2\/users\/968"}],"replies":[{"embeddable":true,"href":"https:\/\/wp.ufpel.edu.br\/curadoria\/wp-json\/wp\/v2\/comments?post=586"}],"version-history":[{"count":2,"href":"https:\/\/wp.ufpel.edu.br\/curadoria\/wp-json\/wp\/v2\/pages\/586\/revisions"}],"predecessor-version":[{"id":697,"href":"https:\/\/wp.ufpel.edu.br\/curadoria\/wp-json\/wp\/v2\/pages\/586\/revisions\/697"}],"up":[{"embeddable":true,"href":"https:\/\/wp.ufpel.edu.br\/curadoria\/wp-json\/wp\/v2\/pages\/136"}],"wp:attachment":[{"href":"https:\/\/wp.ufpel.edu.br\/curadoria\/wp-json\/wp\/v2\/media?parent=586"}],"curies":[{"name":"wp","href":"https:\/\/api.w.org\/{rel}","templated":true}]}}