{"id":2,"date":"2018-12-19T14:49:34","date_gmt":"2018-12-19T16:49:34","guid":{"rendered":"https:\/\/wp.ufpel.edu.br\/culturadoceira\/?page_id=2"},"modified":"2019-04-24T11:15:35","modified_gmt":"2019-04-24T14:15:35","slug":"home","status":"publish","type":"page","link":"https:\/\/wp.ufpel.edu.br\/culturadoceira\/","title":{"rendered":"In\u00edcio"},"content":{"rendered":"<p><span style=\"font-family: helvetica, arial, sans-serif\">Em breve novo site da Cultura Doceira em Pelotas e regi\u00e3o.<\/span><\/p>\n<p style=\"text-align: justify\"><span style=\"font-family: helvetica, arial, sans-serif\">O registro das Tradi\u00e7\u00f5es Doceiras tem por finalidade reconhecer e valorizar bens de natureza imaterial em seu processo din\u00e2mico de evolu\u00e7\u00e3o, possibilitando uma apreens\u00e3o do contexto pret\u00e9rito e presente dessas manifesta\u00e7\u00f5es em suas diferentes vers\u00f5es.<\/span><\/p>\n<h6 style=\"text-align: justify\"><span style=\"font-size: 14pt;font-family: helvetica, arial, sans-serif\">Hist\u00f3rico<\/span><\/h6>\n<p style=\"text-align: justify\"><span style=\"font-family: helvetica, arial, sans-serif\">O pedido de Registro da Produ\u00e7\u00e3o de Doces Tradicionais Pelotenses resultou do interesse da C\u00e2mara de Dirigentes Lojistas de Pelotas \u2013 CDL e da Secretaria de Cultura de Pelotas em promover e valorizar a produ\u00e7\u00e3o de doces como refer\u00eancia cultural da regi\u00e3o. Naquele contexto, em uma articula\u00e7\u00e3o com o Iphan, Programa Monumenta e a Universidade Federal de Pelotas-UFPel, foi poss\u00edvel realizar um invent\u00e1rio que buscou documentar a trajet\u00f3ria do bem cultural, sua ocorr\u00eancia e os sentidos a ele atribu\u00eddos pelos detentores. O Invent\u00e1rio Nacional de Refer\u00eancias Culturais &#8211; INRC Produ\u00e7\u00e3o de Doces Tradicionais Pelotenses, realizado no per\u00edodo de 2006 a 2008, ficou a cargo do Laborat\u00f3rio de Ensino e Pesquisa em Antropologia e Arqueologia da Universidade Federal de Pelotas \u2013 UFPel, e o produto dessa extensa pesquisa foi a amplia\u00e7\u00e3o do conhecimento sobre a din\u00e2mica sociocultural em que as tradi\u00e7\u00f5es doceiras se constru\u00edram, se transmitiram e se ressignificaram na regi\u00e3o de Pelotas e Antiga Pelotas. O pedido de Registro, embasado pelo INRC, foi considerado pertinente pela C\u00e2mara Setorial do Patrim\u00f4nio Imaterial em sua 17\u00aa Reuni\u00e3o.<\/span><\/p>\n","protected":false},"excerpt":{"rendered":"<p>Em breve novo site da Cultura Doceira em Pelotas e regi\u00e3o. O registro das Tradi\u00e7\u00f5es Doceiras tem por finalidade reconhecer e valorizar bens de natureza imaterial em seu processo din\u00e2mico de evolu\u00e7\u00e3o, possibilitando uma apreens\u00e3o do contexto pret\u00e9rito e presente dessas manifesta\u00e7\u00f5es em suas diferentes vers\u00f5es. Hist\u00f3rico O pedido de Registro da Produ\u00e7\u00e3o de Doces &hellip; <\/p>\n<p class=\"link-more\"><a href=\"https:\/\/wp.ufpel.edu.br\/culturadoceira\/\" class=\"more-link\">Continue lendo<span class=\"screen-reader-text\"> &#8220;In\u00edcio&#8221;<\/span><\/a><\/p>\n","protected":false},"author":713,"featured_media":0,"parent":0,"menu_order":0,"comment_status":"closed","ping_status":"closed","template":"","meta":{"footnotes":""},"class_list":["post-2","page","type-page","status-publish","hentry"],"_links":{"self":[{"href":"https:\/\/wp.ufpel.edu.br\/culturadoceira\/wp-json\/wp\/v2\/pages\/2","targetHints":{"allow":["GET"]}}],"collection":[{"href":"https:\/\/wp.ufpel.edu.br\/culturadoceira\/wp-json\/wp\/v2\/pages"}],"about":[{"href":"https:\/\/wp.ufpel.edu.br\/culturadoceira\/wp-json\/wp\/v2\/types\/page"}],"author":[{"embeddable":true,"href":"https:\/\/wp.ufpel.edu.br\/culturadoceira\/wp-json\/wp\/v2\/users\/713"}],"replies":[{"embeddable":true,"href":"https:\/\/wp.ufpel.edu.br\/culturadoceira\/wp-json\/wp\/v2\/comments?post=2"}],"version-history":[{"count":6,"href":"https:\/\/wp.ufpel.edu.br\/culturadoceira\/wp-json\/wp\/v2\/pages\/2\/revisions"}],"predecessor-version":[{"id":12,"href":"https:\/\/wp.ufpel.edu.br\/culturadoceira\/wp-json\/wp\/v2\/pages\/2\/revisions\/12"}],"wp:attachment":[{"href":"https:\/\/wp.ufpel.edu.br\/culturadoceira\/wp-json\/wp\/v2\/media?parent=2"}],"curies":[{"name":"wp","href":"https:\/\/api.w.org\/{rel}","templated":true}]}}

Início

<p><span style="font-family: helvetica, arial, sans-serif">Em breve novo site da Cultura Doceira em Pelotas e região.</span></p>
<p style="text-align: justify"><span style="font-family: helvetica, arial, sans-serif">O registro das Tradições Doceiras tem por finalidade reconhecer e valorizar bens de natureza imaterial em seu processo dinâmico de evolução, possibilitando uma apreensão do contexto pretérito e presente dessas manifestações em suas diferentes versões.</span></p>
<h6 style="text-align: justify"><span style="font-size: 14pt;font-family: helvetica, arial, sans-serif">Histórico</span></h6>
<p style="text-align: justify"><span style="font-family: helvetica, arial, sans-serif">O pedido de Registro da Produção de Doces Tradicionais Pelotenses resultou do interesse da Câmara de Dirigentes Lojistas de Pelotas – CDL e da Secretaria de Cultura de Pelotas em promover e valorizar a produção de doces como referência cultural da região. Naquele contexto, em uma articulação com o Iphan, Programa Monumenta e a Universidade Federal de Pelotas-UFPel, foi possível realizar um inventário que buscou documentar a trajetória do bem cultural, sua ocorrência e os sentidos a ele atribuídos pelos detentores. O Inventário Nacional de Referências Culturais &#8211; INRC Produção de Doces Tradicionais Pelotenses, realizado no período de 2006 a 2008, ficou a cargo do Laboratório de Ensino e Pesquisa em Antropologia e Arqueologia da Universidade Federal de Pelotas – UFPel, e o produto dessa extensa pesquisa foi a ampliação do conhecimento sobre a dinâmica sociocultural em que as tradições doceiras se construíram, se transmitiram e se ressignificaram na região de Pelotas e Antiga Pelotas. O pedido de Registro, embasado pelo INRC, foi considerado pertinente pela Câmara Setorial do Patrimônio Imaterial em sua 17ª Reunião.</span></p>

<p>Em breve novo site da Cultura Doceira em Pelotas e região. O registro das Tradições Doceiras tem por finalidade reconhecer e valorizar bens de natureza imaterial em seu processo dinâmico de evolução, possibilitando uma apreensão do contexto pretérito e presente dessas manifestações em suas diferentes versões. Histórico O pedido de Registro da Produção de Doces &hellip; </p>
<p class="link-more"><a href="https://wp.ufpel.edu.br/culturadoceira/" class="more-link">Continue lendo<span class="screen-reader-text"> &#8220;Início&#8221;</span></a></p>
