{"id":13,"date":"2019-04-22T09:51:14","date_gmt":"2019-04-22T12:51:14","guid":{"rendered":"https:\/\/wp.ufpel.edu.br\/cultivo\/?page_id=13"},"modified":"2022-08-02T17:49:08","modified_gmt":"2022-08-02T20:49:08","slug":"grupo-1","status":"publish","type":"page","link":"https:\/\/wp.ufpel.edu.br\/cultivo\/estrutura-do-projeto\/grupo-1\/","title":{"rendered":"Grupo 1"},"content":{"rendered":"<p>Tem por objetivo investigar as esp\u00e9cies e substratos vegetais pass\u00edveis de serem implementadas em coberturas com cultivo de alimentos.<\/p>\n<p><strong>Equipe<\/strong><\/p>\n<p style=\"text-align: justify\"><a href=\"http:\/\/lattes.cnpq.br\/6414436163407553\"><strong>Dr. Roberta Peil<\/strong><\/a> &#8211; Programa de P\u00f3s-gradua\u00e7\u00e3o SPAF UFPel [Curr\u00edculo Lattes]<br \/>\nE-mail: rmnpeil@gmail.com<\/p>\n<p style=\"text-align: justify\"><a href=\"http:\/\/lattes.cnpq.br\/4086737601973638\"><strong>M.Sc. Daniela Hohn<\/strong><\/a> &#8211; Programa de P\u00f3s-gradua\u00e7\u00e3o SPAF UFPel [Curr\u00edculo Lattes]<br \/>\nE-mail: dani.hohn.sc@gmail.com<\/p>\n<p style=\"text-align: justify\"><a href=\"http:\/\/lattes.cnpq.br\/2268269182419925\"><strong>M.Sc. Viviane Ritter<\/strong><\/a> &#8211; Programa de P\u00f3s-gradua\u00e7\u00e3o em Arquitetura e Urbanismo (PROGRAU) [Curr\u00edculo Lattes]<br \/>\nE-mail: vivianeritter@yahoo.com.br<\/p>\n<p><a href=\"http:\/\/lattes.cnpq.br\/5112635188859752\"><strong>Dra. Helayne Aparecida Maieves<\/em><\/strong><\/a>\u00a0 &#8211;\u00a0 Faculdade de Nutri\u00e7\u00e3o UFPel [Curr\u00edculo Lattes]<br \/>\nE-mail: helaynemaieves@gmail.com<\/p>\n<p style=\"text-align: justify\">\n","protected":false},"excerpt":{"rendered":"<p>Tem por objetivo investigar as esp\u00e9cies e substratos vegetais pass\u00edveis de serem implementadas em coberturas com cultivo de alimentos. Equipe Dr. Roberta Peil &#8211; Programa&#46;&#46;&#46;<\/p>\n","protected":false},"author":920,"featured_media":0,"parent":10,"menu_order":0,"comment_status":"closed","ping_status":"closed","template":"","meta":{"footnotes":""},"class_list":["post-13","page","type-page","status-publish","hentry"],"_links":{"self":[{"href":"https:\/\/wp.ufpel.edu.br\/cultivo\/wp-json\/wp\/v2\/pages\/13","targetHints":{"allow":["GET"]}}],"collection":[{"href":"https:\/\/wp.ufpel.edu.br\/cultivo\/wp-json\/wp\/v2\/pages"}],"about":[{"href":"https:\/\/wp.ufpel.edu.br\/cultivo\/wp-json\/wp\/v2\/types\/page"}],"author":[{"embeddable":true,"href":"https:\/\/wp.ufpel.edu.br\/cultivo\/wp-json\/wp\/v2\/users\/920"}],"replies":[{"embeddable":true,"href":"https:\/\/wp.ufpel.edu.br\/cultivo\/wp-json\/wp\/v2\/comments?post=13"}],"version-history":[{"count":12,"href":"https:\/\/wp.ufpel.edu.br\/cultivo\/wp-json\/wp\/v2\/pages\/13\/revisions"}],"predecessor-version":[{"id":178,"href":"https:\/\/wp.ufpel.edu.br\/cultivo\/wp-json\/wp\/v2\/pages\/13\/revisions\/178"}],"up":[{"embeddable":true,"href":"https:\/\/wp.ufpel.edu.br\/cultivo\/wp-json\/wp\/v2\/pages\/10"}],"wp:attachment":[{"href":"https:\/\/wp.ufpel.edu.br\/cultivo\/wp-json\/wp\/v2\/media?parent=13"}],"curies":[{"name":"wp","href":"https:\/\/api.w.org\/{rel}","templated":true}]}}