{"id":718,"date":"2014-03-17T09:32:42","date_gmt":"2014-03-17T12:32:42","guid":{"rendered":"http:\/\/cti.ufpel.edu.br\/site\/?page_id=718"},"modified":"2014-03-17T09:32:42","modified_gmt":"2014-03-17T12:32:42","slug":"comite-gestor-de-seguranca-da-informacao-na-ufpel","status":"publish","type":"page","link":"https:\/\/wp.ufpel.edu.br\/cti\/seguranca-da-informacao\/comite-gestor-de-seguranca-da-informacao-na-ufpel\/","title":{"rendered":"Comit\u00ea Gestor de Seguran\u00e7a da Informa\u00e7\u00e3o na UFPel"},"content":{"rendered":"<p align=\"JUSTIFY\">Atualmente, as informa\u00e7\u00f5es e comunica\u00e7\u00f5es s\u00e3o consideradas um dos maiores ativos (bens) de uma organiza\u00e7\u00e3o, possuem valor e devem ser protegidas.<\/p>\n<p align=\"JUSTIFY\">Desta forma, a prote\u00e7\u00e3o das informa\u00e7\u00f5es e das comunica\u00e7\u00f5es t\u00eam sido motivo de grande preocupa\u00e7\u00e3o de muitas empresas, \u00f3rg\u00e3os p\u00fablicos, inclusive, dos \u00f3rg\u00e3os de Controle como Tribunal de Contas da Uni\u00e3o (TCU) e Corregedoria Geral da Uni\u00e3o (CGU)<\/p>\n<p align=\"JUSTIFY\">Segundo o Departamento de Seguran\u00e7a da Informa\u00e7\u00e3o e Comunica\u00e7\u00f5es da Presid\u00eancia da rep\u00fablica, seguran\u00e7a da informa\u00e7\u00e3o e comunica\u00e7\u00f5es visa assegurar:<em> \u201c<\/em><em><i>a Disponibilidade, Integridade, Confidencialidade e Autenticidade das Informa\u00e7\u00f5es que est\u00e3o contidas nos ativos de informa\u00e7\u00f5es. Os ativos de informa\u00e7\u00e3o s\u00e3o os meios de armazenamento, transmiss\u00e3o e processamento da informa\u00e7\u00e3o; os equipamentos necess\u00e1rios a isso; os sistemas utilizados para tal; os locais onde se encontram esses meios, e tamb\u00e9m os recursos humanos que a eles t\u00eam acesso. Sendo assim, SIC \u00e9 muito mais do que seguran\u00e7a em TI, pois, al\u00e9m de envolver a TI, envolve tamb\u00e9m as pessoas, os processos, o ambiente.<\/i><\/em>\u201d(<a href=\"http:\/\/dsic.planalto.gov.br\/perguntas-frequentes\">http:\/\/dsic.planalto.gov.br\/perguntas-frequentes<\/a> \u2013 p\u00e1gina capturada em 13\/03\/2014)<\/p>\n<p align=\"JUSTIFY\">Assim, em 11\/11\/2013 o Reitor da Universidade Federal de Pelotas constituiu por meio da Portaria n\u00ba <a href=\"https:\/\/wp.ufpel.edu.br\/cti\/files\/2014\/02\/2393_2013.pdf\">2393\/2013<\/a>, alterada pela <a title=\"Seguran\u00e7a da Informa\u00e7\u00e3o\" href=\"http:\/\/reitoria.ufpel.edu.br\/portarias\/arquivos\/0787_2014.pdf\">Portaria n\u00ba 787\/2014<\/a>, o Comit\u00ea Gestor de Seguran\u00e7a da Informa\u00e7\u00e3o na UFPel encarregado de assessorar a implementa\u00e7\u00e3o das a\u00e7\u00f5es de seguran\u00e7a da informa\u00e7\u00e3o e comunica\u00e7\u00f5es no \u00e2mbito da UFPel.<\/p>\n<p align=\"JUSTIFY\"><span style=\"font-family: Arial,sans-serif\"><span style=\"font-size: small\"><br \/>\n<\/span><\/span><\/p>\n","protected":false},"excerpt":{"rendered":"<p>Atualmente, as informa\u00e7\u00f5es e comunica\u00e7\u00f5es s\u00e3o consideradas um dos maiores ativos (bens) de uma organiza\u00e7\u00e3o, possuem valor e devem ser protegidas. Desta forma, a prote\u00e7\u00e3o das informa\u00e7\u00f5es e das comunica\u00e7\u00f5es t\u00eam sido motivo de grande preocupa\u00e7\u00e3o de muitas empresas, \u00f3rg\u00e3os p\u00fablicos, inclusive, dos \u00f3rg\u00e3os de Controle como Tribunal de Contas da Uni\u00e3o (TCU) e Corregedoria [&hellip;]<\/p>\n","protected":false},"author":596,"featured_media":0,"parent":447,"menu_order":3,"comment_status":"closed","ping_status":"closed","template":"","meta":{"jetpack_post_was_ever_published":false,"footnotes":"","_links_to":"","_links_to_target":""},"class_list":["post-718","page","type-page","status-publish","hentry"],"jetpack_sharing_enabled":true,"publishpress_future_workflow_manual_trigger":{"enabledWorkflows":[]},"_links":{"self":[{"href":"https:\/\/wp.ufpel.edu.br\/cti\/wp-json\/wp\/v2\/pages\/718","targetHints":{"allow":["GET"]}}],"collection":[{"href":"https:\/\/wp.ufpel.edu.br\/cti\/wp-json\/wp\/v2\/pages"}],"about":[{"href":"https:\/\/wp.ufpel.edu.br\/cti\/wp-json\/wp\/v2\/types\/page"}],"author":[{"embeddable":true,"href":"https:\/\/wp.ufpel.edu.br\/cti\/wp-json\/wp\/v2\/users\/596"}],"replies":[{"embeddable":true,"href":"https:\/\/wp.ufpel.edu.br\/cti\/wp-json\/wp\/v2\/comments?post=718"}],"version-history":[{"count":0,"href":"https:\/\/wp.ufpel.edu.br\/cti\/wp-json\/wp\/v2\/pages\/718\/revisions"}],"up":[{"embeddable":true,"href":"https:\/\/wp.ufpel.edu.br\/cti\/wp-json\/wp\/v2\/pages\/447"}],"wp:attachment":[{"href":"https:\/\/wp.ufpel.edu.br\/cti\/wp-json\/wp\/v2\/media?parent=718"}],"curies":[{"name":"wp","href":"https:\/\/api.w.org\/{rel}","templated":true}]}}

Comitê Gestor de Segurança da Informação na UFPel

<p align="JUSTIFY">Atualmente, as informações e comunicações são consideradas um dos maiores ativos (bens) de uma organização, possuem valor e devem ser protegidas.</p>
<p align="JUSTIFY">Desta forma, a proteção das informações e das comunicações têm sido motivo de grande preocupação de muitas empresas, órgãos públicos, inclusive, dos órgãos de Controle como Tribunal de Contas da União (TCU) e Corregedoria Geral da União (CGU)</p>
<p align="JUSTIFY">Segundo o Departamento de Segurança da Informação e Comunicações da Presidência da república, segurança da informação e comunicações visa assegurar:<em> “</em><em><i>a Disponibilidade, Integridade, Confidencialidade e Autenticidade das Informações que estão contidas nos ativos de informações. Os ativos de informação são os meios de armazenamento, transmissão e processamento da informação; os equipamentos necessários a isso; os sistemas utilizados para tal; os locais onde se encontram esses meios, e também os recursos humanos que a eles têm acesso. Sendo assim, SIC é muito mais do que segurança em TI, pois, além de envolver a TI, envolve também as pessoas, os processos, o ambiente.</i></em>”(<a href="http://dsic.planalto.gov.br/perguntas-frequentes">http://dsic.planalto.gov.br/perguntas-frequentes</a> – página capturada em 13/03/2014)</p>
<p align="JUSTIFY">Assim, em 11/11/2013 o Reitor da Universidade Federal de Pelotas constituiu por meio da Portaria nº <a href="https://wp.ufpel.edu.br/cti/files/2014/02/2393_2013.pdf">2393/2013</a>, alterada pela <a title="Segurança da Informação" href="http://reitoria.ufpel.edu.br/portarias/arquivos/0787_2014.pdf">Portaria nº 787/2014</a>, o Comitê Gestor de Segurança da Informação na UFPel encarregado de assessorar a implementação das ações de segurança da informação e comunicações no âmbito da UFPel.</p>
<p align="JUSTIFY"><span style="font-family: Arial,sans-serif"><span style="font-size: small"><br />
</span></span></p>

<p>Atualmente, as informações e comunicações são consideradas um dos maiores ativos (bens) de uma organização, possuem valor e devem ser protegidas. Desta forma, a proteção das informações e das comunicações têm sido motivo de grande preocupação de muitas empresas, órgãos públicos, inclusive, dos órgãos de Controle como Tribunal de Contas da União (TCU) e Corregedoria [&hellip;]</p>
