{"id":591,"date":"2014-01-23T19:30:38","date_gmt":"2014-01-23T22:30:38","guid":{"rendered":"http:\/\/cti.ufpel.edu.br\/site\/?page_id=591"},"modified":"2014-01-23T19:30:38","modified_gmt":"2014-01-23T22:30:38","slug":"nucleo-de-suporte-e-manutencao","status":"publish","type":"page","link":"https:\/\/wp.ufpel.edu.br\/cti\/nucleo-de-suporte-e-manutencao\/","title":{"rendered":"N\u00facleo de Suporte e Manuten\u00e7\u00e3o"},"content":{"rendered":"<blockquote>\n<p>S\u00e3o atribui\u00e7\u00f5es do N\u00facleo de Suporte e Manuten\u00e7\u00e3o:<\/p>\n<p>Atender as necessidades de todos os setores da Ufpel, no que diz respeito infraestrutura de tecnologia da informa\u00e7\u00e3o e a manuten\u00e7\u00e3o de equipamentos em inform\u00e1tica;<\/p>\n<p>Providenciar a instala\u00e7\u00e3o e configura\u00e7\u00e3o de novos equipamentos, softwares e sistemas de informa\u00e7\u00e3o sob<br \/>\nresponsabilidade do CTI .<\/p>\n<p>Realizar manuten\u00e7\u00e3o preventiva e corretiva.<\/p>\n<p>Manter todos os LIGS (Laborat\u00f3rios de Inform\u00e1tica da Gradua\u00e7\u00e3o) em perfeitas condi\u00e7\u00f5es de funcionamento.<br \/>\nSupervisionar as atividades de registro de recebimento e entrega de equipamentos para conserto.<\/p>\n<p>Coordenar os servi\u00e7os nas oficinas de hardware e eletr\u00f4nica.<\/p>\n<p>Coordenar atendimento externo de bolsistas e estagi\u00e1rios.<\/p>\n<p>Fornecer informa\u00e7\u00f5es e indicadores de qualidade dos servi\u00e7os prestados;<\/p>\n<p>Colaborar tecnicamente com o gerenciamento de contratos e compras de solu\u00e7\u00f5es em TI referentes a sua \u00e1rea.<\/p>\n<\/blockquote>\n","protected":false},"excerpt":{"rendered":"<p>S\u00e3o atribui\u00e7\u00f5es do N\u00facleo de Suporte e Manuten\u00e7\u00e3o: Atender as necessidades de todos os setores da Ufpel, no que diz respeito infraestrutura de tecnologia da informa\u00e7\u00e3o e a manuten\u00e7\u00e3o de equipamentos em inform\u00e1tica; Providenciar a instala\u00e7\u00e3o e configura\u00e7\u00e3o de novos equipamentos, softwares e sistemas de informa\u00e7\u00e3o sob responsabilidade do CTI . Realizar manuten\u00e7\u00e3o preventiva e [&hellip;]<\/p>\n","protected":false},"author":595,"featured_media":0,"parent":0,"menu_order":0,"comment_status":"closed","ping_status":"closed","template":"","meta":{"jetpack_post_was_ever_published":false,"footnotes":"","_links_to":"","_links_to_target":""},"class_list":["post-591","page","type-page","status-publish","hentry"],"jetpack_sharing_enabled":true,"publishpress_future_workflow_manual_trigger":{"enabledWorkflows":[]},"_links":{"self":[{"href":"https:\/\/wp.ufpel.edu.br\/cti\/wp-json\/wp\/v2\/pages\/591","targetHints":{"allow":["GET"]}}],"collection":[{"href":"https:\/\/wp.ufpel.edu.br\/cti\/wp-json\/wp\/v2\/pages"}],"about":[{"href":"https:\/\/wp.ufpel.edu.br\/cti\/wp-json\/wp\/v2\/types\/page"}],"author":[{"embeddable":true,"href":"https:\/\/wp.ufpel.edu.br\/cti\/wp-json\/wp\/v2\/users\/595"}],"replies":[{"embeddable":true,"href":"https:\/\/wp.ufpel.edu.br\/cti\/wp-json\/wp\/v2\/comments?post=591"}],"version-history":[{"count":0,"href":"https:\/\/wp.ufpel.edu.br\/cti\/wp-json\/wp\/v2\/pages\/591\/revisions"}],"wp:attachment":[{"href":"https:\/\/wp.ufpel.edu.br\/cti\/wp-json\/wp\/v2\/media?parent=591"}],"curies":[{"name":"wp","href":"https:\/\/api.w.org\/{rel}","templated":true}]}}