{"id":418,"date":"2013-11-14T09:06:27","date_gmt":"2013-11-14T12:06:27","guid":{"rendered":"http:\/\/cti.ufpel.edu.br\/site\/?page_id=418"},"modified":"2013-11-14T09:06:27","modified_gmt":"2013-11-14T12:06:27","slug":"implantacao","status":"publish","type":"page","link":"https:\/\/wp.ufpel.edu.br\/cti\/governanca\/implantacao\/","title":{"rendered":"Implanta\u00e7\u00e3o"},"content":{"rendered":"<p><!--\nP { margin-bottom: 0.21cm; }P.western {  }\n--><\/p>\n<p align=\"JUSTIFY\">Em maio de 2013 foi o criado N\u00facleo de Governan\u00e7a de Tecnologia da Informa\u00e7\u00e3o, conforme Resolu\u00e7\u00e3o do CONSUN n.\u00ba 4 de 23\/05\/2013 que tem como objetivos auxiliar a Coordenadoria nos assuntos referentes a administra\u00e7\u00e3o e ao gerenciamento da TI; Definir, junto com a Coordenadoria e os coordenadores de N\u00facleos, as politicas de Governan\u00e7a de TI para a CTI; Assessorar a Coordenadoria para fornecer parecer a respeito de Processos de TI; Efetuar uma ponte entre a Coordenadoria do CTI e a alta administra\u00e7\u00e3o, a fim de discutir estrat\u00e9gias e prover o controle dos processos; Fornecer indicadores de transpar\u00eancia de TI para a comunidade; Coordenar a auditoria interna para produzir diagn\u00f3stico; Respons\u00e1vel pelo gerenciamento de contratos e compras de solu\u00e7\u00f5es em TI.<\/p>\n","protected":false},"excerpt":{"rendered":"<p>Em maio de 2013 foi o criado N\u00facleo de Governan\u00e7a de Tecnologia da Informa\u00e7\u00e3o, conforme Resolu\u00e7\u00e3o do CONSUN n.\u00ba 4 de 23\/05\/2013 que tem como objetivos auxiliar a Coordenadoria nos assuntos referentes a administra\u00e7\u00e3o e ao gerenciamento da TI; Definir, junto com a Coordenadoria e os coordenadores de N\u00facleos, as politicas de Governan\u00e7a de TI [&hellip;]<\/p>\n","protected":false},"author":596,"featured_media":0,"parent":415,"menu_order":0,"comment_status":"closed","ping_status":"closed","template":"","meta":{"jetpack_post_was_ever_published":false,"footnotes":"","_links_to":"","_links_to_target":""},"class_list":["post-418","page","type-page","status-publish","hentry"],"jetpack_sharing_enabled":true,"publishpress_future_workflow_manual_trigger":{"enabledWorkflows":[]},"_links":{"self":[{"href":"https:\/\/wp.ufpel.edu.br\/cti\/wp-json\/wp\/v2\/pages\/418","targetHints":{"allow":["GET"]}}],"collection":[{"href":"https:\/\/wp.ufpel.edu.br\/cti\/wp-json\/wp\/v2\/pages"}],"about":[{"href":"https:\/\/wp.ufpel.edu.br\/cti\/wp-json\/wp\/v2\/types\/page"}],"author":[{"embeddable":true,"href":"https:\/\/wp.ufpel.edu.br\/cti\/wp-json\/wp\/v2\/users\/596"}],"replies":[{"embeddable":true,"href":"https:\/\/wp.ufpel.edu.br\/cti\/wp-json\/wp\/v2\/comments?post=418"}],"version-history":[{"count":0,"href":"https:\/\/wp.ufpel.edu.br\/cti\/wp-json\/wp\/v2\/pages\/418\/revisions"}],"up":[{"embeddable":true,"href":"https:\/\/wp.ufpel.edu.br\/cti\/wp-json\/wp\/v2\/pages\/415"}],"wp:attachment":[{"href":"https:\/\/wp.ufpel.edu.br\/cti\/wp-json\/wp\/v2\/media?parent=418"}],"curies":[{"name":"wp","href":"https:\/\/api.w.org\/{rel}","templated":true}]}}

Implantação

<p><!--
P { margin-bottom: 0.21cm; }P.western {  }
--></p>
<p align="JUSTIFY">Em maio de 2013 foi o criado Núcleo de Governança de Tecnologia da Informação, conforme Resolução do CONSUN n.º 4 de 23/05/2013 que tem como objetivos auxiliar a Coordenadoria nos assuntos referentes a administração e ao gerenciamento da TI; Definir, junto com a Coordenadoria e os coordenadores de Núcleos, as politicas de Governança de TI para a CTI; Assessorar a Coordenadoria para fornecer parecer a respeito de Processos de TI; Efetuar uma ponte entre a Coordenadoria do CTI e a alta administração, a fim de discutir estratégias e prover o controle dos processos; Fornecer indicadores de transparência de TI para a comunidade; Coordenar a auditoria interna para produzir diagnóstico; Responsável pelo gerenciamento de contratos e compras de soluções em TI.</p>

<p>Em maio de 2013 foi o criado Núcleo de Governança de Tecnologia da Informação, conforme Resolução do CONSUN n.º 4 de 23/05/2013 que tem como objetivos auxiliar a Coordenadoria nos assuntos referentes a administração e ao gerenciamento da TI; Definir, junto com a Coordenadoria e os coordenadores de Núcleos, as politicas de Governança de TI [&hellip;]</p>
