{"id":3197,"date":"2018-09-06T12:50:18","date_gmt":"2018-09-06T15:50:18","guid":{"rendered":"https:\/\/wp.ufpel.edu.br\/cti\/?page_id=3197"},"modified":"2023-05-05T09:44:30","modified_gmt":"2023-05-05T12:44:30","slug":"pagina-inicial","status":"publish","type":"page","link":"https:\/\/wp.ufpel.edu.br\/cti\/","title":{"rendered":"P\u00e1gina inicial"},"content":{"rendered":"<div style=\"text-align: center;\"><\/div>\n<p style=\"text-align: center;\"><a href=\"https:\/\/wp.ufpel.edu.br\/cti\/cat-servicos\/escritorio-de-processos\/\"><img data-attachment-id=\"3875\" data-permalink=\"https:\/\/wp.ufpel.edu.br\/cti\/pagina-inicial\/catalogo-servicos-tic_banners-retina-192x132px_escritorio-processos\/\" data-orig-file=\"https:\/\/wp.ufpel.edu.br\/cti\/files\/2023\/05\/Catalogo-Servicos-TIC_Banners-Retina-192x132px_Escritorio-Processos.png\" data-orig-size=\"193,132\" data-comments-opened=\"0\" data-image-meta=\"{&quot;aperture&quot;:&quot;0&quot;,&quot;credit&quot;:&quot;&quot;,&quot;camera&quot;:&quot;&quot;,&quot;caption&quot;:&quot;&quot;,&quot;created_timestamp&quot;:&quot;0&quot;,&quot;copyright&quot;:&quot;&quot;,&quot;focal_length&quot;:&quot;0&quot;,&quot;iso&quot;:&quot;0&quot;,&quot;shutter_speed&quot;:&quot;0&quot;,&quot;title&quot;:&quot;&quot;,&quot;orientation&quot;:&quot;0&quot;}\" data-image-title=\"Cat\u00e1logo-Servi\u00e7os-TIC_Banners-Retina-192x132px_Escrit\u00f3rio Processos\" data-image-description=\"\" data-image-caption=\"\" data-medium-file=\"https:\/\/wp.ufpel.edu.br\/cti\/files\/2023\/05\/Catalogo-Servicos-TIC_Banners-Retina-192x132px_Escritorio-Processos.png\" data-large-file=\"https:\/\/wp.ufpel.edu.br\/cti\/files\/2023\/05\/Catalogo-Servicos-TIC_Banners-Retina-192x132px_Escritorio-Processos.png\" class=\"alignnone size-full wp-image-3875\" src=\"https:\/\/wp.ufpel.edu.br\/cti\/files\/2023\/05\/Catalogo-Servicos-TIC_Banners-Retina-192x132px_Escritorio-Processos.png\" alt=\"\" width=\"193\" height=\"132\" \/><\/a> <a href=\"https:\/\/wp.ufpel.edu.br\/cti\/cat-servicos\/governanca\/\"><img data-attachment-id=\"3876\" data-permalink=\"https:\/\/wp.ufpel.edu.br\/cti\/pagina-inicial\/catalogo-servicos-tic_banners-retina-192x132px_governanca-de-tic\/\" data-orig-file=\"https:\/\/wp.ufpel.edu.br\/cti\/files\/2023\/05\/Catalogo-Servicos-TIC_Banners-Retina-192x132px_Governanca-de-TIC.png\" data-orig-size=\"193,132\" data-comments-opened=\"0\" data-image-meta=\"{&quot;aperture&quot;:&quot;0&quot;,&quot;credit&quot;:&quot;&quot;,&quot;camera&quot;:&quot;&quot;,&quot;caption&quot;:&quot;&quot;,&quot;created_timestamp&quot;:&quot;0&quot;,&quot;copyright&quot;:&quot;&quot;,&quot;focal_length&quot;:&quot;0&quot;,&quot;iso&quot;:&quot;0&quot;,&quot;shutter_speed&quot;:&quot;0&quot;,&quot;title&quot;:&quot;&quot;,&quot;orientation&quot;:&quot;0&quot;}\" data-image-title=\"Cat\u00e1logo-Servi\u00e7os-TIC_Banners-Retina-192x132px_Governan\u00e7a de TIC\" data-image-description=\"\" data-image-caption=\"\" data-medium-file=\"https:\/\/wp.ufpel.edu.br\/cti\/files\/2023\/05\/Catalogo-Servicos-TIC_Banners-Retina-192x132px_Governanca-de-TIC.png\" data-large-file=\"https:\/\/wp.ufpel.edu.br\/cti\/files\/2023\/05\/Catalogo-Servicos-TIC_Banners-Retina-192x132px_Governanca-de-TIC.png\" class=\"alignnone size-full wp-image-3876\" src=\"https:\/\/wp.ufpel.edu.br\/cti\/files\/2023\/05\/Catalogo-Servicos-TIC_Banners-Retina-192x132px_Governanca-de-TIC.png\" alt=\"\" width=\"193\" height=\"132\" \/><\/a> <a href=\"https:\/\/wp.ufpel.edu.br\/cti\/cat-servicos\/redes\/\"><img data-attachment-id=\"3877\" data-permalink=\"https:\/\/wp.ufpel.edu.br\/cti\/pagina-inicial\/catalogo-servicos-tic_banners-retina-192x132px_redes-e-infraestrutura-de-tic\/\" data-orig-file=\"https:\/\/wp.ufpel.edu.br\/cti\/files\/2023\/05\/Catalogo-Servicos-TIC_Banners-Retina-192x132px_Redes-e-Infraestrutura-de-TIC.png\" data-orig-size=\"193,132\" data-comments-opened=\"0\" data-image-meta=\"{&quot;aperture&quot;:&quot;0&quot;,&quot;credit&quot;:&quot;&quot;,&quot;camera&quot;:&quot;&quot;,&quot;caption&quot;:&quot;&quot;,&quot;created_timestamp&quot;:&quot;0&quot;,&quot;copyright&quot;:&quot;&quot;,&quot;focal_length&quot;:&quot;0&quot;,&quot;iso&quot;:&quot;0&quot;,&quot;shutter_speed&quot;:&quot;0&quot;,&quot;title&quot;:&quot;&quot;,&quot;orientation&quot;:&quot;0&quot;}\" data-image-title=\"Cat\u00e1logo-Servi\u00e7os-TIC_Banners-Retina-192x132px_Redes e Infraestrutura de TIC\" data-image-description=\"\" data-image-caption=\"\" data-medium-file=\"https:\/\/wp.ufpel.edu.br\/cti\/files\/2023\/05\/Catalogo-Servicos-TIC_Banners-Retina-192x132px_Redes-e-Infraestrutura-de-TIC.png\" data-large-file=\"https:\/\/wp.ufpel.edu.br\/cti\/files\/2023\/05\/Catalogo-Servicos-TIC_Banners-Retina-192x132px_Redes-e-Infraestrutura-de-TIC.png\" class=\"alignnone size-full wp-image-3877\" src=\"https:\/\/wp.ufpel.edu.br\/cti\/files\/2023\/05\/Catalogo-Servicos-TIC_Banners-Retina-192x132px_Redes-e-Infraestrutura-de-TIC.png\" alt=\"\" width=\"193\" height=\"132\" \/><\/a> <a href=\"https:\/\/wp.ufpel.edu.br\/cti\/cat-servicos\/sistemas\/\"><img data-attachment-id=\"3878\" data-permalink=\"https:\/\/wp.ufpel.edu.br\/cti\/pagina-inicial\/catalogo-servicos-tic_banners-retina-192x132px_sistemas-de-informacao\/\" data-orig-file=\"https:\/\/wp.ufpel.edu.br\/cti\/files\/2023\/05\/Catalogo-Servicos-TIC_Banners-Retina-192x132px_Sistemas-de-Informacao.png\" data-orig-size=\"193,132\" data-comments-opened=\"0\" data-image-meta=\"{&quot;aperture&quot;:&quot;0&quot;,&quot;credit&quot;:&quot;&quot;,&quot;camera&quot;:&quot;&quot;,&quot;caption&quot;:&quot;&quot;,&quot;created_timestamp&quot;:&quot;0&quot;,&quot;copyright&quot;:&quot;&quot;,&quot;focal_length&quot;:&quot;0&quot;,&quot;iso&quot;:&quot;0&quot;,&quot;shutter_speed&quot;:&quot;0&quot;,&quot;title&quot;:&quot;&quot;,&quot;orientation&quot;:&quot;0&quot;}\" data-image-title=\"Cat\u00e1logo-Servi\u00e7os-TIC_Banners-Retina-192x132px_Sistemas de Informa\u00e7\u00e3o\" data-image-description=\"\" data-image-caption=\"\" data-medium-file=\"https:\/\/wp.ufpel.edu.br\/cti\/files\/2023\/05\/Catalogo-Servicos-TIC_Banners-Retina-192x132px_Sistemas-de-Informacao.png\" data-large-file=\"https:\/\/wp.ufpel.edu.br\/cti\/files\/2023\/05\/Catalogo-Servicos-TIC_Banners-Retina-192x132px_Sistemas-de-Informacao.png\" class=\"alignnone size-full wp-image-3878\" src=\"https:\/\/wp.ufpel.edu.br\/cti\/files\/2023\/05\/Catalogo-Servicos-TIC_Banners-Retina-192x132px_Sistemas-de-Informacao.png\" alt=\"\" width=\"193\" height=\"132\" \/><\/a><\/p>\n<p>&nbsp;<\/p>\n<p style=\"padding-left: 40px;\"><a href=\"https:\/\/wp.ufpel.edu.br\/cti\/catalogo-de-servicos\/\"><strong>Acesse o Cat\u00e1logo completo \u2192<\/strong><\/a><\/p>\n<p>&nbsp;<\/p>\n<p>&nbsp;<\/p>\n","protected":false},"excerpt":{"rendered":"<p>&nbsp; Acesse o Cat\u00e1logo completo \u2192 &nbsp; &nbsp;<\/p>\n","protected":false},"author":20,"featured_media":0,"parent":0,"menu_order":0,"comment_status":"closed","ping_status":"closed","template":"page-sem-sidebar.php","meta":{"jetpack_post_was_ever_published":false,"footnotes":"","_links_to":"","_links_to_target":""},"class_list":["post-3197","page","type-page","status-publish","hentry"],"jetpack_sharing_enabled":true,"publishpress_future_workflow_manual_trigger":{"enabledWorkflows":[]},"_links":{"self":[{"href":"https:\/\/wp.ufpel.edu.br\/cti\/wp-json\/wp\/v2\/pages\/3197","targetHints":{"allow":["GET"]}}],"collection":[{"href":"https:\/\/wp.ufpel.edu.br\/cti\/wp-json\/wp\/v2\/pages"}],"about":[{"href":"https:\/\/wp.ufpel.edu.br\/cti\/wp-json\/wp\/v2\/types\/page"}],"author":[{"embeddable":true,"href":"https:\/\/wp.ufpel.edu.br\/cti\/wp-json\/wp\/v2\/users\/20"}],"replies":[{"embeddable":true,"href":"https:\/\/wp.ufpel.edu.br\/cti\/wp-json\/wp\/v2\/comments?post=3197"}],"version-history":[{"count":23,"href":"https:\/\/wp.ufpel.edu.br\/cti\/wp-json\/wp\/v2\/pages\/3197\/revisions"}],"predecessor-version":[{"id":3879,"href":"https:\/\/wp.ufpel.edu.br\/cti\/wp-json\/wp\/v2\/pages\/3197\/revisions\/3879"}],"wp:attachment":[{"href":"https:\/\/wp.ufpel.edu.br\/cti\/wp-json\/wp\/v2\/media?parent=3197"}],"curies":[{"name":"wp","href":"https:\/\/api.w.org\/{rel}","templated":true}]}}