{"id":1601,"date":"2013-01-24T20:11:15","date_gmt":"2013-01-24T20:11:15","guid":{"rendered":"http:\/\/cti.ufpel.edu.br\/site\/?page_id=5"},"modified":"2017-06-19T15:08:30","modified_gmt":"2017-06-19T18:08:30","slug":"equipe","status":"publish","type":"page","link":"https:\/\/wp.ufpel.edu.br\/cti\/equipe\/","title":{"rendered":"Equipe"},"content":{"rendered":"<h2>Coordena\u00e7\u00e3o de Tecnologia da Informa\u00e7\u00e3o<\/h2>\n<p>J\u00falio Carlos Balzano de Mattos<br \/>\n<em>Coordenador<\/em><\/p>\n<p>Paula Lemoes Haertel Wieth<br \/>\n<em>Secret\u00e1ria<\/em><\/p>\n<h5 style=\"padding-left: 30px;\">Se\u00e7\u00e3o de Treinamento e Divulga\u00e7\u00e3o<\/h5>\n<p style=\"padding-left: 30px;\">Alfredo Luiz da Costa Tillmann<br \/>\n<em>Gerente<\/em><br \/>\nFrancisco de Paula Marques Rodrigues<\/p>\n<h5 style=\"padding-left: 30px;\">Servi\u00e7o de Atendimento ao Usu\u00e1rio de TI<\/h5>\n<p style=\"padding-left: 30px;\">.<\/p>\n<h4>N\u00facleo de Sistemas de Informa\u00e7\u00e3o<\/h4>\n<p>Jos\u00e9 Hiram Salengue Noguez<br \/>\n<em>Coordenador<\/em><\/p>\n<h5 style=\"padding-left: 30px;\">Se\u00e7\u00e3o de Gerenciamento e Desenvolvimento<\/h5>\n<p style=\"padding-left: 30px;\">Alexandre Gomes da Costa<br \/>\nAmanda Argou Cardozo<br \/>\nC\u00e1ssio Soares Carvalho<br \/>\nCau\u00ea Duarte<br \/>\nDiego Saraiva de Oliveira<br \/>\nFabr\u00edcio Gonzales Scaglioni<br \/>\nGustavo Lima de Magalh\u00e3es<br \/>\nJer\u00f4nimo da Cunha Ramos<br \/>\nMarcelo Alc\u00e2ntara Borges<br \/>\nRafael Teixeira dos Santos<br \/>\nS\u00e9rgio Yoshimitsu Fujii<br \/>\nTim\u00f3teo Matthies Rico<br \/>\nVirginia Ortiz Andersson<\/p>\n<h5 style=\"padding-left: 30px;\">Se\u00e7\u00e3o de Tecnologias para Websites<\/h5>\n<p style=\"padding-left: 30px;\">Henrique Avila Vianna<br \/>\nLeandro Weige Dias<br \/>\nThomas de Aguiar de Oliveira<\/p>\n<h5 style=\"padding-left: 30px;\">Se\u00e7\u00e3o de Administra\u00e7\u00e3o de Dados<\/h5>\n<p style=\"padding-left: 30px;\">.<\/p>\n<h4>N\u00facleo de Infraestrutura de Tecnologia da Informa\u00e7\u00e3o<\/h4>\n<p>Eduardo Maro\u00f1as Monks<br \/>\n<em>Coordenador<br \/>\n<\/em><\/p>\n<h5 style=\"padding-left: 30px;\">Se\u00e7\u00e3o de Gerenciamento de Redes<\/h5>\n<p style=\"padding-left: 30px;\">Jer\u00f4nimo Feij\u00f3 Noble da Rosa<br \/>\nRafael Padilha da Silva<br \/>\nRicardo Borges Almeida<br \/>\nTiago Camargo Al-Alam<\/p>\n<h5 style=\"padding-left: 30px;\">Se\u00e7\u00e3o de Infraestrutura<\/h5>\n<p style=\"padding-left: 30px;\">Di\u00f3rgenes Yuri Leal da Rosa<br \/>\nThiago Baneiro Cardoso<\/p>\n<p>&nbsp;<\/p>\n<h4>N\u00facleo de Suporte e Manuten\u00e7\u00e3o<\/h4>\n<p>Gustavo Mata Zechlinski<br \/>\n<em>Coordenador<\/em><\/p>\n<p style=\"padding-left: 30px;\">Cl\u00e1udio Silveira<br \/>\nEulani Cardoso dos Santos<br \/>\nJony Telechi Silveira<br \/>\nMaria Tereza Tavares Fujii<\/p>\n<h4>N\u00facleo de Governan\u00e7a de Tecnologia da Informa\u00e7\u00e3o<\/h4>\n<p>.<\/p>\n<h5>Estagi\u00e1rios<\/h5>\n<p>Tiago Nunes Conde &#8211; Marcus Barros Bohns &#8211; Thiago Rodrigues &#8211; Anderson Cardoso &#8211; Bruno Cabreira Gon\u00e7alves &#8211; Charles Rodrigues Porto &#8211; Edmundo Silveira &#8211; Edu Xavier &#8211; Eduardo Xavier &#8211; Henry Soares Pereira &#8211; Italo Silveira &#8211; Jhonathan Juncal &#8211; Leonardo Bonow Krause &#8211; Marcelo Bonoto &#8211; Mateus Al-Alam de Almeida &#8211; Naian Assis &#8211; Taisson Oliveira &#8211; Rodrigo Acosta &#8211; Carlos Yano &#8211; Victor Covalski Junes.<\/p>\n","protected":false},"excerpt":{"rendered":"<p>Coordena\u00e7\u00e3o de Tecnologia da Informa\u00e7\u00e3o J\u00falio Carlos Balzano de Mattos Coordenador Paula Lemoes Haertel Wieth Secret\u00e1ria Se\u00e7\u00e3o de Treinamento e Divulga\u00e7\u00e3o Alfredo Luiz da Costa Tillmann Gerente Francisco de Paula Marques Rodrigues Servi\u00e7o de Atendimento ao Usu\u00e1rio de TI . N\u00facleo de Sistemas de Informa\u00e7\u00e3o Jos\u00e9 Hiram Salengue Noguez Coordenador Se\u00e7\u00e3o de Gerenciamento e Desenvolvimento [&hellip;]<\/p>\n","protected":false},"author":20,"featured_media":0,"parent":0,"menu_order":0,"comment_status":"closed","ping_status":"closed","template":"","meta":{"jetpack_post_was_ever_published":false,"footnotes":"","_links_to":"","_links_to_target":""},"class_list":["post-1601","page","type-page","status-publish","hentry"],"jetpack_sharing_enabled":true,"publishpress_future_workflow_manual_trigger":{"enabledWorkflows":[]},"_links":{"self":[{"href":"https:\/\/wp.ufpel.edu.br\/cti\/wp-json\/wp\/v2\/pages\/1601","targetHints":{"allow":["GET"]}}],"collection":[{"href":"https:\/\/wp.ufpel.edu.br\/cti\/wp-json\/wp\/v2\/pages"}],"about":[{"href":"https:\/\/wp.ufpel.edu.br\/cti\/wp-json\/wp\/v2\/types\/page"}],"author":[{"embeddable":true,"href":"https:\/\/wp.ufpel.edu.br\/cti\/wp-json\/wp\/v2\/users\/20"}],"replies":[{"embeddable":true,"href":"https:\/\/wp.ufpel.edu.br\/cti\/wp-json\/wp\/v2\/comments?post=1601"}],"version-history":[{"count":18,"href":"https:\/\/wp.ufpel.edu.br\/cti\/wp-json\/wp\/v2\/pages\/1601\/revisions"}],"predecessor-version":[{"id":4067,"href":"https:\/\/wp.ufpel.edu.br\/cti\/wp-json\/wp\/v2\/pages\/1601\/revisions\/4067"}],"wp:attachment":[{"href":"https:\/\/wp.ufpel.edu.br\/cti\/wp-json\/wp\/v2\/media?parent=1601"}],"curies":[{"name":"wp","href":"https:\/\/api.w.org\/{rel}","templated":true}]}}

<h2>Coordenação de Tecnologia da Informação</h2>
<p>Júlio Carlos Balzano de Mattos<br />
<em>Coordenador</em></p>
<p>Paula Lemoes Haertel Wieth<br />
<em>Secretária</em></p>
<h5 style="padding-left: 30px;">Seção de Treinamento e Divulgação</h5>
<p style="padding-left: 30px;">Alfredo Luiz da Costa Tillmann<br />
<em>Gerente</em><br />
Francisco de Paula Marques Rodrigues</p>
<h5 style="padding-left: 30px;">Serviço de Atendimento ao Usuário de TI</h5>
<p style="padding-left: 30px;">.</p>
<h4>Núcleo de Sistemas de Informação</h4>
<p>José Hiram Salengue Noguez<br />
<em>Coordenador</em></p>
<h5 style="padding-left: 30px;">Seção de Gerenciamento e Desenvolvimento</h5>
<p style="padding-left: 30px;">Alexandre Gomes da Costa<br />
Amanda Argou Cardozo<br />
Cássio Soares Carvalho<br />
Cauê Duarte<br />
Diego Saraiva de Oliveira<br />
Fabrício Gonzales Scaglioni<br />
Gustavo Lima de Magalhães<br />
Jerônimo da Cunha Ramos<br />
Marcelo Alcântara Borges<br />
Rafael Teixeira dos Santos<br />
Sérgio Yoshimitsu Fujii<br />
Timóteo Matthies Rico<br />
Virginia Ortiz Andersson</p>
<h5 style="padding-left: 30px;">Seção de Tecnologias para Websites</h5>
<p style="padding-left: 30px;">Henrique Avila Vianna<br />
Leandro Weige Dias<br />
Thomas de Aguiar de Oliveira</p>
<h5 style="padding-left: 30px;">Seção de Administração de Dados</h5>
<p style="padding-left: 30px;">.</p>
<h4>Núcleo de Infraestrutura de Tecnologia da Informação</h4>
<p>Eduardo Maroñas Monks<br />
<em>Coordenador<br />
</em></p>
<h5 style="padding-left: 30px;">Seção de Gerenciamento de Redes</h5>
<p style="padding-left: 30px;">Jerônimo Feijó Noble da Rosa<br />
Rafael Padilha da Silva<br />
Ricardo Borges Almeida<br />
Tiago Camargo Al-Alam</p>
<h5 style="padding-left: 30px;">Seção de Infraestrutura</h5>
<p style="padding-left: 30px;">Diórgenes Yuri Leal da Rosa<br />
Thiago Baneiro Cardoso</p>
<p>&nbsp;</p>
<h4>Núcleo de Suporte e Manutenção</h4>
<p>Gustavo Mata Zechlinski<br />
<em>Coordenador</em></p>
<p style="padding-left: 30px;">Cláudio Silveira<br />
Eulani Cardoso dos Santos<br />
Jony Telechi Silveira<br />
Maria Tereza Tavares Fujii</p>
<h4>Núcleo de Governança de Tecnologia da Informação</h4>
<p>.</p>
<h5>Estagiários</h5>
<p>Tiago Nunes Conde &#8211; Marcus Barros Bohns &#8211; Thiago Rodrigues &#8211; Anderson Cardoso &#8211; Bruno Cabreira Gonçalves &#8211; Charles Rodrigues Porto &#8211; Edmundo Silveira &#8211; Edu Xavier &#8211; Eduardo Xavier &#8211; Henry Soares Pereira &#8211; Italo Silveira &#8211; Jhonathan Juncal &#8211; Leonardo Bonow Krause &#8211; Marcelo Bonoto &#8211; Mateus Al-Alam de Almeida &#8211; Naian Assis &#8211; Taisson Oliveira &#8211; Rodrigo Acosta &#8211; Carlos Yano &#8211; Victor Covalski Junes.</p>

<p>Coordenação de Tecnologia da Informação Júlio Carlos Balzano de Mattos Coordenador Paula Lemoes Haertel Wieth Secretária Seção de Treinamento e Divulgação Alfredo Luiz da Costa Tillmann Gerente Francisco de Paula Marques Rodrigues Serviço de Atendimento ao Usuário de TI . Núcleo de Sistemas de Informação José Hiram Salengue Noguez Coordenador Seção de Gerenciamento e Desenvolvimento [&hellip;]</p>
