{"id":1600,"date":"2013-01-24T17:41:49","date_gmt":"2013-01-24T17:41:49","guid":{"rendered":"http:\/\/cti.ufpel.edu.br\/site\/?page_id=2"},"modified":"2016-08-26T11:59:43","modified_gmt":"2016-08-26T14:59:43","slug":"sobre","status":"publish","type":"page","link":"https:\/\/wp.ufpel.edu.br\/cti\/sobre\/","title":{"rendered":"Sobre a CTI"},"content":{"rendered":"<p>A <b>Coordena\u00e7\u00e3o de Tecnologia da Informa\u00e7\u00e3o \u2013 CTI<\/b> \u00e9 um \u00f3rg\u00e3o ligado ao Gabinete do Reitor com a miss\u00e3o de gerenciar os recursos tecnol\u00f3gicos necess\u00e1rios para adquirir, processar, armazenar e disseminar informa\u00e7\u00f5es na Universidade, a fim de dar suporte ao desenvolvimento do ensino, pesquisa, extens\u00e3o, gest\u00e3o e servi\u00e7os \u00e0 comunidade.<\/p>\n<p>&nbsp;<\/p>\n<p style=\"text-align: center\"><a href=\"https:\/\/wp.ufpel.edu.br\/cti\/files\/2013\/01\/CTI-WEBRES.png\"><img data-attachment-id=\"519\" data-permalink=\"https:\/\/wp.ufpel.edu.br\/cti\/sobre\/cti-webres\/\" data-orig-file=\"https:\/\/wp.ufpel.edu.br\/cti\/files\/2013\/01\/CTI-WEBRES.png\" data-orig-size=\"842,595\" data-comments-opened=\"0\" data-image-meta=\"{&quot;aperture&quot;:&quot;0&quot;,&quot;credit&quot;:&quot;&quot;,&quot;camera&quot;:&quot;&quot;,&quot;caption&quot;:&quot;&quot;,&quot;created_timestamp&quot;:&quot;0&quot;,&quot;copyright&quot;:&quot;&quot;,&quot;focal_length&quot;:&quot;0&quot;,&quot;iso&quot;:&quot;0&quot;,&quot;shutter_speed&quot;:&quot;0&quot;,&quot;title&quot;:&quot;&quot;,&quot;orientation&quot;:&quot;0&quot;}\" data-image-title=\"CTI-WEBRES\" data-image-description=\"\" data-image-caption=\"\" data-medium-file=\"https:\/\/wp.ufpel.edu.br\/cti\/files\/2013\/01\/CTI-WEBRES-424x300.png\" data-large-file=\"https:\/\/wp.ufpel.edu.br\/cti\/files\/2013\/01\/CTI-WEBRES-842x220.png\" class=\" wp-image-519 aligncenter\" title=\"Organograma\" src=\"https:\/\/wp.ufpel.edu.br\/cti\/files\/2013\/01\/CTI-WEBRES.png\" alt=\"CTI-WEBRES\" width=\"674\" height=\"476\" srcset=\"https:\/\/wp.ufpel.edu.br\/cti\/files\/2013\/01\/CTI-WEBRES.png 842w, https:\/\/wp.ufpel.edu.br\/cti\/files\/2013\/01\/CTI-WEBRES-212x150.png 212w, https:\/\/wp.ufpel.edu.br\/cti\/files\/2013\/01\/CTI-WEBRES-424x300.png 424w\" sizes=\"(max-width: 674px) 100vw, 674px\" \/><\/a><\/p>\n","protected":false},"excerpt":{"rendered":"<p>A Coordena\u00e7\u00e3o de Tecnologia da Informa\u00e7\u00e3o \u2013 CTI \u00e9 um \u00f3rg\u00e3o ligado ao Gabinete do Reitor com a miss\u00e3o de gerenciar os recursos tecnol\u00f3gicos necess\u00e1rios para adquirir, processar, armazenar e disseminar informa\u00e7\u00f5es na Universidade, a fim de dar suporte ao desenvolvimento do ensino, pesquisa, extens\u00e3o, gest\u00e3o e servi\u00e7os \u00e0 comunidade. &nbsp;<\/p>\n","protected":false},"author":20,"featured_media":0,"parent":0,"menu_order":0,"comment_status":"closed","ping_status":"closed","template":"","meta":{"jetpack_post_was_ever_published":false,"footnotes":"","_links_to":"","_links_to_target":""},"class_list":["post-1600","page","type-page","status-publish","hentry"],"jetpack_sharing_enabled":true,"publishpress_future_workflow_manual_trigger":{"enabledWorkflows":[]},"_links":{"self":[{"href":"https:\/\/wp.ufpel.edu.br\/cti\/wp-json\/wp\/v2\/pages\/1600","targetHints":{"allow":["GET"]}}],"collection":[{"href":"https:\/\/wp.ufpel.edu.br\/cti\/wp-json\/wp\/v2\/pages"}],"about":[{"href":"https:\/\/wp.ufpel.edu.br\/cti\/wp-json\/wp\/v2\/types\/page"}],"author":[{"embeddable":true,"href":"https:\/\/wp.ufpel.edu.br\/cti\/wp-json\/wp\/v2\/users\/20"}],"replies":[{"embeddable":true,"href":"https:\/\/wp.ufpel.edu.br\/cti\/wp-json\/wp\/v2\/comments?post=1600"}],"version-history":[{"count":1,"href":"https:\/\/wp.ufpel.edu.br\/cti\/wp-json\/wp\/v2\/pages\/1600\/revisions"}],"predecessor-version":[{"id":2853,"href":"https:\/\/wp.ufpel.edu.br\/cti\/wp-json\/wp\/v2\/pages\/1600\/revisions\/2853"}],"wp:attachment":[{"href":"https:\/\/wp.ufpel.edu.br\/cti\/wp-json\/wp\/v2\/media?parent=1600"}],"curies":[{"name":"wp","href":"https:\/\/api.w.org\/{rel}","templated":true}]}}

<p>A <b>Coordenação de Tecnologia da Informação – CTI</b> é um órgão ligado ao Gabinete do Reitor com a missão de gerenciar os recursos tecnológicos necessários para adquirir, processar, armazenar e disseminar informações na Universidade, a fim de dar suporte ao desenvolvimento do ensino, pesquisa, extensão, gestão e serviços à comunidade.</p>
<p>&nbsp;</p>
<p style="text-align: center"><a href="https://wp.ufpel.edu.br/cti/files/2013/01/CTI-WEBRES.png"><img data-attachment-id="519" data-permalink="https://wp.ufpel.edu.br/cti/sobre/cti-webres/" data-orig-file="https://wp.ufpel.edu.br/cti/files/2013/01/CTI-WEBRES.png" data-orig-size="842,595" data-comments-opened="0" data-image-meta="{&quot;aperture&quot;:&quot;0&quot;,&quot;credit&quot;:&quot;&quot;,&quot;camera&quot;:&quot;&quot;,&quot;caption&quot;:&quot;&quot;,&quot;created_timestamp&quot;:&quot;0&quot;,&quot;copyright&quot;:&quot;&quot;,&quot;focal_length&quot;:&quot;0&quot;,&quot;iso&quot;:&quot;0&quot;,&quot;shutter_speed&quot;:&quot;0&quot;,&quot;title&quot;:&quot;&quot;,&quot;orientation&quot;:&quot;0&quot;}" data-image-title="CTI-WEBRES" data-image-description="" data-image-caption="" data-medium-file="https://wp.ufpel.edu.br/cti/files/2013/01/CTI-WEBRES-424x300.png" data-large-file="https://wp.ufpel.edu.br/cti/files/2013/01/CTI-WEBRES-842x220.png" class=" wp-image-519 aligncenter" title="Organograma" src="https://wp.ufpel.edu.br/cti/files/2013/01/CTI-WEBRES.png" alt="CTI-WEBRES" width="674" height="476" srcset="https://wp.ufpel.edu.br/cti/files/2013/01/CTI-WEBRES.png 842w, https://wp.ufpel.edu.br/cti/files/2013/01/CTI-WEBRES-212x150.png 212w, https://wp.ufpel.edu.br/cti/files/2013/01/CTI-WEBRES-424x300.png 424w" sizes="(max-width: 674px) 100vw, 674px" /></a></p>

<p>A Coordenação de Tecnologia da Informação – CTI é um órgão ligado ao Gabinete do Reitor com a missão de gerenciar os recursos tecnológicos necessários para adquirir, processar, armazenar e disseminar informações na Universidade, a fim de dar suporte ao desenvolvimento do ensino, pesquisa, extensão, gestão e serviços à comunidade. &nbsp;</p>
