{"id":2,"date":"2018-03-05T07:37:38","date_gmt":"2018-03-05T10:37:38","guid":{"rendered":"https:\/\/wp.ufpel.edu.br\/ctbmf\/?page_id=2"},"modified":"2019-04-07T17:54:31","modified_gmt":"2019-04-07T20:54:31","slug":"pagina-exemplo","status":"publish","type":"page","link":"https:\/\/wp.ufpel.edu.br\/ctbmf\/pagina-exemplo\/","title":{"rendered":"1-Resid\u00eancia em CPTBMF"},"content":{"rendered":"<p>A resid\u00eancia em\u00a0 <b>cirurgia e traumatologia bucomaxilofacial <\/b>da Universidade Federal de Pelotas est\u00e1 inserida na busca da melhor evid\u00eancia cientifica com o objetivo de realizar o melhor tratamento do trauma de face, das patologias dos maxilares, das deformidades da face , patologias da boca e reabilita\u00e7\u00e3o oral e na parte cir\u00fargica dos implantes odontol\u00f3gicos. Contamos com uma equipe de professores qualificados, todos com doutorado. Nosso trabalho se desenvolve no ensino, na extens\u00e3o ou assist\u00eancia e na pesquisa. Al\u00e9m disso, realizamos publica\u00e7\u00f5es de forte impacto acad\u00eamico, na nossa \u00e1rea de atua\u00e7\u00e3o.\u00a0 A resid\u00eancia em cirurgia bucomaxilofacial, da Universidade Federal de Pelotas, \u00e9 reconhecida nacionalmente e internacionalmente, se configurando num dos melhores servi\u00e7os do Rio Grande do sul e do pa\u00eds. Nossos residentes contam com uma forma\u00e7\u00e3o s\u00f3lida e trabalham no servi\u00e7o por tr\u00eas anos, 60 horas semanais, atuando em: hospitais, ambulat\u00f3rios, rounds, realizando pesquisa, extens\u00e3o e aprendendo cirurgia bucomaxilofacial.<\/p>\n<p><a href=\"https:\/\/wp.ufpel.edu.br\/ctbmf\/files\/2019\/04\/CESAR-FOTO.jpg\"><img class=\"size-medium wp-image-182\" src=\"https:\/\/wp.ufpel.edu.br\/ctbmf\/files\/2019\/04\/CESAR-FOTO-240x400.jpg\" alt=\"\" width=\"240\" height=\"400\" srcset=\"https:\/\/wp.ufpel.edu.br\/ctbmf\/files\/2019\/04\/CESAR-FOTO-240x400.jpg 240w, https:\/\/wp.ufpel.edu.br\/ctbmf\/files\/2019\/04\/CESAR-FOTO-768x1282.jpg 768w, https:\/\/wp.ufpel.edu.br\/ctbmf\/files\/2019\/04\/CESAR-FOTO-613x1024.jpg 613w, https:\/\/wp.ufpel.edu.br\/ctbmf\/files\/2019\/04\/CESAR-FOTO.jpg 1453w\" sizes=\"(max-width: 240px) 100vw, 240px\" \/><\/a><\/p>\n<p>Prof. Dr.Antonio C\u00e9sar Manentti Foga\u00e7a<\/p>\n<p>Coordenador da Resid\u00eancia em Cirurgia Bucomaxilofacial da Universidade Federal de Pelotas.<\/p>\n","protected":false},"excerpt":{"rendered":"<p>A resid\u00eancia em\u00a0 cirurgia e traumatologia bucomaxilofacial da Universidade Federal de Pelotas est\u00e1 inserida na busca da melhor evid\u00eancia cientifica com o objetivo de realizar o melhor tratamento do trauma de face, das patologias dos maxilares, das deformidades da face , patologias da boca e reabilita\u00e7\u00e3o oral e na parte cir\u00fargica dos implantes odontol\u00f3gicos. Contamos [&hellip;]<\/p>\n","protected":false},"author":101,"featured_media":0,"parent":0,"menu_order":0,"comment_status":"closed","ping_status":"closed","template":"","meta":{"footnotes":""},"class_list":["post-2","page","type-page","status-publish","hentry"],"_links":{"self":[{"href":"https:\/\/wp.ufpel.edu.br\/ctbmf\/wp-json\/wp\/v2\/pages\/2","targetHints":{"allow":["GET"]}}],"collection":[{"href":"https:\/\/wp.ufpel.edu.br\/ctbmf\/wp-json\/wp\/v2\/pages"}],"about":[{"href":"https:\/\/wp.ufpel.edu.br\/ctbmf\/wp-json\/wp\/v2\/types\/page"}],"author":[{"embeddable":true,"href":"https:\/\/wp.ufpel.edu.br\/ctbmf\/wp-json\/wp\/v2\/users\/101"}],"replies":[{"embeddable":true,"href":"https:\/\/wp.ufpel.edu.br\/ctbmf\/wp-json\/wp\/v2\/comments?post=2"}],"version-history":[{"count":6,"href":"https:\/\/wp.ufpel.edu.br\/ctbmf\/wp-json\/wp\/v2\/pages\/2\/revisions"}],"predecessor-version":[{"id":232,"href":"https:\/\/wp.ufpel.edu.br\/ctbmf\/wp-json\/wp\/v2\/pages\/2\/revisions\/232"}],"wp:attachment":[{"href":"https:\/\/wp.ufpel.edu.br\/ctbmf\/wp-json\/wp\/v2\/media?parent=2"}],"curies":[{"name":"wp","href":"https:\/\/api.w.org\/{rel}","templated":true}]}}