{"id":20,"date":"2013-05-09T16:38:45","date_gmt":"2013-05-09T19:38:45","guid":{"rendered":"https:\/\/wp.ufpel.edu.br\/csttt\/?page_id=20"},"modified":"2013-06-06T10:56:50","modified_gmt":"2013-06-06T13:56:50","slug":"biblioteca","status":"publish","type":"page","link":"https:\/\/wp.ufpel.edu.br\/csttt\/biblioteca\/","title":{"rendered":"Biblioteca Virtual"},"content":{"rendered":"<p style=\"text-align: center\"><strong>Links \u00fateis<\/strong><\/p>\n<ul>\n<li><a href=\"http:\/\/prg.ufpel.edu.br\/sisbi\/\">Biblioteca UFPel<\/a><\/li>\n<li><a href=\" www.dominiopublico.gov.br\">Dom\u00ednio P\u00fablico<\/a><\/li>\n<li><a href=\"http:\/\/bndigital.bn.br\/\">Biblioteca Nacional Digital do Brasil<\/a><\/li>\n<li><a href=\"www.lume.ufrgs.br\">Lume &#8211; Reposit\u00f3rio Digital da UFRGS<\/a><\/li>\n<li><a href=\"http:\/\/www.periodicos.capes.gov.br\/\">Portal de Peri\u00f3dicos da Capes<\/a><\/li>\n<li><a href=\"http:\/\/www.denatran.gov.br\/\">DENATRAN<\/a><\/li>\n<li><a href=\"www.dnit.gov.br\/\">DNIT &#8211;\u00a0Departamento Nacional de Infraestrutura de Transportes<\/a><\/li>\n<li><a href=\"www.antt.gov.br\/\">ANTT &#8211;\u00a0Ag\u00eancia Nacional de Transportes Terrestres<\/a><\/li>\n<li><cite><a href=\"www.antp.org.br\/\"><em>ANTP &#8211; Associa\u00e7\u00e3o Nacional dos Transportes P\u00fablico<\/em>s<\/a>\u00a0<\/cite><\/li>\n<li><a href=\"www.detran.rs.gov.br\/\">DETRAN RS<\/a><\/li>\n<li><a href=\"www.cidades.gov.br\/index.php\">Minist\u00e9rio das Cidades<\/a><\/li>\n<li><a href=\"www.transportes.gov.br\/\">Minist\u00e9rio dos Transportes<\/a><b>\u00a0<\/b><\/li>\n<li><cite><a href=\"www.anpet.org.br\/\">ANPET &#8211; Associa\u00e7\u00e3o Nacional de Pesquisa e Ensino em Transporte<\/a><\/cite><\/li>\n<li><cite><a href=\"www.observatoriodeseguranca.org\/\">Observat\u00f3rio de Seguran\u00e7a<\/a><\/cite><\/li>\n<li><cite><a href=\"www.cetsp.com.br\">CET &#8211;\u00a0Companhia de Engenharia de Tr\u00e1fego<\/a><\/cite><\/li>\n<li><cite><a href=\"www.eptc.com.br\/\">EPTC<\/a><\/cite><\/li>\n<li><cite><a href=\"www.bhtrans.pbh.gov.br\/\">BH Trans<\/a><\/cite><\/li>\n<li><cite><a href=\"www.sptrans.com.br\/\">SP Trans<\/a>\u00a0\u00a0\u00a0\u00a0<\/cite><\/li>\n<\/ul>\n<p style=\"text-align: center\"><strong>Ambiente Virtual de Aprendizagem (AVA)<\/strong><\/p>\n<ul>\n<li><a title=\"Ambiente Virtual de Aprendizagem\" href=\"http:\/\/avainstitucional.ufpel.edu.br\/\">AVA<\/a><\/li>\n<\/ul>\n<p style=\"text-align: center\"><strong>Material dispon\u00edvel por grandes \u00e1reas do CSTTT (livre para download)<\/strong><\/p>\n<ul>\n<li><strong>Mobilidade Urbana<\/strong><\/li>\n<li><strong>Seguran\u00e7a<\/strong><\/li>\n<li><strong>Infraestrutura<\/strong><\/li>\n<\/ul>\n<p><a href=\"https:\/\/wp.ufpel.edu.br\/csttt\/files\/2013\/05\/materialdeinfra.zip\">material de infra 1<\/a><\/p>\n<ul>\n<li><strong>Transporte de Passageiros<\/strong><\/li>\n<li><strong>Transporte de Cargas<\/strong><\/li>\n<li><strong><\/strong><strong>Engenharia de Tr\u00e1fego<\/strong><\/li>\n<\/ul>\n<p><a href=\"https:\/\/wp.ufpel.edu.br\/csttt\/files\/2013\/05\/material-eng_de-trafego.zip\">material eng_de trafego<\/a>\u00a0(1)<\/p>\n<p><a href=\"https:\/\/wp.ufpel.edu.br\/csttt\/files\/2013\/05\/material-engenharia-de-trafego.zip\">material eng \u00a0de trafego<\/a>\u00a0(2)<\/p>\n<p><a href=\"https:\/\/wp.ufpel.edu.br\/csttt\/files\/2013\/05\/material-eng_de-trafego-2.zip\">material eng_de trafego<\/a>\u00a0(3)<\/p>\n<p><a href=\"https:\/\/wp.ufpel.edu.br\/csttt\/files\/2013\/05\/material-de-eng_trafego-3.zip\">material eng trafego<\/a>\u00a0(4)<\/p>\n<p><a href=\"https:\/\/wp.ufpel.edu.br\/csttt\/files\/2013\/05\/Volume-II_ManualSinalVertAdv.pdf\">Volume II_ManualSinalVertAdv<\/a>\u00a0(CONTRAN)<\/p>\n<p><a href=\"https:\/\/wp.ufpel.edu.br\/csttt\/files\/2013\/05\/Manual-Semaforos-Denatran-1984.pdf\">Manual Semaforos Denatran 1984<\/a>\u00a0(DENATRAN)<\/p>\n<ul>\n<li><strong>Gest\u00e3o<\/strong><\/li>\n<li><strong>Sociologia Urbana<\/strong><\/li>\n<\/ul>\n<p><a href=\"https:\/\/wp.ufpel.edu.br\/csttt\/files\/2013\/05\/Sites_Sociologia_CSTTT.pdf\">Sites_Sociologia_CSTTT<\/a><\/p>\n<ul>\n<li><strong>\u00c1reas B\u00e1sicas:<\/strong><\/li>\n<\/ul>\n<p>Matem\u00e1tica<\/p>\n<p>Estat\u00edstica<\/p>\n<p>Inform\u00e1tica<\/p>\n<p>F\u00edsica<\/p>\n<p>Metodologia<\/p>\n<p>T\u00e9cnicas de Comunica\u00e7\u00e3o<\/p>\n","protected":false},"excerpt":{"rendered":"<p>Links \u00fateis Biblioteca UFPel Dom\u00ednio P\u00fablico Biblioteca Nacional Digital do Brasil Lume &#8211; Reposit\u00f3rio Digital da UFRGS Portal de Peri\u00f3dicos da Capes DENATRAN DNIT &#8211;\u00a0Departamento Nacional de Infraestrutura de Transportes ANTT &#8211;\u00a0Ag\u00eancia Nacional de Transportes Terrestres ANTP &#8211; Associa\u00e7\u00e3o Nacional &hellip; <a href=\"https:\/\/wp.ufpel.edu.br\/csttt\/biblioteca\/\">Continue lendo <span class=\"meta-nav\">&rarr;<\/span><\/a><\/p>\n","protected":false},"author":259,"featured_media":0,"parent":0,"menu_order":0,"comment_status":"closed","ping_status":"closed","template":"","meta":{"footnotes":""},"class_list":["post-20","page","type-page","status-publish","hentry"],"jetpack_sharing_enabled":true,"_links":{"self":[{"href":"https:\/\/wp.ufpel.edu.br\/csttt\/wp-json\/wp\/v2\/pages\/20","targetHints":{"allow":["GET"]}}],"collection":[{"href":"https:\/\/wp.ufpel.edu.br\/csttt\/wp-json\/wp\/v2\/pages"}],"about":[{"href":"https:\/\/wp.ufpel.edu.br\/csttt\/wp-json\/wp\/v2\/types\/page"}],"author":[{"embeddable":true,"href":"https:\/\/wp.ufpel.edu.br\/csttt\/wp-json\/wp\/v2\/users\/259"}],"replies":[{"embeddable":true,"href":"https:\/\/wp.ufpel.edu.br\/csttt\/wp-json\/wp\/v2\/comments?post=20"}],"version-history":[{"count":18,"href":"https:\/\/wp.ufpel.edu.br\/csttt\/wp-json\/wp\/v2\/pages\/20\/revisions"}],"predecessor-version":[{"id":110,"href":"https:\/\/wp.ufpel.edu.br\/csttt\/wp-json\/wp\/v2\/pages\/20\/revisions\/110"}],"wp:attachment":[{"href":"https:\/\/wp.ufpel.edu.br\/csttt\/wp-json\/wp\/v2\/media?parent=20"}],"curies":[{"name":"wp","href":"https:\/\/api.w.org\/{rel}","templated":true}]}}