{"id":1352,"date":"2017-03-29T22:39:56","date_gmt":"2017-03-30T01:39:56","guid":{"rendered":"https:\/\/wp.ufpel.edu.br\/csttt\/?page_id=1352"},"modified":"2021-09-30T18:45:55","modified_gmt":"2021-09-30T21:45:55","slug":"acesso-a-informacao-institucional-ufpel","status":"publish","type":"page","link":"https:\/\/wp.ufpel.edu.br\/csttt\/acesso-a-informacao-institucional-ufpel\/","title":{"rendered":"Acesso \u00e0 informa\u00e7\u00e3o &#8211; Site da UFPel"},"content":{"rendered":"<p>Aqui voc\u00ea pode ter acesso \u00e0 hist\u00f3ria da universidade, n\u00famero de servidores docentes e t\u00e9cnicos, discentes, not\u00edcias e informa\u00e7\u00f5es atualizadas, etc. Pode acessar tamb\u00e9m dados sobre a estrutura f\u00edsica da UFPel e a composi\u00e7\u00e3o administrativa, com os respectivos cargos e contatos.<\/p>\n<p><a href=\"https:\/\/portal.ufpel.edu.br\/\">https:\/\/portal.ufpel.edu.br\/<\/a><\/p>\n<p>&nbsp;<\/p>\n<p>&nbsp;<\/p>\n<p>&nbsp;<\/p>\n","protected":false},"excerpt":{"rendered":"<p>Aqui voc\u00ea pode ter acesso \u00e0 hist\u00f3ria da universidade, n\u00famero de servidores docentes e t\u00e9cnicos, discentes, not\u00edcias e informa\u00e7\u00f5es atualizadas, etc. Pode acessar tamb\u00e9m dados sobre a estrutura f\u00edsica da UFPel e a composi\u00e7\u00e3o administrativa, com os respectivos cargos e &hellip; <a href=\"https:\/\/wp.ufpel.edu.br\/csttt\/acesso-a-informacao-institucional-ufpel\/\">Continue lendo <span class=\"meta-nav\">&rarr;<\/span><\/a><\/p>\n","protected":false},"author":259,"featured_media":0,"parent":0,"menu_order":0,"comment_status":"closed","ping_status":"closed","template":"","meta":{"footnotes":""},"class_list":["post-1352","page","type-page","status-publish","hentry"],"jetpack_sharing_enabled":true,"_links":{"self":[{"href":"https:\/\/wp.ufpel.edu.br\/csttt\/wp-json\/wp\/v2\/pages\/1352","targetHints":{"allow":["GET"]}}],"collection":[{"href":"https:\/\/wp.ufpel.edu.br\/csttt\/wp-json\/wp\/v2\/pages"}],"about":[{"href":"https:\/\/wp.ufpel.edu.br\/csttt\/wp-json\/wp\/v2\/types\/page"}],"author":[{"embeddable":true,"href":"https:\/\/wp.ufpel.edu.br\/csttt\/wp-json\/wp\/v2\/users\/259"}],"replies":[{"embeddable":true,"href":"https:\/\/wp.ufpel.edu.br\/csttt\/wp-json\/wp\/v2\/comments?post=1352"}],"version-history":[{"count":7,"href":"https:\/\/wp.ufpel.edu.br\/csttt\/wp-json\/wp\/v2\/pages\/1352\/revisions"}],"predecessor-version":[{"id":2252,"href":"https:\/\/wp.ufpel.edu.br\/csttt\/wp-json\/wp\/v2\/pages\/1352\/revisions\/2252"}],"wp:attachment":[{"href":"https:\/\/wp.ufpel.edu.br\/csttt\/wp-json\/wp\/v2\/media?parent=1352"}],"curies":[{"name":"wp","href":"https:\/\/api.w.org\/{rel}","templated":true}]}}