{"id":863,"date":"2021-11-22T09:46:35","date_gmt":"2021-11-22T12:46:35","guid":{"rendered":"https:\/\/wp.ufpel.edu.br\/criticamusical\/?page_id=863"},"modified":"2022-11-03T15:09:33","modified_gmt":"2022-11-03T18:09:33","slug":"v-simposio-internacional-musica-e-critica","status":"publish","type":"page","link":"https:\/\/wp.ufpel.edu.br\/criticamusical\/simposios\/v-simposio-internacional-musica-e-critica\/","title":{"rendered":"V Simp\u00f3sio Internacional M\u00fasica e Cr\u00edtica"},"content":{"rendered":"<p><img class=\"size-medium wp-image-805 alignleft\" src=\"https:\/\/wp.ufpel.edu.br\/criticamusical\/files\/2021\/10\/V-SIMPOSIO-INTERNACIONAL-MUSICA-E-CRITICA-VERSAO-FINAL-283x400.png\" alt=\"\" width=\"283\" height=\"400\" srcset=\"https:\/\/wp.ufpel.edu.br\/criticamusical\/files\/2021\/10\/V-SIMPOSIO-INTERNACIONAL-MUSICA-E-CRITICA-VERSAO-FINAL-283x400.png 283w, https:\/\/wp.ufpel.edu.br\/criticamusical\/files\/2021\/10\/V-SIMPOSIO-INTERNACIONAL-MUSICA-E-CRITICA-VERSAO-FINAL-724x1024.png 724w, https:\/\/wp.ufpel.edu.br\/criticamusical\/files\/2021\/10\/V-SIMPOSIO-INTERNACIONAL-MUSICA-E-CRITICA-VERSAO-FINAL-768x1086.png 768w, https:\/\/wp.ufpel.edu.br\/criticamusical\/files\/2021\/10\/V-SIMPOSIO-INTERNACIONAL-MUSICA-E-CRITICA-VERSAO-FINAL-1086x1536.png 1086w, https:\/\/wp.ufpel.edu.br\/criticamusical\/files\/2021\/10\/V-SIMPOSIO-INTERNACIONAL-MUSICA-E-CRITICA-VERSAO-FINAL.png 1414w\" sizes=\"(max-width: 283px) 100vw, 283px\" \/><\/p>\n<p>O Centro de Artes da UFPel e o Grupo de Pesquisa Estudos Interdisciplinares em Ci\u00eancias Musicais anunciam a realiza\u00e7\u00e3o do V Simp\u00f3sio Internacional M\u00fasica e Cr\u00edtica, em formato remoto, nos dias 22 e 23 de novembro de 2021.<\/p>\n<p>Com isto, convidamos pesquisadores e pesquisadoras musicais a enviarem trabalhos sobre temas de seus interesses, vinculados a pesquisas que utilizem peri\u00f3dicos como fonte de an\u00e1lise (jornais, revistas, hebdomad\u00e1rios, entre outros).<\/p>\n<p>Ser\u00e3o aceitas submiss\u00f5es na modalidade de comunica\u00e7\u00f5es orais. A data limite para o envio das propostas \u00e9 o dia\u00a0<strong>25 de setembro de 2021<\/strong>, e devem ser enviadas pelo e-mail\u00a0<a href=\"mailto:musicaecritica@gmail.com\">musicaecritica@gmail.com<\/a>, com o assunto \u2018Submiss\u00e3o\u2019. N\u00e3o h\u00e1 taxa de inscri\u00e7\u00e3o.<\/p>\n<p>As submiss\u00f5es devem seguir as seguintes normas:<\/p>\n<p>&#8211; Aceitam-se os seguintes idiomas: portugu\u00eas, espanhol e ingl\u00eas.<br \/>\n&#8211; Os trabalhos devem ser originais e in\u00e9ditos.<br \/>\n&#8211; As submiss\u00f5es podem ser individuais ou em coautoria.<br \/>\n&#8211; Cada autor(a) poder\u00e1 enviar uma \u00fanica submiss\u00e3o para comunica\u00e7\u00f5es orais.<br \/>\n&#8211; As submiss\u00f5es dever\u00e3o conter o(s) nome(s) dos\/das autores\/autoras, filia\u00e7\u00e3o acad\u00eamica, endere\u00e7o eletr\u00f4nico, t\u00edtulo, resumo (entre 400 e 500 palavras), refer\u00eancia bibliogr\u00e1fica de at\u00e9 dez entradas, curriculum vitae de at\u00e9 150 palavras, recursos audiovisuais (se for o caso). O resumo dever\u00e1 abordar o tema que ser\u00e1 desenvolvido, a metodologia e os novos aportes que prop\u00f5e. As comunica\u00e7\u00f5es orais ter\u00e3o 20 minutos de exposi\u00e7\u00e3o.<\/p>\n<p>A publica\u00e7\u00e3o dos trabalhos nos Anais do V Simp\u00f3sio Internacional M\u00fasica e Cr\u00edtica seguir\u00e1 orienta\u00e7\u00e3o a ser divulgada posteriormente, bem como a divulga\u00e7\u00e3o dos\/das pesquisadores\/pesquisadoras convidados\/convidadas.<\/p>\n","protected":false},"excerpt":{"rendered":"<p>O Centro de Artes da UFPel e o Grupo de Pesquisa Estudos Interdisciplinares em Ci\u00eancias Musicais anunciam a realiza\u00e7\u00e3o do V Simp\u00f3sio Internacional M\u00fasica e Cr\u00edtica, em formato remoto, nos dias 22 e 23 de novembro de 2021. Com isto, convidamos pesquisadores e pesquisadoras musicais a enviarem trabalhos sobre temas de seus interesses, vinculados a [&hellip;]<\/p>\n","protected":false},"author":893,"featured_media":0,"parent":16,"menu_order":0,"comment_status":"closed","ping_status":"closed","template":"","meta":{"footnotes":""},"class_list":["post-863","page","type-page","status-publish","hentry"],"jetpack_likes_enabled":true,"jetpack_sharing_enabled":true,"_links":{"self":[{"href":"https:\/\/wp.ufpel.edu.br\/criticamusical\/wp-json\/wp\/v2\/pages\/863","targetHints":{"allow":["GET"]}}],"collection":[{"href":"https:\/\/wp.ufpel.edu.br\/criticamusical\/wp-json\/wp\/v2\/pages"}],"about":[{"href":"https:\/\/wp.ufpel.edu.br\/criticamusical\/wp-json\/wp\/v2\/types\/page"}],"author":[{"embeddable":true,"href":"https:\/\/wp.ufpel.edu.br\/criticamusical\/wp-json\/wp\/v2\/users\/893"}],"replies":[{"embeddable":true,"href":"https:\/\/wp.ufpel.edu.br\/criticamusical\/wp-json\/wp\/v2\/comments?post=863"}],"version-history":[{"count":2,"href":"https:\/\/wp.ufpel.edu.br\/criticamusical\/wp-json\/wp\/v2\/pages\/863\/revisions"}],"predecessor-version":[{"id":1041,"href":"https:\/\/wp.ufpel.edu.br\/criticamusical\/wp-json\/wp\/v2\/pages\/863\/revisions\/1041"}],"up":[{"embeddable":true,"href":"https:\/\/wp.ufpel.edu.br\/criticamusical\/wp-json\/wp\/v2\/pages\/16"}],"wp:attachment":[{"href":"https:\/\/wp.ufpel.edu.br\/criticamusical\/wp-json\/wp\/v2\/media?parent=863"}],"curies":[{"name":"wp","href":"https:\/\/api.w.org\/{rel}","templated":true}]}}

V Simpósio Internacional Música e Crítica

<p><img class="size-medium wp-image-805 alignleft" src="https://wp.ufpel.edu.br/criticamusical/files/2021/10/V-SIMPOSIO-INTERNACIONAL-MUSICA-E-CRITICA-VERSAO-FINAL-283x400.png" alt="" width="283" height="400" srcset="https://wp.ufpel.edu.br/criticamusical/files/2021/10/V-SIMPOSIO-INTERNACIONAL-MUSICA-E-CRITICA-VERSAO-FINAL-283x400.png 283w, https://wp.ufpel.edu.br/criticamusical/files/2021/10/V-SIMPOSIO-INTERNACIONAL-MUSICA-E-CRITICA-VERSAO-FINAL-724x1024.png 724w, https://wp.ufpel.edu.br/criticamusical/files/2021/10/V-SIMPOSIO-INTERNACIONAL-MUSICA-E-CRITICA-VERSAO-FINAL-768x1086.png 768w, https://wp.ufpel.edu.br/criticamusical/files/2021/10/V-SIMPOSIO-INTERNACIONAL-MUSICA-E-CRITICA-VERSAO-FINAL-1086x1536.png 1086w, https://wp.ufpel.edu.br/criticamusical/files/2021/10/V-SIMPOSIO-INTERNACIONAL-MUSICA-E-CRITICA-VERSAO-FINAL.png 1414w" sizes="(max-width: 283px) 100vw, 283px" /></p>
<p>O Centro de Artes da UFPel e o Grupo de Pesquisa Estudos Interdisciplinares em Ciências Musicais anunciam a realização do V Simpósio Internacional Música e Crítica, em formato remoto, nos dias 22 e 23 de novembro de 2021.</p>
<p>Com isto, convidamos pesquisadores e pesquisadoras musicais a enviarem trabalhos sobre temas de seus interesses, vinculados a pesquisas que utilizem periódicos como fonte de análise (jornais, revistas, hebdomadários, entre outros).</p>
<p>Serão aceitas submissões na modalidade de comunicações orais. A data limite para o envio das propostas é o dia <strong>25 de setembro de 2021</strong>, e devem ser enviadas pelo e-mail <a href="mailto:musicaecritica@gmail.com">musicaecritica@gmail.com</a>, com o assunto ‘Submissão’. Não há taxa de inscrição.</p>
<p>As submissões devem seguir as seguintes normas:</p>
<p>&#8211; Aceitam-se os seguintes idiomas: português, espanhol e inglês.<br />
&#8211; Os trabalhos devem ser originais e inéditos.<br />
&#8211; As submissões podem ser individuais ou em coautoria.<br />
&#8211; Cada autor(a) poderá enviar uma única submissão para comunicações orais.<br />
&#8211; As submissões deverão conter o(s) nome(s) dos/das autores/autoras, filiação acadêmica, endereço eletrônico, título, resumo (entre 400 e 500 palavras), referência bibliográfica de até dez entradas, curriculum vitae de até 150 palavras, recursos audiovisuais (se for o caso). O resumo deverá abordar o tema que será desenvolvido, a metodologia e os novos aportes que propõe. As comunicações orais terão 20 minutos de exposição.</p>
<p>A publicação dos trabalhos nos Anais do V Simpósio Internacional Música e Crítica seguirá orientação a ser divulgada posteriormente, bem como a divulgação dos/das pesquisadores/pesquisadoras convidados/convidadas.</p>

<p>O Centro de Artes da UFPel e o Grupo de Pesquisa Estudos Interdisciplinares em Ciências Musicais anunciam a realização do V Simpósio Internacional Música e Crítica, em formato remoto, nos dias 22 e 23 de novembro de 2021. Com isto, convidamos pesquisadores e pesquisadoras musicais a enviarem trabalhos sobre temas de seus interesses, vinculados a [&hellip;]</p>
