{"id":83,"date":"2019-01-13T20:45:46","date_gmt":"2019-01-13T22:45:46","guid":{"rendered":"https:\/\/wp.ufpel.edu.br\/criticamusical\/?page_id=83"},"modified":"2019-01-15T17:20:01","modified_gmt":"2019-01-15T19:20:01","slug":"teresa-cascudo","status":"publish","type":"page","link":"https:\/\/wp.ufpel.edu.br\/criticamusical\/simposios\/i-simposio-internacional-musica-e-critica\/convidados\/teresa-cascudo\/","title":{"rendered":"Teresa Cascudo"},"content":{"rendered":"<p><img class=\"wp-image-85 alignleft\" src=\"https:\/\/wp.ufpel.edu.br\/criticamusical\/files\/2019\/01\/Teresa-Cascudo-400x400.jpg\" alt=\"\" width=\"157\" height=\"157\" srcset=\"https:\/\/wp.ufpel.edu.br\/criticamusical\/files\/2019\/01\/Teresa-Cascudo-400x400.jpg 400w, https:\/\/wp.ufpel.edu.br\/criticamusical\/files\/2019\/01\/Teresa-Cascudo-200x200.jpg 200w, https:\/\/wp.ufpel.edu.br\/criticamusical\/files\/2019\/01\/Teresa-Cascudo-768x768.jpg 768w, https:\/\/wp.ufpel.edu.br\/criticamusical\/files\/2019\/01\/Teresa-Cascudo-1024x1024.jpg 1024w, https:\/\/wp.ufpel.edu.br\/criticamusical\/files\/2019\/01\/Teresa-Cascudo.jpg 1167w\" sizes=\"(max-width: 157px) 100vw, 157px\" \/><\/p>\n<p>A terceira palestra do I Simp\u00f3sio Internacional M\u00fasica e Cr\u00edtica, a ser realizada em 24\/10\/2017, ser\u00e1 ministrada pela Prof\u00aa Dr\u00aa Teresa Cascudo (Universidad La Rioja, Espanha).<\/p>\n<p>Actualmente Profesora Titular del \u00c1rea de M\u00fasica. Se licenci\u00f3 en Filosof\u00eda y Letras en la Universidad de Zaragoza, habiendo cursado su diplomatura en Logro\u00f1o, en el entonces Colegio Universitario de La Rioja. Concluy\u00f3 el grado medio de piano en el Conservatorio Profesional de M\u00fasica de Logro\u00f1o. Fue beca<span class=\"text_exposed_show\">ria Erasmus en las Universidades de Lyon y Nantes, y del Ministerio de Asuntos Exteriores en la Universidade Nova de Lisboa. Es doctora en Ciencias Musicales (especialidad Ciencias Musicales Hist\u00f3ricas) por la Facultad de Ciencias Sociales y Humanas de la Universidade Nova de Lisboa. Su tesis doctoral abord\u00f3 las consecuencias que la idea de \u201ctradici\u00f3n\u201d tuvo en la obra musical y ensay\u00edstica del compositor portugu\u00e9s Fernando Lopes-Gra\u00e7a (1906-1994).<br \/>\nFue profesora de la licenciatura en M\u00fasica de la Universidad de \u00c9vora y asesora del Departamento de Cultura del Ayuntamiento de Cascais, en cuyo Museu de la M\u00fasica Portuguesa ha comisariado varias exposiciones documentales y donde organiz\u00f3 el archivo del compositor Fernando Lopes-Gra\u00e7a. Comisari\u00f3 las exposiciones conmemorativas en homenaje de Jos\u00e9 Viana da Mota (1868-1948) y Frederico de Freitas (1902-1980) organizadas por el Museu da M\u00fasica de Lisboa, museo nacional dependiente del Ministerio de Cultura portugu\u00e9s. Es autora del cat\u00e1logo de su obra musical, publicado en 1997. Ha colaborado como cr\u00edtica de m\u00fasica en el diario electr\u00f3nico\u00a0<a href=\"https:\/\/l.facebook.com\/l.php?u=http%3A%2F%2Fxn--mundoclsico-q7a.com%2F%3Ffbclid%3DIwAR1Ul-vyBABCFnzYCD19noETm0bTZr7ML7VoP6W3rttYfVRK-_2PV3s-bwg&amp;h=AT0EJCTCEbrF-9NV6ONnV887lcoIi9CL3X0EEnEbeZIl1ZXdKzHhSDQFVC1HJdo309_rUIkaHYu7V4g6euL1MAJoTgg2fLFd0tqtkt24hKq-0D1R57Iq309ehOlvFlL5UgGueBoeRI0E6IPLDRJUv9xL6OJ-NOxzYXWsTQY8RBiyGhCZC5LJF2dFOtLK9FYMmYcY3oSAZsYfhwRoUQM0zLixWwqYpjtWBDZc8zZsar_APvOw36COfy-hxZIyxoK9k2_mjK4db9yagLEo4N8vTztMri3oJfHhtoS2r3lOQVKOBHXA6dMc6XGb7j5MyhtNIRHC8cGXC3DiVmxRJ443VQ3kST1eevHQ7EC8SlrTslpljITb62vS4Wl-kjMaApiXWxmN5Z4U58NdfSx7q9FybldbYz7QMyMhROjM3i7ZCQGe3ixsqM9l0yxRq5UN1ieWlRxC-ebmgwvK2-t-fTvA0qr4KE0it4ZfBM1Ohx7uY7U4ox1urolrZ01UyQq0AVygYQtjHxDlpsxaZpkHZ2EnXlu7OTPfc4za7bl5H5fwk9q3cYWmT64jadUEA6k6RH7EOnJyPM8vltI1LTqrcWhb9OTb6SpNic_g6RjHhHi2KEWpjcKyeCTWkL0zo0GpDY8\" target=\"_blank\" rel=\"noopener nofollow\">http:\/\/xn--mundoclsico-q7a.com\/<\/a>\u00a0, en el peri\u00f3dico portugu\u00e9s de tirada nacional P\u00fablico y en la revista mensual Audio Cl\u00e1sica.<br \/>\nFue miembro de la direcci\u00f3n de la Asociaci\u00f3n Portuguesa de Ciencias Musicales y directora-adjunta da Revista Portuguesa de Musicologia. Es investigadora en el Instituto de Etnomusicolog\u00eda \u2013 M\u00fasica y Danza (INET-MD) de la Universidade Nova de Lisboa y colaboradora en el Centro de Estudios Interdisciplinares del siglo XX de la Universidad de Coimbra.<br \/>\nEs actualmente Directora de Estudios de la Licenciatura en Historia y Ciencias de la M\u00fasica de la Universitario de La Rioja.<\/span><\/p>\n","protected":false},"excerpt":{"rendered":"<p>A terceira palestra do I Simp\u00f3sio Internacional M\u00fasica e Cr\u00edtica, a ser realizada em 24\/10\/2017, ser\u00e1 ministrada pela Prof\u00aa Dr\u00aa Teresa Cascudo (Universidad La Rioja, Espanha). Actualmente Profesora Titular del \u00c1rea de M\u00fasica. Se licenci\u00f3 en Filosof\u00eda y Letras en la Universidad de Zaragoza, habiendo cursado su diplomatura en Logro\u00f1o, en el entonces Colegio Universitario [&hellip;]<\/p>\n","protected":false},"author":893,"featured_media":0,"parent":57,"menu_order":3,"comment_status":"closed","ping_status":"closed","template":"","meta":{"footnotes":""},"class_list":["post-83","page","type-page","status-publish","hentry"],"jetpack_likes_enabled":true,"jetpack_sharing_enabled":true,"_links":{"self":[{"href":"https:\/\/wp.ufpel.edu.br\/criticamusical\/wp-json\/wp\/v2\/pages\/83","targetHints":{"allow":["GET"]}}],"collection":[{"href":"https:\/\/wp.ufpel.edu.br\/criticamusical\/wp-json\/wp\/v2\/pages"}],"about":[{"href":"https:\/\/wp.ufpel.edu.br\/criticamusical\/wp-json\/wp\/v2\/types\/page"}],"author":[{"embeddable":true,"href":"https:\/\/wp.ufpel.edu.br\/criticamusical\/wp-json\/wp\/v2\/users\/893"}],"replies":[{"embeddable":true,"href":"https:\/\/wp.ufpel.edu.br\/criticamusical\/wp-json\/wp\/v2\/comments?post=83"}],"version-history":[{"count":3,"href":"https:\/\/wp.ufpel.edu.br\/criticamusical\/wp-json\/wp\/v2\/pages\/83\/revisions"}],"predecessor-version":[{"id":227,"href":"https:\/\/wp.ufpel.edu.br\/criticamusical\/wp-json\/wp\/v2\/pages\/83\/revisions\/227"}],"up":[{"embeddable":true,"href":"https:\/\/wp.ufpel.edu.br\/criticamusical\/wp-json\/wp\/v2\/pages\/57"}],"wp:attachment":[{"href":"https:\/\/wp.ufpel.edu.br\/criticamusical\/wp-json\/wp\/v2\/media?parent=83"}],"curies":[{"name":"wp","href":"https:\/\/api.w.org\/{rel}","templated":true}]}}