{"id":7,"date":"2019-01-13T17:08:28","date_gmt":"2019-01-13T19:08:28","guid":{"rendered":"https:\/\/wp.ufpel.edu.br\/criticamusical\/?page_id=7"},"modified":"2019-01-13T23:06:48","modified_gmt":"2019-01-14T01:06:48","slug":"apresentacao","status":"publish","type":"page","link":"https:\/\/wp.ufpel.edu.br\/criticamusical\/apresentacao\/","title":{"rendered":"Apresenta\u00e7\u00e3o"},"content":{"rendered":"<p>O Simp\u00f3sio Internacional M\u00fasica e Cr\u00edtica \u00e9 um evento cient\u00edfico e art\u00edstico que visa abordar estritamente a cr\u00edtica musical periodista.<\/p>\n<p>Embora seja inquestion\u00e1vel o valor da cr\u00edtica musical como fonte para pesquisas musicol\u00f3gicas, n\u00e3o h\u00e1 registros de eventos cient\u00edficos destinados especificamente a esse g\u00eanero liter\u00e1rio no Brasil. Atrav\u00e9s da cr\u00edtica musical, muitas quest\u00f5es podem ser inferidas, tanto no aspecto cultural, quanto sociol\u00f3gico, hist\u00f3rico ou educacional, por exemplo. Em outros termos, segue-se na linha da hist\u00f3ria imediata, cujo fundamento \u201c<em>n\u00e3o tende apenas a encurtar os prazos entre a vida das sociedades e sua primeira tentativa de interpreta\u00e7\u00e3o, mas tamb\u00e9m a dar a palavra aos que foram os atores dessa hist\u00f3ria<\/em>\u201d (Lacouture, 1988; 217). Dosse, por sua vez, ao se referir \u00e0 hist\u00f3ria das mentalidades de George Duby, observa tratar-se de \u201c<em>deslocar o olhar do historiador da narra\u00e7\u00e3o dos fatos passados [\u2026] para estudar, a partir dessas mesmas fontes, as representa\u00e7\u00f5es que uma \u00e9poca tem de si pr\u00f3pria, de sua hist\u00f3ria e em sua subjetividade.<\/em>\u201d (Dosse, 2003; 314).<\/p>\n<p>A pesquisa em peri\u00f3dicos n\u00e3o \u00e9 estranha ao Grupo de Pesquisa Estudos Interdisciplinares em Ci\u00eancias Musicais da UFPel, como exemplificado nos projetos \u201cA m\u00fasica pelos jornais da cidade do Rio Grande: da Proclama\u00e7\u00e3o da Rep\u00fablica ao Conservat\u00f3rio de M\u00fasica\u201d (2007), ou no \u201cOscar Guanabarino e a cr\u00edtica musical no Brasil\u201d (2016).<\/p>\n<p>Desta maneira, o vi\u00e9s cient\u00edfico deste evento pretende estimular a divulga\u00e7\u00e3o de resultados de pesquisas sobre Cr\u00edtica Musical, bem como promover o interc\u00e2mbio de conhecimento entre pesquisadores que a ela se dedicam; quanto\u00a0ao vi\u00e9s art\u00edstico, de um lado visa promover resgate de patrim\u00f4nio cultural imaterial, resultado das pesquisas em edi\u00e7\u00e3o musical; de outro, fomentar execu\u00e7\u00e3o da m\u00fasica atual.<\/p>\n","protected":false},"excerpt":{"rendered":"<p>O Simp\u00f3sio Internacional M\u00fasica e Cr\u00edtica \u00e9 um evento cient\u00edfico e art\u00edstico que visa abordar estritamente a cr\u00edtica musical periodista. Embora seja inquestion\u00e1vel o valor da cr\u00edtica musical como fonte para pesquisas musicol\u00f3gicas, n\u00e3o h\u00e1 registros de eventos cient\u00edficos destinados especificamente a esse g\u00eanero liter\u00e1rio no Brasil. Atrav\u00e9s da cr\u00edtica musical, muitas quest\u00f5es podem ser [&hellip;]<\/p>\n","protected":false},"author":893,"featured_media":0,"parent":0,"menu_order":1,"comment_status":"closed","ping_status":"closed","template":"","meta":{"footnotes":""},"class_list":["post-7","page","type-page","status-publish","hentry"],"jetpack_likes_enabled":true,"jetpack_sharing_enabled":true,"_links":{"self":[{"href":"https:\/\/wp.ufpel.edu.br\/criticamusical\/wp-json\/wp\/v2\/pages\/7","targetHints":{"allow":["GET"]}}],"collection":[{"href":"https:\/\/wp.ufpel.edu.br\/criticamusical\/wp-json\/wp\/v2\/pages"}],"about":[{"href":"https:\/\/wp.ufpel.edu.br\/criticamusical\/wp-json\/wp\/v2\/types\/page"}],"author":[{"embeddable":true,"href":"https:\/\/wp.ufpel.edu.br\/criticamusical\/wp-json\/wp\/v2\/users\/893"}],"replies":[{"embeddable":true,"href":"https:\/\/wp.ufpel.edu.br\/criticamusical\/wp-json\/wp\/v2\/comments?post=7"}],"version-history":[{"count":3,"href":"https:\/\/wp.ufpel.edu.br\/criticamusical\/wp-json\/wp\/v2\/pages\/7\/revisions"}],"predecessor-version":[{"id":167,"href":"https:\/\/wp.ufpel.edu.br\/criticamusical\/wp-json\/wp\/v2\/pages\/7\/revisions\/167"}],"wp:attachment":[{"href":"https:\/\/wp.ufpel.edu.br\/criticamusical\/wp-json\/wp\/v2\/media?parent=7"}],"curies":[{"name":"wp","href":"https:\/\/api.w.org\/{rel}","templated":true}]}}

Apresentação

<p>O Simpósio Internacional Música e Crítica é um evento científico e artístico que visa abordar estritamente a crítica musical periodista.</p>
<p>Embora seja inquestionável o valor da crítica musical como fonte para pesquisas musicológicas, não há registros de eventos científicos destinados especificamente a esse gênero literário no Brasil. Através da crítica musical, muitas questões podem ser inferidas, tanto no aspecto cultural, quanto sociológico, histórico ou educacional, por exemplo. Em outros termos, segue-se na linha da história imediata, cujo fundamento “<em>não tende apenas a encurtar os prazos entre a vida das sociedades e sua primeira tentativa de interpretação, mas também a dar a palavra aos que foram os atores dessa história</em>” (Lacouture, 1988; 217). Dosse, por sua vez, ao se referir à história das mentalidades de George Duby, observa tratar-se de “<em>deslocar o olhar do historiador da narração dos fatos passados […] para estudar, a partir dessas mesmas fontes, as representações que uma época tem de si própria, de sua história e em sua subjetividade.</em>” (Dosse, 2003; 314).</p>
<p>A pesquisa em periódicos não é estranha ao Grupo de Pesquisa Estudos Interdisciplinares em Ciências Musicais da UFPel, como exemplificado nos projetos “A música pelos jornais da cidade do Rio Grande: da Proclamação da República ao Conservatório de Música” (2007), ou no “Oscar Guanabarino e a crítica musical no Brasil” (2016).</p>
<p>Desta maneira, o viés científico deste evento pretende estimular a divulgação de resultados de pesquisas sobre Crítica Musical, bem como promover o intercâmbio de conhecimento entre pesquisadores que a ela se dedicam; quanto ao viés artístico, de um lado visa promover resgate de patrimônio cultural imaterial, resultado das pesquisas em edição musical; de outro, fomentar execução da música atual.</p>

<p>O Simpósio Internacional Música e Crítica é um evento científico e artístico que visa abordar estritamente a crítica musical periodista. Embora seja inquestionável o valor da crítica musical como fonte para pesquisas musicológicas, não há registros de eventos científicos destinados especificamente a esse gênero literário no Brasil. Através da crítica musical, muitas questões podem ser [&hellip;]</p>
