{"id":602,"date":"2019-11-18T10:49:45","date_gmt":"2019-11-18T13:49:45","guid":{"rendered":"https:\/\/wp.ufpel.edu.br\/criticamusical\/?page_id=602"},"modified":"2019-11-21T09:16:34","modified_gmt":"2019-11-21T12:16:34","slug":"monica-vermes-uma-outra-critica-a-musica-carioca-da-belle-epoque-nas-imagens-da-fon-fon","status":"publish","type":"page","link":"https:\/\/wp.ufpel.edu.br\/criticamusical\/simposios\/iii-simposio-internacional-musica-e-critica\/palestras\/monica-vermes-uma-outra-critica-a-musica-carioca-da-belle-epoque-nas-imagens-da-fon-fon\/","title":{"rendered":"M\u00f3nica Vermes &#8211; Uma outra cr\u00edtica: a m\u00fasica carioca da Belle \u00c9poque nas imagens da Fon-Fon!"},"content":{"rendered":"","protected":false},"excerpt":{"rendered":"","protected":false},"author":893,"featured_media":0,"parent":590,"menu_order":3,"comment_status":"closed","ping_status":"closed","template":"","meta":{"footnotes":""},"class_list":["post-602","page","type-page","status-publish","hentry"],"jetpack_likes_enabled":true,"jetpack_sharing_enabled":true,"_links":{"self":[{"href":"https:\/\/wp.ufpel.edu.br\/criticamusical\/wp-json\/wp\/v2\/pages\/602","targetHints":{"allow":["GET"]}}],"collection":[{"href":"https:\/\/wp.ufpel.edu.br\/criticamusical\/wp-json\/wp\/v2\/pages"}],"about":[{"href":"https:\/\/wp.ufpel.edu.br\/criticamusical\/wp-json\/wp\/v2\/types\/page"}],"author":[{"embeddable":true,"href":"https:\/\/wp.ufpel.edu.br\/criticamusical\/wp-json\/wp\/v2\/users\/893"}],"replies":[{"embeddable":true,"href":"https:\/\/wp.ufpel.edu.br\/criticamusical\/wp-json\/wp\/v2\/comments?post=602"}],"version-history":[{"count":2,"href":"https:\/\/wp.ufpel.edu.br\/criticamusical\/wp-json\/wp\/v2\/pages\/602\/revisions"}],"predecessor-version":[{"id":615,"href":"https:\/\/wp.ufpel.edu.br\/criticamusical\/wp-json\/wp\/v2\/pages\/602\/revisions\/615"}],"up":[{"embeddable":true,"href":"https:\/\/wp.ufpel.edu.br\/criticamusical\/wp-json\/wp\/v2\/pages\/590"}],"wp:attachment":[{"href":"https:\/\/wp.ufpel.edu.br\/criticamusical\/wp-json\/wp\/v2\/media?parent=602"}],"curies":[{"name":"wp","href":"https:\/\/api.w.org\/{rel}","templated":true}]}}