{"id":342,"date":"2019-08-06T13:06:53","date_gmt":"2019-08-06T16:06:53","guid":{"rendered":"https:\/\/wp.ufpel.edu.br\/criticamusical\/?page_id=342"},"modified":"2022-11-03T15:06:54","modified_gmt":"2022-11-03T18:06:54","slug":"iii-simposio-internacional-musica-e-critica","status":"publish","type":"page","link":"https:\/\/wp.ufpel.edu.br\/criticamusical\/simposios\/iii-simposio-internacional-musica-e-critica\/","title":{"rendered":"III Simp\u00f3sio Internacional M\u00fasica e Cr\u00edtica"},"content":{"rendered":"<p><img class=\"size-medium wp-image-737 alignleft\" src=\"https:\/\/wp.ufpel.edu.br\/criticamusical\/files\/2020\/11\/III-Simposio-A32-1024x724-1-400x283.jpg\" alt=\"\" width=\"400\" height=\"283\" srcset=\"https:\/\/wp.ufpel.edu.br\/criticamusical\/files\/2020\/11\/III-Simposio-A32-1024x724-1-400x283.jpg 400w, https:\/\/wp.ufpel.edu.br\/criticamusical\/files\/2020\/11\/III-Simposio-A32-1024x724-1-768x543.jpg 768w, https:\/\/wp.ufpel.edu.br\/criticamusical\/files\/2020\/11\/III-Simposio-A32-1024x724-1.jpg 1024w\" sizes=\"(max-width: 400px) 100vw, 400px\" \/>O III Simp\u00f3sio Internacional M\u00fasica e Cr\u00edtica \u00e9 um evento cient\u00edfico e art\u00edstico que visa abordar a cr\u00edtica musical periodista no espa\u00e7o Luso-Brasileiro. O evento ser\u00e1 realizado em Pelotas nos dias 11 e 12 de novembro de 2019.<br \/>\nSeu vi\u00e9s cient\u00edfico visa estimular a divulga\u00e7\u00e3o de resultados de pesquisas sobre Cr\u00edtica Musical, bem como promover o interc\u00e2mbio com pesquisadores que a ela se dedicam. Nesta terceira edi\u00e7\u00e3o, t\u00eam-se como convidadas confirmadas, at\u00e9 o momento, as pesquisadoras M\u00f3nica Vermes (UFES) e Ana Maria Liberal (ESMAE\/CESEM-P.PORTO).<br \/>\nAl\u00e9m deste direcionamento, o evento alia ainda a produ\u00e7\u00e3o musical atual e o resgate de\u00a0patrim\u00f4nio imaterial em seu vi\u00e9s art\u00edstico. A programa\u00e7\u00e3o dos concertos ser\u00e1 confirmada em breve.<\/p>\n<p>O evento ser\u00e1 realizado no Conservat\u00f3rio de M\u00fasica e Centro de Artes da Universidade Federal de Pelotas.<\/p>\n","protected":false},"excerpt":{"rendered":"<p>O III Simp\u00f3sio Internacional M\u00fasica e Cr\u00edtica \u00e9 um evento cient\u00edfico e art\u00edstico que visa abordar a cr\u00edtica musical periodista no espa\u00e7o Luso-Brasileiro. O evento ser\u00e1 realizado em Pelotas nos dias 11 e 12 de novembro de 2019. Seu vi\u00e9s cient\u00edfico visa estimular a divulga\u00e7\u00e3o de resultados de pesquisas sobre Cr\u00edtica Musical, bem como promover [&hellip;]<\/p>\n","protected":false},"author":893,"featured_media":0,"parent":16,"menu_order":0,"comment_status":"closed","ping_status":"closed","template":"","meta":{"footnotes":""},"class_list":["post-342","page","type-page","status-publish","hentry"],"jetpack_likes_enabled":true,"jetpack_sharing_enabled":true,"_links":{"self":[{"href":"https:\/\/wp.ufpel.edu.br\/criticamusical\/wp-json\/wp\/v2\/pages\/342","targetHints":{"allow":["GET"]}}],"collection":[{"href":"https:\/\/wp.ufpel.edu.br\/criticamusical\/wp-json\/wp\/v2\/pages"}],"about":[{"href":"https:\/\/wp.ufpel.edu.br\/criticamusical\/wp-json\/wp\/v2\/types\/page"}],"author":[{"embeddable":true,"href":"https:\/\/wp.ufpel.edu.br\/criticamusical\/wp-json\/wp\/v2\/users\/893"}],"replies":[{"embeddable":true,"href":"https:\/\/wp.ufpel.edu.br\/criticamusical\/wp-json\/wp\/v2\/comments?post=342"}],"version-history":[{"count":2,"href":"https:\/\/wp.ufpel.edu.br\/criticamusical\/wp-json\/wp\/v2\/pages\/342\/revisions"}],"predecessor-version":[{"id":1039,"href":"https:\/\/wp.ufpel.edu.br\/criticamusical\/wp-json\/wp\/v2\/pages\/342\/revisions\/1039"}],"up":[{"embeddable":true,"href":"https:\/\/wp.ufpel.edu.br\/criticamusical\/wp-json\/wp\/v2\/pages\/16"}],"wp:attachment":[{"href":"https:\/\/wp.ufpel.edu.br\/criticamusical\/wp-json\/wp\/v2\/media?parent=342"}],"curies":[{"name":"wp","href":"https:\/\/api.w.org\/{rel}","templated":true}]}}

III Simpósio Internacional Música e Crítica

<p><img class="size-medium wp-image-737 alignleft" src="https://wp.ufpel.edu.br/criticamusical/files/2020/11/III-Simposio-A32-1024x724-1-400x283.jpg" alt="" width="400" height="283" srcset="https://wp.ufpel.edu.br/criticamusical/files/2020/11/III-Simposio-A32-1024x724-1-400x283.jpg 400w, https://wp.ufpel.edu.br/criticamusical/files/2020/11/III-Simposio-A32-1024x724-1-768x543.jpg 768w, https://wp.ufpel.edu.br/criticamusical/files/2020/11/III-Simposio-A32-1024x724-1.jpg 1024w" sizes="(max-width: 400px) 100vw, 400px" />O III Simpósio Internacional Música e Crítica é um evento científico e artístico que visa abordar a crítica musical periodista no espaço Luso-Brasileiro. O evento será realizado em Pelotas nos dias 11 e 12 de novembro de 2019.<br />
Seu viés científico visa estimular a divulgação de resultados de pesquisas sobre Crítica Musical, bem como promover o intercâmbio com pesquisadores que a ela se dedicam. Nesta terceira edição, têm-se como convidadas confirmadas, até o momento, as pesquisadoras Mónica Vermes (UFES) e Ana Maria Liberal (ESMAE/CESEM-P.PORTO).<br />
Além deste direcionamento, o evento alia ainda a produção musical atual e o resgate de patrimônio imaterial em seu viés artístico. A programação dos concertos será confirmada em breve.</p>
<p>O evento será realizado no Conservatório de Música e Centro de Artes da Universidade Federal de Pelotas.</p>

<p>O III Simpósio Internacional Música e Crítica é um evento científico e artístico que visa abordar a crítica musical periodista no espaço Luso-Brasileiro. O evento será realizado em Pelotas nos dias 11 e 12 de novembro de 2019. Seu viés científico visa estimular a divulgação de resultados de pesquisas sobre Crítica Musical, bem como promover [&hellip;]</p>
