{"id":34,"date":"2019-01-13T17:36:52","date_gmt":"2019-01-13T19:36:52","guid":{"rendered":"https:\/\/wp.ufpel.edu.br\/criticamusical\/?page_id=34"},"modified":"2022-11-03T15:03:55","modified_gmt":"2022-11-03T18:03:55","slug":"i-simposio-internacional-musica-e-critica","status":"publish","type":"page","link":"https:\/\/wp.ufpel.edu.br\/criticamusical\/simposios\/i-simposio-internacional-musica-e-critica\/","title":{"rendered":"I Simp\u00f3sio Internacional M\u00fasica e Cr\u00edtica"},"content":{"rendered":"<p><img class=\"alignnone size-medium wp-image-186 alignleft\" src=\"https:\/\/wp.ufpel.edu.br\/criticamusical\/files\/2019\/01\/Flyer-1-400x255.jpg\" alt=\"\" width=\"400\" height=\"255\" srcset=\"https:\/\/wp.ufpel.edu.br\/criticamusical\/files\/2019\/01\/Flyer-1-400x255.jpg 400w, https:\/\/wp.ufpel.edu.br\/criticamusical\/files\/2019\/01\/Flyer-1-768x490.jpg 768w, https:\/\/wp.ufpel.edu.br\/criticamusical\/files\/2019\/01\/Flyer-1.jpg 960w\" sizes=\"(max-width: 400px) 100vw, 400px\" \/><\/p>\n<p style=\"text-align: left;\">O I Simp\u00f3sio Internacional M\u00fasica e Cr\u00edtica \u00e9 um evento cient\u00edfico e art\u00edstico que visa abordar estritamente a cr\u00edtica musical, no ano em que se lembram os 80 anos do falecimento do cr\u00edtico Oscar Guanabarino (1851-1937).<\/p>\n<p>Seu vi\u00e9s cient\u00edfico visa estimular a divulga\u00e7\u00e3o de resultados de pesquisas sobre Cr\u00edtica Musical, bem como promover o interc\u00e2mbio com pesquisadores que a ela se dedicam. Para tal, ocorrer\u00e3o quatro palestras, a cargo dos pesquisadores Prof\u00aa Dr\u00aa Teresa Cascudo (Universidad de la Rioja, Espanha), Prof. Dr. Paulo Ferreira de Castro (Universidade Nova de Lisboa, Portugal), Prof\u00aa Dr\u00aa Maria Alice Volpe (UFRJ) e Prof. Dr. Jorge Coli (UNESP), al\u00e9m de cinco sess\u00f5es de comunica\u00e7\u00f5es.<\/p>\n<p>O vi\u00e9s art\u00edstico, que alia a produ\u00e7\u00e3o musical atual e o resgate de patrim\u00f4nio cultural imaterial, est\u00e1 organizado em dois concertos. No primeiro, est\u00e3o previstas as estreias absolutas, pelo Trio Arakime, de obras compostas especialmente para este Simp\u00f3sio; no segundo, a encena\u00e7\u00e3o da Fantasia Melodram\u00e1tica em 2 atos \u201cA Loucura de Pierrot\u201d, do compositor riograndino Antenor de Oliveira Monteiro (1872-1948).<\/p>\n<p>O evento ser\u00e1 realizado no Centro de Artes da Universidade Federal de Pelotas e no Conservat\u00f3rio de M\u00fasica de 23 \u00e0 25 de outubro de 2017.<\/p>\n","protected":false},"excerpt":{"rendered":"<p>O I Simp\u00f3sio Internacional M\u00fasica e Cr\u00edtica \u00e9 um evento cient\u00edfico e art\u00edstico que visa abordar estritamente a cr\u00edtica musical, no ano em que se lembram os 80 anos do falecimento do cr\u00edtico Oscar Guanabarino (1851-1937). Seu vi\u00e9s cient\u00edfico visa estimular a divulga\u00e7\u00e3o de resultados de pesquisas sobre Cr\u00edtica Musical, bem como promover o interc\u00e2mbio [&hellip;]<\/p>\n","protected":false},"author":893,"featured_media":0,"parent":16,"menu_order":0,"comment_status":"closed","ping_status":"closed","template":"","meta":{"footnotes":""},"class_list":["post-34","page","type-page","status-publish","hentry"],"jetpack_likes_enabled":true,"jetpack_sharing_enabled":true,"_links":{"self":[{"href":"https:\/\/wp.ufpel.edu.br\/criticamusical\/wp-json\/wp\/v2\/pages\/34","targetHints":{"allow":["GET"]}}],"collection":[{"href":"https:\/\/wp.ufpel.edu.br\/criticamusical\/wp-json\/wp\/v2\/pages"}],"about":[{"href":"https:\/\/wp.ufpel.edu.br\/criticamusical\/wp-json\/wp\/v2\/types\/page"}],"author":[{"embeddable":true,"href":"https:\/\/wp.ufpel.edu.br\/criticamusical\/wp-json\/wp\/v2\/users\/893"}],"replies":[{"embeddable":true,"href":"https:\/\/wp.ufpel.edu.br\/criticamusical\/wp-json\/wp\/v2\/comments?post=34"}],"version-history":[{"count":5,"href":"https:\/\/wp.ufpel.edu.br\/criticamusical\/wp-json\/wp\/v2\/pages\/34\/revisions"}],"predecessor-version":[{"id":1037,"href":"https:\/\/wp.ufpel.edu.br\/criticamusical\/wp-json\/wp\/v2\/pages\/34\/revisions\/1037"}],"up":[{"embeddable":true,"href":"https:\/\/wp.ufpel.edu.br\/criticamusical\/wp-json\/wp\/v2\/pages\/16"}],"wp:attachment":[{"href":"https:\/\/wp.ufpel.edu.br\/criticamusical\/wp-json\/wp\/v2\/media?parent=34"}],"curies":[{"name":"wp","href":"https:\/\/api.w.org\/{rel}","templated":true}]}}