{"id":13,"date":"2019-01-13T17:10:51","date_gmt":"2019-01-13T19:10:51","guid":{"rendered":"https:\/\/wp.ufpel.edu.br\/criticamusical\/?page_id=13"},"modified":"2024-06-30T19:56:23","modified_gmt":"2024-06-30T22:56:23","slug":"normas-para-submissao","status":"publish","type":"page","link":"https:\/\/wp.ufpel.edu.br\/criticamusical\/normas-para-submissao\/","title":{"rendered":"Normas para submiss\u00e3o"},"content":{"rendered":"<p>O Simp\u00f3sio Internacional M\u00fasica e Cr\u00edtica aceita trabalhos em portugu\u00eas, espanhol e ingl\u00eas, de acordo com o modelo abaixo disponibilizado:<\/p>\n<p><a href=\"https:\/\/wp.ufpel.edu.br\/criticamusical\/files\/2024\/06\/VIII-SIMC-Modelo-para-submissao-1.docx\">VIII SIMC-Modelo-para-submissao<\/a><\/p>\n<p>As submiss\u00f5es devem ser enviadas pelo e-mail musicaecritica@<span class=\"skimlinks-unlinked\">gmail.com, <\/span>com o assunto \u2018Submiss\u00e3o\u2019.<br \/>\nN\u00e3o h\u00e1 taxa de inscri\u00e7\u00e3o.<\/p>\n","protected":false},"excerpt":{"rendered":"<p>O Simp\u00f3sio Internacional M\u00fasica e Cr\u00edtica aceita trabalhos em portugu\u00eas, espanhol e ingl\u00eas, de acordo com o modelo abaixo disponibilizado: VIII SIMC-Modelo-para-submissao As submiss\u00f5es devem ser enviadas pelo e-mail musicaecritica@gmail.com, com o assunto \u2018Submiss\u00e3o\u2019. N\u00e3o h\u00e1 taxa de inscri\u00e7\u00e3o.<\/p>\n","protected":false},"author":893,"featured_media":0,"parent":0,"menu_order":3,"comment_status":"closed","ping_status":"closed","template":"","meta":{"footnotes":""},"class_list":["post-13","page","type-page","status-publish","hentry"],"jetpack_likes_enabled":true,"jetpack_sharing_enabled":true,"_links":{"self":[{"href":"https:\/\/wp.ufpel.edu.br\/criticamusical\/wp-json\/wp\/v2\/pages\/13","targetHints":{"allow":["GET"]}}],"collection":[{"href":"https:\/\/wp.ufpel.edu.br\/criticamusical\/wp-json\/wp\/v2\/pages"}],"about":[{"href":"https:\/\/wp.ufpel.edu.br\/criticamusical\/wp-json\/wp\/v2\/types\/page"}],"author":[{"embeddable":true,"href":"https:\/\/wp.ufpel.edu.br\/criticamusical\/wp-json\/wp\/v2\/users\/893"}],"replies":[{"embeddable":true,"href":"https:\/\/wp.ufpel.edu.br\/criticamusical\/wp-json\/wp\/v2\/comments?post=13"}],"version-history":[{"count":9,"href":"https:\/\/wp.ufpel.edu.br\/criticamusical\/wp-json\/wp\/v2\/pages\/13\/revisions"}],"predecessor-version":[{"id":1229,"href":"https:\/\/wp.ufpel.edu.br\/criticamusical\/wp-json\/wp\/v2\/pages\/13\/revisions\/1229"}],"wp:attachment":[{"href":"https:\/\/wp.ufpel.edu.br\/criticamusical\/wp-json\/wp\/v2\/media?parent=13"}],"curies":[{"name":"wp","href":"https:\/\/api.w.org\/{rel}","templated":true}]}}

Normas para submissão

<p>O Simpósio Internacional Música e Crítica aceita trabalhos em português, espanhol e inglês, de acordo com o modelo abaixo disponibilizado:</p>
<p><a href="https://wp.ufpel.edu.br/criticamusical/files/2024/06/VIII-SIMC-Modelo-para-submissao-1.docx">VIII SIMC-Modelo-para-submissao</a></p>
<p>As submissões devem ser enviadas pelo e-mail musicaecritica@<span class="skimlinks-unlinked">gmail.com, </span>com o assunto ‘Submissão’.<br />
Não há taxa de inscrição.</p>

<p>O Simpósio Internacional Música e Crítica aceita trabalhos em português, espanhol e inglês, de acordo com o modelo abaixo disponibilizado: VIII SIMC-Modelo-para-submissao As submissões devem ser enviadas pelo e-mail musicaecritica@gmail.com, com o assunto ‘Submissão’. Não há taxa de inscrição.</p>
