{"id":116,"date":"2019-01-13T21:19:00","date_gmt":"2019-01-13T23:19:00","guid":{"rendered":"https:\/\/wp.ufpel.edu.br\/criticamusical\/?page_id=116"},"modified":"2019-01-15T17:14:10","modified_gmt":"2019-01-15T19:14:10","slug":"monica-vermes","status":"publish","type":"page","link":"https:\/\/wp.ufpel.edu.br\/criticamusical\/simposios\/ii-simposio-internacional-musica-e-critica\/convidadas\/monica-vermes\/","title":{"rendered":"M\u00f3nica Vermes"},"content":{"rendered":"<p><img class=\"wp-image-118 alignleft\" src=\"https:\/\/wp.ufpel.edu.br\/criticamusical\/files\/2019\/01\/M\u00f3nica-Vermes-Foto-01-400x396.jpg\" alt=\"\" width=\"157\" height=\"156\" srcset=\"https:\/\/wp.ufpel.edu.br\/criticamusical\/files\/2019\/01\/M\u00f3nica-Vermes-Foto-01-400x396.jpg 400w, https:\/\/wp.ufpel.edu.br\/criticamusical\/files\/2019\/01\/M\u00f3nica-Vermes-Foto-01-200x200.jpg 200w, https:\/\/wp.ufpel.edu.br\/criticamusical\/files\/2019\/01\/M\u00f3nica-Vermes-Foto-01.jpg 636w\" sizes=\"(max-width: 157px) 100vw, 157px\" \/><\/p>\n<p>M\u00f3nica Vermes \u00e9 music\u00f3loga, pesquisadora do CNPq e professora associada na Universidade Federal do Esp\u00edrito Santo, onde lidera o NELM &#8211; N\u00facleo de Estudos Liter\u00e1rios e Musicol\u00f3gicos e participa das atividades do Departamento de Teoria da Arte e M\u00fasica e dos Programas de P\u00f3s-Gradua\u00e7\u00e3o em Letras e em Comunica\u00e7\u00e3o e Territorialidades. \u00c9 pesquisadora do Labelle \u2013 Laborat\u00f3rio de Estudos de Literatura e Cultura da Belle \u00c9poque (UERJ), do\u00a0NOMOS \u2013 N\u00facleo de Musicologia Social do Instituto de Artes da Unesp\u00a0(IA-Unesp), do grupo de pesquisa Estudos de G\u00eanero, Corpo e M\u00fasica (UFRGS) e do Grupo de Pesquisa Hist\u00f3ria e M\u00fasica (Unesp). Foi bolsista da Biblioteca Nacional (2016-2017) com o projeto\u00a0<em>Circuitos Musicais no Rio de Janeiro: teatros (1906-1920)<\/em>. Sua \u00e1rea de interesse \u00e9 a m\u00fasica na\u00a0<em>Belle \u00c9poque<\/em>\u00a0carioca em suas m\u00faltiplas rela\u00e7\u00f5es com a cidade. Participa regularmente de congressos e outros encontros acad\u00eamicos no Brasil e no exterior.<\/p>\n","protected":false},"excerpt":{"rendered":"<p>M\u00f3nica Vermes \u00e9 music\u00f3loga, pesquisadora do CNPq e professora associada na Universidade Federal do Esp\u00edrito Santo, onde lidera o NELM &#8211; N\u00facleo de Estudos Liter\u00e1rios e Musicol\u00f3gicos e participa das atividades do Departamento de Teoria da Arte e M\u00fasica e dos Programas de P\u00f3s-Gradua\u00e7\u00e3o em Letras e em Comunica\u00e7\u00e3o e Territorialidades. \u00c9 pesquisadora do Labelle [&hellip;]<\/p>\n","protected":false},"author":893,"featured_media":0,"parent":100,"menu_order":3,"comment_status":"closed","ping_status":"closed","template":"","meta":{"footnotes":""},"class_list":["post-116","page","type-page","status-publish","hentry"],"jetpack_likes_enabled":true,"jetpack_sharing_enabled":true,"_links":{"self":[{"href":"https:\/\/wp.ufpel.edu.br\/criticamusical\/wp-json\/wp\/v2\/pages\/116","targetHints":{"allow":["GET"]}}],"collection":[{"href":"https:\/\/wp.ufpel.edu.br\/criticamusical\/wp-json\/wp\/v2\/pages"}],"about":[{"href":"https:\/\/wp.ufpel.edu.br\/criticamusical\/wp-json\/wp\/v2\/types\/page"}],"author":[{"embeddable":true,"href":"https:\/\/wp.ufpel.edu.br\/criticamusical\/wp-json\/wp\/v2\/users\/893"}],"replies":[{"embeddable":true,"href":"https:\/\/wp.ufpel.edu.br\/criticamusical\/wp-json\/wp\/v2\/comments?post=116"}],"version-history":[{"count":2,"href":"https:\/\/wp.ufpel.edu.br\/criticamusical\/wp-json\/wp\/v2\/pages\/116\/revisions"}],"predecessor-version":[{"id":221,"href":"https:\/\/wp.ufpel.edu.br\/criticamusical\/wp-json\/wp\/v2\/pages\/116\/revisions\/221"}],"up":[{"embeddable":true,"href":"https:\/\/wp.ufpel.edu.br\/criticamusical\/wp-json\/wp\/v2\/pages\/100"}],"wp:attachment":[{"href":"https:\/\/wp.ufpel.edu.br\/criticamusical\/wp-json\/wp\/v2\/media?parent=116"}],"curies":[{"name":"wp","href":"https:\/\/api.w.org\/{rel}","templated":true}]}}