{"id":1062,"date":"2022-11-03T15:21:38","date_gmt":"2022-11-03T18:21:38","guid":{"rendered":"https:\/\/wp.ufpel.edu.br\/criticamusical\/?page_id=1062"},"modified":"2022-11-03T15:21:55","modified_gmt":"2022-11-03T18:21:55","slug":"martha-tupinamba-de-ulhoa","status":"publish","type":"page","link":"https:\/\/wp.ufpel.edu.br\/criticamusical\/simposios\/vi-simposio-internacional-musica-e-critica\/convidados\/martha-tupinamba-de-ulhoa\/","title":{"rendered":"Martha Tupinamb\u00e1 de Ulh\u00f4a"},"content":{"rendered":"<p><img class=\"alignleft wp-image-1017\" src=\"https:\/\/wp.ufpel.edu.br\/criticamusical\/files\/2022\/10\/Martha-Tupinamba-de-Ulhoa-272x400.jpg\" alt=\"\" width=\"190\" height=\"280\" srcset=\"https:\/\/wp.ufpel.edu.br\/criticamusical\/files\/2022\/10\/Martha-Tupinamba-de-Ulhoa-272x400.jpg 272w, https:\/\/wp.ufpel.edu.br\/criticamusical\/files\/2022\/10\/Martha-Tupinamba-de-Ulhoa-696x1024.jpg 696w, https:\/\/wp.ufpel.edu.br\/criticamusical\/files\/2022\/10\/Martha-Tupinamba-de-Ulhoa-768x1129.jpg 768w, https:\/\/wp.ufpel.edu.br\/criticamusical\/files\/2022\/10\/Martha-Tupinamba-de-Ulhoa-1044x1536.jpg 1044w, https:\/\/wp.ufpel.edu.br\/criticamusical\/files\/2022\/10\/Martha-Tupinamba-de-Ulhoa-1393x2048.jpg 1393w, https:\/\/wp.ufpel.edu.br\/criticamusical\/files\/2022\/10\/Martha-Tupinamba-de-Ulhoa-scaled.jpg 1741w\" sizes=\"(max-width: 190px) 100vw, 190px\" \/>Martha Tupinamb\u00e1 de Ulh\u00f4a, music\u00f3loga, \u00e9 Docente Permanente do Programa de P\u00f3s-Gradua\u00e7\u00e3o em M\u00fasica da Universidade Federal do Estado do Rio de Janeiro \u2013 UNIRIO, e pesquisadora do Conselho Nacional de Desenvolvimento Cient\u00edfico e Tecnol\u00f3gico \u2013 CNPq. Seus projetos de pesquisa e publica\u00e7\u00f5es tratam de: (1) g\u00eaneros de m\u00fasica popular; (2) a transmiss\u00e3o oral, escrita e aud\u00edvel da m\u00fasica popular no Brasil; (3) pr\u00e1ticas musicais ligadas ao entretenimento em peri\u00f3dicos oitocentistas. \u00c9 autora de Aspectos sobre a valsa no Rio de Janeiro nolongo s\u00e9culo XIX: de folhetins, m\u00fasica de sal\u00e3o e serestas e coeditora de M\u00fasica popular na\u00a0 Am\u00e9rica Latina: Pontos de Escuta, Made in Brazil: Studies in Popular Music e Can\u00e7\u00e3o rom\u00e2ntica: Intimidade, media\u00e7\u00e3o e identidade na Am\u00e9rica Latina.<\/p>\n","protected":false},"excerpt":{"rendered":"<p>Martha Tupinamb\u00e1 de Ulh\u00f4a, music\u00f3loga, \u00e9 Docente Permanente do Programa de P\u00f3s-Gradua\u00e7\u00e3o em M\u00fasica da Universidade Federal do Estado do Rio de Janeiro \u2013 UNIRIO, e pesquisadora do Conselho Nacional de Desenvolvimento Cient\u00edfico e Tecnol\u00f3gico \u2013 CNPq. Seus projetos de pesquisa e publica\u00e7\u00f5es tratam de: (1) g\u00eaneros de m\u00fasica popular; (2) a transmiss\u00e3o oral, escrita [&hellip;]<\/p>\n","protected":false},"author":893,"featured_media":0,"parent":1042,"menu_order":4,"comment_status":"closed","ping_status":"closed","template":"","meta":{"footnotes":""},"class_list":["post-1062","page","type-page","status-publish","hentry"],"jetpack_likes_enabled":true,"jetpack_sharing_enabled":true,"_links":{"self":[{"href":"https:\/\/wp.ufpel.edu.br\/criticamusical\/wp-json\/wp\/v2\/pages\/1062","targetHints":{"allow":["GET"]}}],"collection":[{"href":"https:\/\/wp.ufpel.edu.br\/criticamusical\/wp-json\/wp\/v2\/pages"}],"about":[{"href":"https:\/\/wp.ufpel.edu.br\/criticamusical\/wp-json\/wp\/v2\/types\/page"}],"author":[{"embeddable":true,"href":"https:\/\/wp.ufpel.edu.br\/criticamusical\/wp-json\/wp\/v2\/users\/893"}],"replies":[{"embeddable":true,"href":"https:\/\/wp.ufpel.edu.br\/criticamusical\/wp-json\/wp\/v2\/comments?post=1062"}],"version-history":[{"count":1,"href":"https:\/\/wp.ufpel.edu.br\/criticamusical\/wp-json\/wp\/v2\/pages\/1062\/revisions"}],"predecessor-version":[{"id":1064,"href":"https:\/\/wp.ufpel.edu.br\/criticamusical\/wp-json\/wp\/v2\/pages\/1062\/revisions\/1064"}],"up":[{"embeddable":true,"href":"https:\/\/wp.ufpel.edu.br\/criticamusical\/wp-json\/wp\/v2\/pages\/1042"}],"wp:attachment":[{"href":"https:\/\/wp.ufpel.edu.br\/criticamusical\/wp-json\/wp\/v2\/media?parent=1062"}],"curies":[{"name":"wp","href":"https:\/\/api.w.org\/{rel}","templated":true}]}}