{"id":1034,"date":"2022-11-03T15:00:56","date_gmt":"2022-11-03T18:00:56","guid":{"rendered":"https:\/\/wp.ufpel.edu.br\/criticamusical\/?page_id=1034"},"modified":"2022-11-06T08:24:13","modified_gmt":"2022-11-06T11:24:13","slug":"vi-simposio-internacional-musica-e-critica","status":"publish","type":"page","link":"https:\/\/wp.ufpel.edu.br\/criticamusical\/simposios\/vi-simposio-internacional-musica-e-critica\/","title":{"rendered":"VI Simp\u00f3sio Internacional M\u00fasica e Cr\u00edtica"},"content":{"rendered":"<p><img class=\" wp-image-1127 alignright\" src=\"https:\/\/wp.ufpel.edu.br\/criticamusical\/files\/2022\/11\/VI-Simposio-Internacional-Musica-e-Critica-3-283x400.png\" alt=\"\" width=\"303\" height=\"429\" srcset=\"https:\/\/wp.ufpel.edu.br\/criticamusical\/files\/2022\/11\/VI-Simposio-Internacional-Musica-e-Critica-3-283x400.png 283w, https:\/\/wp.ufpel.edu.br\/criticamusical\/files\/2022\/11\/VI-Simposio-Internacional-Musica-e-Critica-3-724x1024.png 724w, https:\/\/wp.ufpel.edu.br\/criticamusical\/files\/2022\/11\/VI-Simposio-Internacional-Musica-e-Critica-3-768x1086.png 768w, https:\/\/wp.ufpel.edu.br\/criticamusical\/files\/2022\/11\/VI-Simposio-Internacional-Musica-e-Critica-3-1086x1536.png 1086w, https:\/\/wp.ufpel.edu.br\/criticamusical\/files\/2022\/11\/VI-Simposio-Internacional-Musica-e-Critica-3.png 1414w\" sizes=\"(max-width: 303px) 100vw, 303px\" \/>O Centro de Artes da UFPel e o Grupo de Pesquisa Estudos Interdisciplinares em Ci\u00eancias Musicais anunciam a realiza\u00e7\u00e3o do VI Simp\u00f3sio Internacional M\u00fasica e Cr\u00edtica, em formato remoto, nos dias 21 e 22 de novembro de 2022.<\/p>\n<p>Com isto, convidamos pesquisadores e pesquisadoras musicais a enviarem trabalhos sobre temas de seus interesses, vinculados a pesquisas que utilizem peri\u00f3dicos como fonte de an\u00e1lise (jornais, revistas, hebdomad\u00e1rios, entre outros).<\/p>\n<p>Ser\u00e3o aceitas submiss\u00f5es na modalidade de comunica\u00e7\u00f5es orais. A data limite para o envio das propostas \u00e9 o dia\u00a0<strong>30 de setembro de 2022<\/strong>, e devem ser enviadas pelo e-mail\u00a0<a href=\"mailto:musicaecritica@gmail.com\">musicaecritica@gmail.com<\/a>, com o assunto \u2018Submiss\u00e3o\u2019. N\u00e3o h\u00e1 taxa de inscri\u00e7\u00e3o.<\/p>\n<p>As submiss\u00f5es devem seguir as seguintes normas:<\/p>\n<ul>\n<li>Aceitam-se os seguintes idiomas: portugu\u00eas, espanhol e ingl\u00eas.<\/li>\n<li>Os trabalhos devem ser originais e in\u00e9ditos.<\/li>\n<li>As submiss\u00f5es podem ser individuais ou em coautoria.<\/li>\n<li>Cada autor(a) poder\u00e1 enviar uma \u00fanica submiss\u00e3o para comunica\u00e7\u00f5es orais.<\/li>\n<li>As submiss\u00f5es dever\u00e3o conter o(s) nome(s) dos\/das autores\/autoras, filia\u00e7\u00e3o acad\u00eamica, endere\u00e7o eletr\u00f4nico, t\u00edtulo, resumo (entre 400 e 500 palavras), refer\u00eancia bibliogr\u00e1fica de at\u00e9 dez entradas, curriculum vitae de at\u00e9 150 palavras, recursos audiovisuais (se for o caso). O resumo dever\u00e1 abordar o tema que ser\u00e1 desenvolvido, a metodologia e os novos aportes que prop\u00f5e. As comunica\u00e7\u00f5es orais ter\u00e3o 20 minutos de exposi\u00e7\u00e3o.<\/li>\n<\/ul>\n<p>A publica\u00e7\u00e3o dos trabalhos nos Anais do VI Simp\u00f3sio Internacional M\u00fasica e Cr\u00edtica seguir\u00e1 orienta\u00e7\u00e3o a ser divulgada posteriormente, bem como a divulga\u00e7\u00e3o dos\/das pesquisadores\/pesquisadoras convidados\/convidadas.<\/p>\n<p>Arte: Rebeca Klippel Brehm<\/p>\n","protected":false},"excerpt":{"rendered":"<p>O Centro de Artes da UFPel e o Grupo de Pesquisa Estudos Interdisciplinares em Ci\u00eancias Musicais anunciam a realiza\u00e7\u00e3o do VI Simp\u00f3sio Internacional M\u00fasica e Cr\u00edtica, em formato remoto, nos dias 21 e 22 de novembro de 2022. Com isto, convidamos pesquisadores e pesquisadoras musicais a enviarem trabalhos sobre temas de seus interesses, vinculados a [&hellip;]<\/p>\n","protected":false},"author":893,"featured_media":0,"parent":16,"menu_order":1,"comment_status":"closed","ping_status":"closed","template":"","meta":{"footnotes":""},"class_list":["post-1034","page","type-page","status-publish","hentry"],"jetpack_likes_enabled":true,"jetpack_sharing_enabled":true,"_links":{"self":[{"href":"https:\/\/wp.ufpel.edu.br\/criticamusical\/wp-json\/wp\/v2\/pages\/1034","targetHints":{"allow":["GET"]}}],"collection":[{"href":"https:\/\/wp.ufpel.edu.br\/criticamusical\/wp-json\/wp\/v2\/pages"}],"about":[{"href":"https:\/\/wp.ufpel.edu.br\/criticamusical\/wp-json\/wp\/v2\/types\/page"}],"author":[{"embeddable":true,"href":"https:\/\/wp.ufpel.edu.br\/criticamusical\/wp-json\/wp\/v2\/users\/893"}],"replies":[{"embeddable":true,"href":"https:\/\/wp.ufpel.edu.br\/criticamusical\/wp-json\/wp\/v2\/comments?post=1034"}],"version-history":[{"count":6,"href":"https:\/\/wp.ufpel.edu.br\/criticamusical\/wp-json\/wp\/v2\/pages\/1034\/revisions"}],"predecessor-version":[{"id":1132,"href":"https:\/\/wp.ufpel.edu.br\/criticamusical\/wp-json\/wp\/v2\/pages\/1034\/revisions\/1132"}],"up":[{"embeddable":true,"href":"https:\/\/wp.ufpel.edu.br\/criticamusical\/wp-json\/wp\/v2\/pages\/16"}],"wp:attachment":[{"href":"https:\/\/wp.ufpel.edu.br\/criticamusical\/wp-json\/wp\/v2\/media?parent=1034"}],"curies":[{"name":"wp","href":"https:\/\/api.w.org\/{rel}","templated":true}]}}