{"id":10,"date":"2019-01-13T17:10:02","date_gmt":"2019-01-13T19:10:02","guid":{"rendered":"https:\/\/wp.ufpel.edu.br\/criticamusical\/?page_id=10"},"modified":"2022-11-03T14:54:19","modified_gmt":"2022-11-03T17:54:19","slug":"expediente","status":"publish","type":"page","link":"https:\/\/wp.ufpel.edu.br\/criticamusical\/expediente\/","title":{"rendered":"Expediente"},"content":{"rendered":"<p><strong>Expediente<\/strong><\/p>\n<p><strong>Periodicidade da publica\u00e7\u00e3o<\/strong>: Anual<\/p>\n<p><strong>Idiomas que ser\u00e3o aceitos artigos<\/strong>: Portugu\u00eas, Espanhol, Ingl\u00eas, Franc\u00eas.<\/p>\n<p><strong>Editor<\/strong>:<br \/>\nLuiz Guilherme Duro Goldberg<br \/>\nGrupo de Pesquisa Estudos Interdisciplinares em Ci\u00eancias Musicais<br \/>\nCentro de Artes da UFPel<br \/>\nContato: musicaecritica@gmail.com<\/p>\n<p><strong>VI Simp\u00f3sio Internacional M\u00fasica e Cr\u00edtica, 2022.<\/strong><\/p>\n<p><strong>Comiss\u00e3o Organizadora<\/strong><br \/>\nCoordena\u00e7\u00e3o: Prof. Dr. Luiz Guilherme Duro Goldberg, UFPel<br \/>\nAc. Rebeca Klippel Brehm, UFPel<br \/>\nAc. Beatriz Martins Lima, UFPel<br \/>\nAc. Marcele Pedrotti Dutra Meneses, UDESC<br \/>\nAc. Amanda Oliveira de Souza, UFPel<\/p>\n<p><strong>Projeto Gr\u00e1fico &amp; Webdesign<br \/>\n<\/strong>Ac. Rebeca Klippel Brehm, UFPel<br \/>\nAc. Beatriz Martins Lima, UFPel<\/p>\n<p><strong>Organiza\u00e7\u00e3o Geral dos Anais<\/strong>:<br \/>\n<em>V Simp\u00f3sio Internacional M\u00fasica e Cr\u00edtica v.5, 2021<br \/>\n<\/em>Luiz Guilherme Goldberg, UFPel<br \/>\nAc. Rebeca Klippel Brehm, UFPel<br \/>\nAc. Beatriz Martins Lima, UFPel<\/p>\n<p><strong>V Simp\u00f3sio Internacional M\u00fasica e Cr\u00edtica, 2021.<\/strong><\/p>\n<p><strong>Comiss\u00e3o Organizadora<\/strong><br \/>\nCoordena\u00e7\u00e3o: Prof. Dr. Luiz Guilherme Duro Goldberg, UFPel<br \/>\nAc. Amanda Oliveira de Souza, UFPel<\/p>\n<p><strong>Comiss\u00e3o de Apoio<\/strong><br \/>\nAc. Amanda Oliveira de Souza, UFPel<br \/>\nAc. Rebeca Klippel Brehm, UFPel<\/p>\n<p><strong>Projeto Gr\u00e1fico &amp; Webdesign<br \/>\n<\/strong>Ac. Rebeca Klippel Brehm, UFPel<\/p>\n<p><strong>Organiza\u00e7\u00e3o Geral dos Anais<\/strong>:<br \/>\n<em>V Simp\u00f3sio Internacional M\u00fasica e Cr\u00edtica v.5, 2021<br \/>\n<\/em>Luiz Guilherme Goldberg, UFPel<br \/>\nAc. Amanda Oliveira, UFPel<br \/>\nAc. Rebeca Klippel Brehm, UFPel<\/p>\n<p><strong>IV Simp\u00f3sio Internacional M\u00fasica e Cr\u00edtica, 2020.<\/strong><\/p>\n<p><strong>Comiss\u00e3o Organizadora<\/strong><br \/>\nCoordena\u00e7\u00e3o: Prof. Dr. Luiz Guilherme Duro Goldberg, UFPel<br \/>\nAc. Amanda Oliveira de Souza, UFPel<\/p>\n<p><strong>Comiss\u00e3o de Apoio<\/strong><br \/>\nAc. Amanda Oliveira de Souza, UFPel<br \/>\nAc. Rebeca Klippel Brehm, UFPel<\/p>\n<p><strong>Projeto Gr\u00e1fico &amp; Webdesign<br \/>\n<\/strong>Ac. Rebeca Klippel Brehm, UFPel<\/p>\n<p><strong>Organiza\u00e7\u00e3o Geral dos Anais<\/strong>:<br \/>\n<em>IV Simp\u00f3sio Internacional M\u00fasica e Cr\u00edtica v.4, 2020<br \/>\n<\/em>Luiz Guilherme Goldberg, UFPel<br \/>\nAc. Amanda Oliveira, UFPel<br \/>\nAc. Rebeca Klippel Brehm, UFPel<\/p>\n<p><strong>III Simp\u00f3sio Internacional M\u00fasica e Cr\u00edtica, 2019.<\/strong><\/p>\n<p><strong>Comiss\u00e3o Organizadora<\/strong><br \/>\nCoordena\u00e7\u00e3o: Prof. Dr. Luiz Guilherme Duro Goldberg, UFPel<br \/>\nAc. Amanda Oliveira de Souza, UFPel<\/p>\n<p><strong>Comiss\u00e3o de Apoio<\/strong><br \/>\nT\u00e9c. Ot\u00e1vio Delevedove, UFPel<br \/>\nAc. Eduardo Vetromilla Fuentes, UFPel<br \/>\nAc. Daniela Nair Ferreyra, UFPel<br \/>\nAc. Rebeca Klippel Brehm, UFPel<\/p>\n<p><strong>Projeto Gr\u00e1fico &amp; Webdesign<br \/>\n<\/strong>Fernanda Miki<br \/>\nSuldesign Est\u00fadio, UFPel<\/p>\n<p><strong>Organiza\u00e7\u00e3o Geral dos Anais<\/strong>:<br \/>\n<em>III Simp\u00f3sio Internacional M\u00fasica e Cr\u00edtica v.3, 2019<br \/>\n<\/em>Luiz Guilherme Goldberg, UFPel<br \/>\nAmanda Oliveira, UFPel<\/p>\n<p><strong>II Simp\u00f3sio Internacional M\u00fasica e Cr\u00edtica, 2018.<\/strong><\/p>\n<p><strong>Comiss\u00e3o Organizadora<\/strong><br \/>\nCoordena\u00e7\u00e3o: Prof. Dr. Luiz Guilherme Duro Goldberg, UFPel<br \/>\nProf. Dr. Carlos Walter Alves Soares, UFPel<br \/>\nAc. Amanda Oliveira de Souza, UFPel<\/p>\n<p><strong>Comiss\u00e3o de Apoio<\/strong><br \/>\nT\u00e9c. Ot\u00e1vio Delevedove, UFPel<br \/>\nAc. Patrick Brasil Menuzzi, UFPel<br \/>\nAc. Raissa Rodrigues Leal, UFPel<br \/>\nAc. Brenda Postingher Brugalli, UFPel<\/p>\n<p><strong>Comiss\u00e3o Cient\u00edfica<br \/>\n<\/strong>Prof. Dr. Luiz Guilherme Duro Goldberg, UFPel<br \/>\nProf. Dr. Alberto Pacheco, UFRJ<br \/>\nProf\u00aa Dr\u00aa Ana Maria Liberal, CESEM-FCSH-UNL \/ i2ads-FBAUP-UP<br \/>\nProf. Dr. David Cranmer, CESEM-FCSH-UNL<br \/>\nProf. Dr. Guilherme Sauerbronn de Barros, UDESC<br \/>\nProf\u00aa Dr\u00aa Teresa Cascudo, Universidad de la Rioja, Espanha<br \/>\nProf\u00aa. Dr\u00aa. Joana Cunha de Holanda, UFPel<br \/>\nProf. Dr. Lu\u00eds Fernando Hering Coelho, UFPel<br \/>\nProf. Dr. Marcos Holler, UDESC<br \/>\nProf\u00aa Dr\u00aa Mayra Pereira, UFJF<br \/>\nProf. Dr. Paulo Castagna, UNESP<br \/>\nProf. Dr. Rafael Velloso, UFPel<\/p>\n<p><strong>Projeto Gr\u00e1fico &amp; Webdesign<br \/>\n<\/strong>Fernanda Miki, UFPel<\/p>\n<p><strong>Organiza\u00e7\u00e3o Geral dos Anais<\/strong>:<br \/>\n<em>II Simp\u00f3sio Internacional M\u00fasica e Cr\u00edtica v.2, 2018<br \/>\n<\/em>Luiz Guilherme Goldberg, UFPel<br \/>\nAmanda Oliveira, UFPel<\/p>\n<p><strong>I Simp\u00f3sio Internacional M\u00fasica e Cr\u00edtica, 2017.<\/strong><\/p>\n<p><strong>Comiss\u00e3o Organizadora<\/strong><br \/>\nCoordena\u00e7\u00e3o: Prof. Dr. Luiz Guilherme Duro Goldberg, UFPel<br \/>\nProf. Dr. Carlos Walter Alves Soares, UFPel<br \/>\nAc. Amanda Oliveira de Souza, UFPel<\/p>\n<p><strong>Comiss\u00e3o de Apoio<\/strong><br \/>\nT\u00e9c. Ot\u00e1vio Delevedove, UFPel<br \/>\nAc. Brenda Postingher Brugalli, UFPel<br \/>\nAc. Mayara Araujo do Amaral, UFPel<br \/>\nAc. Patrick Brasil Menuzzi, UFPel<br \/>\nAc. Raissa Rodrigues Leal, UFPel<\/p>\n<p><strong>Comiss\u00e3o Cient\u00edfica<br \/>\n<\/strong>Prof. Dr. Luiz Guilherme Duro Goldberg, UFPel<br \/>\nProf. Dr. Alberto Pacheco, UFRJ<br \/>\nProf\u00aa. Dr\u00aa. Ana Maria Liberal, CESEM-FCSH-UNL \/ i2ads-FBAUP-UP<br \/>\nProf. Dr. David Cranmer, CESEM-FCSH-UNL<br \/>\nProf. Dr. Guilherme Sauerbronn de Barros, UDESC<br \/>\nProf\u00aa. Dr\u00aa. Isabel Porto Nogueira, UFRGS<br \/>\nProf\u00aa. Dr\u00aa. Joana Cunha de Holanda, UFPel<br \/>\nProf. Dr. Lu\u00eds Fernando Hering Coelho, UFPel<br \/>\nProf. Dr. Marcos Holler, UDESC<br \/>\nProf\u00aa. Dr\u00aa. Mayra Pereira, UFJF<br \/>\nProf. Dr. Paulo Castagna, UNESP<br \/>\nProf. Dr. Rafael Velloso, UFPel<\/p>\n<p><strong>Projeto Gr\u00e1fico &amp; Webdesign<br \/>\n<\/strong>Fernanda Miki, UFPel<\/p>\n<p><strong>Organiza\u00e7\u00e3o Geral dos Anais<\/strong>:<br \/>\n<em>I Simp\u00f3sio Internacional M\u00fasica e Cr\u00edtica v.1, 2017<br \/>\n<\/em>Luiz Guilherme Goldberg, UFPel<br \/>\nAmanda Oliveira, UFPel<\/p>\n","protected":false},"excerpt":{"rendered":"<p>Expediente Periodicidade da publica\u00e7\u00e3o: Anual Idiomas que ser\u00e3o aceitos artigos: Portugu\u00eas, Espanhol, Ingl\u00eas, Franc\u00eas. Editor: Luiz Guilherme Duro Goldberg Grupo de Pesquisa Estudos Interdisciplinares em Ci\u00eancias Musicais Centro de Artes da UFPel Contato: musicaecritica@gmail.com VI Simp\u00f3sio Internacional M\u00fasica e Cr\u00edtica, 2022. Comiss\u00e3o Organizadora Coordena\u00e7\u00e3o: Prof. Dr. Luiz Guilherme Duro Goldberg, UFPel Ac. Rebeca Klippel Brehm, [&hellip;]<\/p>\n","protected":false},"author":893,"featured_media":0,"parent":0,"menu_order":2,"comment_status":"closed","ping_status":"closed","template":"","meta":{"footnotes":""},"class_list":["post-10","page","type-page","status-publish","hentry"],"jetpack_likes_enabled":true,"jetpack_sharing_enabled":true,"_links":{"self":[{"href":"https:\/\/wp.ufpel.edu.br\/criticamusical\/wp-json\/wp\/v2\/pages\/10","targetHints":{"allow":["GET"]}}],"collection":[{"href":"https:\/\/wp.ufpel.edu.br\/criticamusical\/wp-json\/wp\/v2\/pages"}],"about":[{"href":"https:\/\/wp.ufpel.edu.br\/criticamusical\/wp-json\/wp\/v2\/types\/page"}],"author":[{"embeddable":true,"href":"https:\/\/wp.ufpel.edu.br\/criticamusical\/wp-json\/wp\/v2\/users\/893"}],"replies":[{"embeddable":true,"href":"https:\/\/wp.ufpel.edu.br\/criticamusical\/wp-json\/wp\/v2\/comments?post=10"}],"version-history":[{"count":13,"href":"https:\/\/wp.ufpel.edu.br\/criticamusical\/wp-json\/wp\/v2\/pages\/10\/revisions"}],"predecessor-version":[{"id":1033,"href":"https:\/\/wp.ufpel.edu.br\/criticamusical\/wp-json\/wp\/v2\/pages\/10\/revisions\/1033"}],"wp:attachment":[{"href":"https:\/\/wp.ufpel.edu.br\/criticamusical\/wp-json\/wp\/v2\/media?parent=10"}],"curies":[{"name":"wp","href":"https:\/\/api.w.org\/{rel}","templated":true}]}}

<p><strong>Expediente</strong></p>
<p><strong>Periodicidade da publicação</strong>: Anual</p>
<p><strong>Idiomas que serão aceitos artigos</strong>: Português, Espanhol, Inglês, Francês.</p>
<p><strong>Editor</strong>:<br />
Luiz Guilherme Duro Goldberg<br />
Grupo de Pesquisa Estudos Interdisciplinares em Ciências Musicais<br />
Centro de Artes da UFPel<br />
Contato: musicaecritica@gmail.com</p>
<p><strong>VI Simpósio Internacional Música e Crítica, 2022.</strong></p>
<p><strong>Comissão Organizadora</strong><br />
Coordenação: Prof. Dr. Luiz Guilherme Duro Goldberg, UFPel<br />
Ac. Rebeca Klippel Brehm, UFPel<br />
Ac. Beatriz Martins Lima, UFPel<br />
Ac. Marcele Pedrotti Dutra Meneses, UDESC<br />
Ac. Amanda Oliveira de Souza, UFPel</p>
<p><strong>Projeto Gráfico &amp; Webdesign<br />
</strong>Ac. Rebeca Klippel Brehm, UFPel<br />
Ac. Beatriz Martins Lima, UFPel</p>
<p><strong>Organização Geral dos Anais</strong>:<br />
<em>V Simpósio Internacional Música e Crítica v.5, 2021<br />
</em>Luiz Guilherme Goldberg, UFPel<br />
Ac. Rebeca Klippel Brehm, UFPel<br />
Ac. Beatriz Martins Lima, UFPel</p>
<p><strong>V Simpósio Internacional Música e Crítica, 2021.</strong></p>
<p><strong>Comissão Organizadora</strong><br />
Coordenação: Prof. Dr. Luiz Guilherme Duro Goldberg, UFPel<br />
Ac. Amanda Oliveira de Souza, UFPel</p>
<p><strong>Comissão de Apoio</strong><br />
Ac. Amanda Oliveira de Souza, UFPel<br />
Ac. Rebeca Klippel Brehm, UFPel</p>
<p><strong>Projeto Gráfico &amp; Webdesign<br />
</strong>Ac. Rebeca Klippel Brehm, UFPel</p>
<p><strong>Organização Geral dos Anais</strong>:<br />
<em>V Simpósio Internacional Música e Crítica v.5, 2021<br />
</em>Luiz Guilherme Goldberg, UFPel<br />
Ac. Amanda Oliveira, UFPel<br />
Ac. Rebeca Klippel Brehm, UFPel</p>
<p><strong>IV Simpósio Internacional Música e Crítica, 2020.</strong></p>
<p><strong>Comissão Organizadora</strong><br />
Coordenação: Prof. Dr. Luiz Guilherme Duro Goldberg, UFPel<br />
Ac. Amanda Oliveira de Souza, UFPel</p>
<p><strong>Comissão de Apoio</strong><br />
Ac. Amanda Oliveira de Souza, UFPel<br />
Ac. Rebeca Klippel Brehm, UFPel</p>
<p><strong>Projeto Gráfico &amp; Webdesign<br />
</strong>Ac. Rebeca Klippel Brehm, UFPel</p>
<p><strong>Organização Geral dos Anais</strong>:<br />
<em>IV Simpósio Internacional Música e Crítica v.4, 2020<br />
</em>Luiz Guilherme Goldberg, UFPel<br />
Ac. Amanda Oliveira, UFPel<br />
Ac. Rebeca Klippel Brehm, UFPel</p>
<p><strong>III Simpósio Internacional Música e Crítica, 2019.</strong></p>
<p><strong>Comissão Organizadora</strong><br />
Coordenação: Prof. Dr. Luiz Guilherme Duro Goldberg, UFPel<br />
Ac. Amanda Oliveira de Souza, UFPel</p>
<p><strong>Comissão de Apoio</strong><br />
Téc. Otávio Delevedove, UFPel<br />
Ac. Eduardo Vetromilla Fuentes, UFPel<br />
Ac. Daniela Nair Ferreyra, UFPel<br />
Ac. Rebeca Klippel Brehm, UFPel</p>
<p><strong>Projeto Gráfico &amp; Webdesign<br />
</strong>Fernanda Miki<br />
Suldesign Estúdio, UFPel</p>
<p><strong>Organização Geral dos Anais</strong>:<br />
<em>III Simpósio Internacional Música e Crítica v.3, 2019<br />
</em>Luiz Guilherme Goldberg, UFPel<br />
Amanda Oliveira, UFPel</p>
<p><strong>II Simpósio Internacional Música e Crítica, 2018.</strong></p>
<p><strong>Comissão Organizadora</strong><br />
Coordenação: Prof. Dr. Luiz Guilherme Duro Goldberg, UFPel<br />
Prof. Dr. Carlos Walter Alves Soares, UFPel<br />
Ac. Amanda Oliveira de Souza, UFPel</p>
<p><strong>Comissão de Apoio</strong><br />
Téc. Otávio Delevedove, UFPel<br />
Ac. Patrick Brasil Menuzzi, UFPel<br />
Ac. Raissa Rodrigues Leal, UFPel<br />
Ac. Brenda Postingher Brugalli, UFPel</p>
<p><strong>Comissão Científica<br />
</strong>Prof. Dr. Luiz Guilherme Duro Goldberg, UFPel<br />
Prof. Dr. Alberto Pacheco, UFRJ<br />
Profª Drª Ana Maria Liberal, CESEM-FCSH-UNL / i2ads-FBAUP-UP<br />
Prof. Dr. David Cranmer, CESEM-FCSH-UNL<br />
Prof. Dr. Guilherme Sauerbronn de Barros, UDESC<br />
Profª Drª Teresa Cascudo, Universidad de la Rioja, Espanha<br />
Profª. Drª. Joana Cunha de Holanda, UFPel<br />
Prof. Dr. Luís Fernando Hering Coelho, UFPel<br />
Prof. Dr. Marcos Holler, UDESC<br />
Profª Drª Mayra Pereira, UFJF<br />
Prof. Dr. Paulo Castagna, UNESP<br />
Prof. Dr. Rafael Velloso, UFPel</p>
<p><strong>Projeto Gráfico &amp; Webdesign<br />
</strong>Fernanda Miki, UFPel</p>
<p><strong>Organização Geral dos Anais</strong>:<br />
<em>II Simpósio Internacional Música e Crítica v.2, 2018<br />
</em>Luiz Guilherme Goldberg, UFPel<br />
Amanda Oliveira, UFPel</p>
<p><strong>I Simpósio Internacional Música e Crítica, 2017.</strong></p>
<p><strong>Comissão Organizadora</strong><br />
Coordenação: Prof. Dr. Luiz Guilherme Duro Goldberg, UFPel<br />
Prof. Dr. Carlos Walter Alves Soares, UFPel<br />
Ac. Amanda Oliveira de Souza, UFPel</p>
<p><strong>Comissão de Apoio</strong><br />
Téc. Otávio Delevedove, UFPel<br />
Ac. Brenda Postingher Brugalli, UFPel<br />
Ac. Mayara Araujo do Amaral, UFPel<br />
Ac. Patrick Brasil Menuzzi, UFPel<br />
Ac. Raissa Rodrigues Leal, UFPel</p>
<p><strong>Comissão Científica<br />
</strong>Prof. Dr. Luiz Guilherme Duro Goldberg, UFPel<br />
Prof. Dr. Alberto Pacheco, UFRJ<br />
Profª. Drª. Ana Maria Liberal, CESEM-FCSH-UNL / i2ads-FBAUP-UP<br />
Prof. Dr. David Cranmer, CESEM-FCSH-UNL<br />
Prof. Dr. Guilherme Sauerbronn de Barros, UDESC<br />
Profª. Drª. Isabel Porto Nogueira, UFRGS<br />
Profª. Drª. Joana Cunha de Holanda, UFPel<br />
Prof. Dr. Luís Fernando Hering Coelho, UFPel<br />
Prof. Dr. Marcos Holler, UDESC<br />
Profª. Drª. Mayra Pereira, UFJF<br />
Prof. Dr. Paulo Castagna, UNESP<br />
Prof. Dr. Rafael Velloso, UFPel</p>
<p><strong>Projeto Gráfico &amp; Webdesign<br />
</strong>Fernanda Miki, UFPel</p>
<p><strong>Organização Geral dos Anais</strong>:<br />
<em>I Simpósio Internacional Música e Crítica v.1, 2017<br />
</em>Luiz Guilherme Goldberg, UFPel<br />
Amanda Oliveira, UFPel</p>

<p>Expediente Periodicidade da publicação: Anual Idiomas que serão aceitos artigos: Português, Espanhol, Inglês, Francês. Editor: Luiz Guilherme Duro Goldberg Grupo de Pesquisa Estudos Interdisciplinares em Ciências Musicais Centro de Artes da UFPel Contato: musicaecritica@gmail.com VI Simpósio Internacional Música e Crítica, 2022. Comissão Organizadora Coordenação: Prof. Dr. Luiz Guilherme Duro Goldberg, UFPel Ac. Rebeca Klippel Brehm, [&hellip;]</p>
