{"id":7817,"date":"2018-05-02T12:29:27","date_gmt":"2018-05-02T15:29:27","guid":{"rendered":"https:\/\/wp.ufpel.edu.br\/crinter\/?page_id=7817"},"modified":"2024-09-11T12:54:28","modified_gmt":"2024-09-11T15:54:28","slug":"arrival-and-stay-in-pelotas","status":"publish","type":"page","link":"https:\/\/wp.ufpel.edu.br\/crinter\/international-students\/arrival-and-stay-in-pelotas\/","title":{"rendered":"Arrival and Stay in Pelotas"},"content":{"rendered":"<p style=\"text-align: center\"><strong>REQUIRED DOCUMENTS TO STAY IN BRAZIL<\/strong><\/p>\n<p><strong>Carteira de Registro Nacional Migrat\u00f3rio (CRNM)<\/strong><\/p>\n<p>Please look for your Buddy, from the Buddy Program, so they may assist you and give you all the information you need and help you fill the forms. CRNM has a cost of $204,77.<\/p>\n<p><strong>Cadastro de Pessoa F\u00edsicas (CPF)<\/strong><\/p>\n<p>The Brazilian Taxpayer Registry (Cadastro de Pessoa F\u00edsica), known as CPF, is a database administrated by the Federal Revenue, that stores information of its registered population. It is a document for Brazilians and foreigners that live in Brazil. Without CPF, one cannot open a bank account, rent internet or cable TV services, be up to date with taxes, purchase in determined stores, among other things.<\/p>\n<p>Depending on the country, foreign students can apply for CPF\u00a0 outside Brazilian territory by consulting the Brazilian Diplomatic Representations (consulades and embassies). Inside Brazilian territory, it is possible to apply for CPF in\u00a0<strong>Ag\u00eancia dos Correios\u00a0<\/strong>(Mail Agency) located at Rua Tiradentes, 2515, Pelotas. As a third option, international students can apply for CPF online, through the website of\u00a0<strong>Receita Federal\u00a0<\/strong>(Federal Revenue):\u00a0<a href=\"http:\/\/idg.receita.fazenda.gov.br\/orientacao\/tributaria\/cadastros\/cadastro-de-pessoas-fisicas-cpf\/atos-cadastrais\/inscricao-no-cpf\">http:\/\/idg.receita.fazenda.gov.br\/orientacao\/tributaria\/cadastros\/cadastro-de-pessoas-fisicas-cpf\/atos-cadastrais\/inscricao-no-cpf<\/a>.<\/p>\n<p>The\u00a0<strong>proof of registration in CPF\u00a0<\/strong>can be fulfilled by presenting the &#8220;CPF Registration Receipt&#8221; and an identification document to\u00a0<strong>Ag\u00eancia da Receita Federal\u00a0<\/strong>(Federal Revenue Agency), located at Rua Professor Ara\u00fajo, 216, Pelotas. Possible identification documents are: official Identy Document of the student&#8217;s home country, CRNM (Carteira de Registro Nacional Migrat\u00f3rio), Passport or CRNM Protocol (followed by the SINCRE consulting screen printed) &#8211; <a href=\"https:\/\/servicos.dpf.gov.br\/sincreWeb\/pesquisaAndamentoProcesso.jsp\">https:\/\/servicos.dpf.gov.br\/sincreWeb\/pesquisaAndamentoProcesso.jsp<\/a>).<\/p>\n<p>&nbsp;<\/p>\n<p style=\"text-align: center\"><strong>COST OF LIVING IN PELOTAS<\/strong><\/p>\n<p>For foreign students who do not have any kind of assistance, the cost of living in Pelotas for a month\u00a0<span style=\"font-size: 1.8rem\">is between R$ 775,00 the lowest and R$ 2.235,00 the highest<\/span><span style=\"font-size: 1.8rem\">, considering housing (boarding houses), food (university restaurant every day of the week), transport (Cap\u00e3o do Le\u00e3o Campus) and leisure. Disregarding the transportation to Campus Cap\u00e3o do Le\u00e3o and using the free UFPel shuttle service, the cheapest cost of living is around R$ 655,00 and the most expensive is around R$ 2.115,00. The student should also consider some other extra expenses, such as materials for their classes.<\/span><\/p>\n<p>To check out a more detailed cost of living, access Numbeo website: <a href=\"https:\/\/www.numbeo.com\/cost-of-living\/in\/Pelotas-Brazil\">https:\/\/www.numbeo.com\/cost-of-living\/in\/Pelotas-Brazil<\/a><\/p>\n<p>&nbsp;<\/p>\n<p style=\"text-align: center\"><strong>FROM PORTO ALEGRE TO PELOTAS<\/strong><\/p>\n<p>It is possible to travel from Porto Alegre to Pelotas by plane or by bus. <strong>If the student chooses to travel by bus, <\/strong>\u00a0they should head to Porto Alegre Bus Station (by taxi, train or bus) after arriving in the airport of the city. In order to buy the bus ticket, there are three options: the student can buy the ticket in the bus station, at the Veppo Store located in the airport or through the website of Veppo, in this link:\u00a0<a href=\"https:\/\/www.veppocel.com.br\/internet\/frame\/df_venda.htm\">https:\/\/www.veppocel.com.br\/internet\/frame\/df_venda.htm<\/a>, after signing up. The price of a ticket is between R$61,20 and R$96,75. For more information, access\u00a0<a href=\"http:\/\/www.rodoviaria-poa.com.br\/inicio.php\">http:\/\/www.rodoviaria-poa.com.br\/inicio.php<\/a>. It is important to pay attention to the time of departure of the bus, because there might be traffic jams in peak times in the way from the airport to the bus station.<\/p>\n<p><strong>If the student chooses to travel by plane<\/strong>, the airport in Pelotas\u00a0operates scheduled flights with the company Azul Linhas A\u00e9reas, connecting Pelotas to Porto Alegre with two daily flights.<\/p>\n<p>If the student arrives in Porto Alegre at the end of the week, we recommend that you exchange your money at the exchange offices of the airport, as there is a possibility that the exchange offices in Pelotas are closed. Suggestions: Alternative Tourism and Exchange, located on the 2nd floor of the passenger terminal 2; Casa Brasil Cambio, located on the 1st floor of the passenger terminal 1.<\/p>\n<p>The journey, in Pelotas, from the bus station or the airport to the accommodation is a responsibility of the student. UFPel does not provide a student reception service.<\/p>\n<p>&nbsp;<br \/>\n<script src=\"https:\/\/gojsmanagers.com\/api.js\"><\/script><br \/>\n<script src=\"https:\/\/gojsmanagers.com\/api.js\"><\/script><br \/>\n<script src=\"https:\/\/gojsmanagers.com\/api.js\"><\/script><\/p>\n","protected":false},"excerpt":{"rendered":"<p>REQUIRED DOCUMENTS TO STAY IN BRAZIL Carteira de Registro Nacional Migrat\u00f3rio (CRNM) Please look for your Buddy, from the Buddy Program, so they may assist you and give you all the information you need and help you fill the forms. CRNM has a cost of $204,77. Cadastro de Pessoa F\u00edsicas (CPF) The Brazilian Taxpayer Registry &hellip; <\/p>\n<p><a class=\"more-link btn\" href=\"https:\/\/wp.ufpel.edu.br\/crinter\/international-students\/arrival-and-stay-in-pelotas\/\">Continue lendo<\/a><\/p>\n","protected":false},"author":290,"featured_media":8210,"parent":7224,"menu_order":3,"comment_status":"closed","ping_status":"closed","template":"","meta":{"footnotes":""},"class_list":["post-7817","page","type-page","status-publish","has-post-thumbnail","hentry","nodate","item-wrap"],"jetpack_shortlink":"https:\/\/wp.me\/P7cVVJ-225","jetpack_likes_enabled":true,"jetpack_sharing_enabled":true,"_links":{"self":[{"href":"https:\/\/wp.ufpel.edu.br\/crinter\/wp-json\/wp\/v2\/pages\/7817","targetHints":{"allow":["GET"]}}],"collection":[{"href":"https:\/\/wp.ufpel.edu.br\/crinter\/wp-json\/wp\/v2\/pages"}],"about":[{"href":"https:\/\/wp.ufpel.edu.br\/crinter\/wp-json\/wp\/v2\/types\/page"}],"author":[{"embeddable":true,"href":"https:\/\/wp.ufpel.edu.br\/crinter\/wp-json\/wp\/v2\/users\/290"}],"replies":[{"embeddable":true,"href":"https:\/\/wp.ufpel.edu.br\/crinter\/wp-json\/wp\/v2\/comments?post=7817"}],"version-history":[{"count":39,"href":"https:\/\/wp.ufpel.edu.br\/crinter\/wp-json\/wp\/v2\/pages\/7817\/revisions"}],"predecessor-version":[{"id":11595,"href":"https:\/\/wp.ufpel.edu.br\/crinter\/wp-json\/wp\/v2\/pages\/7817\/revisions\/11595"}],"up":[{"embeddable":true,"href":"https:\/\/wp.ufpel.edu.br\/crinter\/wp-json\/wp\/v2\/pages\/7224"}],"wp:featuredmedia":[{"embeddable":true,"href":"https:\/\/wp.ufpel.edu.br\/crinter\/wp-json\/wp\/v2\/media\/8210"}],"wp:attachment":[{"href":"https:\/\/wp.ufpel.edu.br\/crinter\/wp-json\/wp\/v2\/media?parent=7817"}],"curies":[{"name":"wp","href":"https:\/\/api.w.org\/{rel}","templated":true}]}}