{"id":45,"date":"2019-11-04T22:31:16","date_gmt":"2019-11-05T01:31:16","guid":{"rendered":"https:\/\/wp.ufpel.edu.br\/crimeacoescoletivas\/?page_id=45"},"modified":"2022-01-27T11:43:21","modified_gmt":"2022-01-27T14:43:21","slug":"links-uteis","status":"publish","type":"page","link":"https:\/\/wp.ufpel.edu.br\/crimeacoescoletivas\/links-uteis\/","title":{"rendered":"Links \u00dateis"},"content":{"rendered":"<p>Atlas da Viol\u00eancia &#8211; IPEA: <a href=\"http:\/\/www.ipea.gov.br\/portal\/index.php?option=com_content&amp;view=article&amp;id=34784&amp;Itemid=432\">http:\/\/www.ipea.gov.br\/portal\/index.php?option=com_content&amp;view=article&amp;id=34784&amp;Itemid=432<\/a><\/p>\n<p>Instituto de Seguran\u00e7a P\u00fablica &#8211; RJ (ISP): <a href=\"https:\/\/www.ispvisualizacao.rj.gov.br:4434\/index.html\">https:\/\/www.ispvisualizacao.rj.gov.br:4434\/index.html<\/a><\/p>\n<p>Grupo de Pesquisa Assoativismo, Contesta\u00e7\u00e3o e Engajamento (GPACE) &#8211; <a href=\"https:\/\/www.ufrgs.br\/gpace\">https:\/\/www.ufrgs.br\/gpace<\/a><\/p>\n<p>N\u00facleo de Estudos em Teoria Social e Am\u00e9rica Latina &#8211; <a href=\"http:\/\/netsal.iesp.uerj.br\/\">http:\/\/netsal.iesp.uerj.br\/<\/a><\/p>\n<p>Organiza\u00e7\u00e3o das Na\u00e7\u00f5es Unidas: <a href=\"https:\/\/nacoesunidas.org\/direitoshumanos\/\">https:\/\/nacoesunidas.org\/direitoshumanos\/<\/a><\/p>\n<p>Pelotas &#8211; Pacto pela Paz: <a href=\"http:\/\/www.pelotas.rs.gov.br\/pacto\/\">http:\/\/www.pelotas.rs.gov.br\/pacto\/<\/a><\/p>\n<p>Secretaria de Seguran\u00e7a P\u00fablica &#8211; RS: <a href=\"https:\/\/www.ssp.rs.gov.br\/inicial\">https:\/\/www.ssp.rs.gov.br\/inicial<\/a><\/p>\n<p>Universidade Federal de Pelotas: <a href=\"http:\/\/portal.ufpel.edu.br\/\">http:\/\/portal.ufpel.edu.br\/<\/a><\/p>\n","protected":false},"excerpt":{"rendered":"<p>Atlas da Viol\u00eancia &#8211; IPEA: http:\/\/www.ipea.gov.br\/portal\/index.php?option=com_content&amp;view=article&amp;id=34784&amp;Itemid=432 Instituto de Seguran\u00e7a P\u00fablica &#8211; RJ (ISP): https:\/\/www.ispvisualizacao.rj.gov.br:4434\/index.html Grupo de Pesquisa Assoativismo, Contesta\u00e7\u00e3o e Engajamento (GPACE) &#8211; https:\/\/www.ufrgs.br\/gpace N\u00facleo de Estudos em Teoria Social e Am\u00e9rica Latina &#8211; http:\/\/netsal.iesp.uerj.br\/ Organiza\u00e7\u00e3o das Na\u00e7\u00f5es Unidas: https:\/\/nacoesunidas.org\/direitoshumanos\/ &hellip; <a href=\"https:\/\/wp.ufpel.edu.br\/crimeacoescoletivas\/links-uteis\/\">Continue lendo <span class=\"meta-nav\">&rarr;<\/span><\/a><\/p>\n","protected":false},"author":970,"featured_media":0,"parent":0,"menu_order":0,"comment_status":"closed","ping_status":"closed","template":"","meta":{"footnotes":""},"class_list":["post-45","page","type-page","status-publish","hentry"],"_links":{"self":[{"href":"https:\/\/wp.ufpel.edu.br\/crimeacoescoletivas\/wp-json\/wp\/v2\/pages\/45","targetHints":{"allow":["GET"]}}],"collection":[{"href":"https:\/\/wp.ufpel.edu.br\/crimeacoescoletivas\/wp-json\/wp\/v2\/pages"}],"about":[{"href":"https:\/\/wp.ufpel.edu.br\/crimeacoescoletivas\/wp-json\/wp\/v2\/types\/page"}],"author":[{"embeddable":true,"href":"https:\/\/wp.ufpel.edu.br\/crimeacoescoletivas\/wp-json\/wp\/v2\/users\/970"}],"replies":[{"embeddable":true,"href":"https:\/\/wp.ufpel.edu.br\/crimeacoescoletivas\/wp-json\/wp\/v2\/comments?post=45"}],"version-history":[{"count":7,"href":"https:\/\/wp.ufpel.edu.br\/crimeacoescoletivas\/wp-json\/wp\/v2\/pages\/45\/revisions"}],"predecessor-version":[{"id":211,"href":"https:\/\/wp.ufpel.edu.br\/crimeacoescoletivas\/wp-json\/wp\/v2\/pages\/45\/revisions\/211"}],"wp:attachment":[{"href":"https:\/\/wp.ufpel.edu.br\/crimeacoescoletivas\/wp-json\/wp\/v2\/media?parent=45"}],"curies":[{"name":"wp","href":"https:\/\/api.w.org\/{rel}","templated":true}]}}

Links Úteis

<p>Atlas da Violência &#8211; IPEA: <a href="http://www.ipea.gov.br/portal/index.php?option=com_content&amp;view=article&amp;id=34784&amp;Itemid=432">http://www.ipea.gov.br/portal/index.php?option=com_content&amp;view=article&amp;id=34784&amp;Itemid=432</a></p>
<p>Instituto de Segurança Pública &#8211; RJ (ISP): <a href="https://www.ispvisualizacao.rj.gov.br:4434/index.html">https://www.ispvisualizacao.rj.gov.br:4434/index.html</a></p>
<p>Grupo de Pesquisa Assoativismo, Contestação e Engajamento (GPACE) &#8211; <a href="https://www.ufrgs.br/gpace">https://www.ufrgs.br/gpace</a></p>
<p>Núcleo de Estudos em Teoria Social e América Latina &#8211; <a href="http://netsal.iesp.uerj.br/">http://netsal.iesp.uerj.br/</a></p>
<p>Organização das Nações Unidas: <a href="https://nacoesunidas.org/direitoshumanos/">https://nacoesunidas.org/direitoshumanos/</a></p>
<p>Pelotas &#8211; Pacto pela Paz: <a href="http://www.pelotas.rs.gov.br/pacto/">http://www.pelotas.rs.gov.br/pacto/</a></p>
<p>Secretaria de Segurança Pública &#8211; RS: <a href="https://www.ssp.rs.gov.br/inicial">https://www.ssp.rs.gov.br/inicial</a></p>
<p>Universidade Federal de Pelotas: <a href="http://portal.ufpel.edu.br/">http://portal.ufpel.edu.br/</a></p>

<p>Atlas da Violência &#8211; IPEA: http://www.ipea.gov.br/portal/index.php?option=com_content&amp;view=article&amp;id=34784&amp;Itemid=432 Instituto de Segurança Pública &#8211; RJ (ISP): https://www.ispvisualizacao.rj.gov.br:4434/index.html Grupo de Pesquisa Assoativismo, Contestação e Engajamento (GPACE) &#8211; https://www.ufrgs.br/gpace Núcleo de Estudos em Teoria Social e América Latina &#8211; http://netsal.iesp.uerj.br/ Organização das Nações Unidas: https://nacoesunidas.org/direitoshumanos/ &hellip; <a href="https://wp.ufpel.edu.br/crimeacoescoletivas/links-uteis/">Continue lendo <span class="meta-nav">&rarr;</span></a></p>
