{"id":244,"date":"2022-01-27T15:05:07","date_gmt":"2022-01-27T18:05:07","guid":{"rendered":"https:\/\/wp.ufpel.edu.br\/crimeacoescoletivas\/?page_id=244"},"modified":"2022-01-27T15:05:55","modified_gmt":"2022-01-27T18:05:55","slug":"coordenacao-2","status":"publish","type":"page","link":"https:\/\/wp.ufpel.edu.br\/crimeacoescoletivas\/coordenacao-2\/","title":{"rendered":"Coordena\u00e7\u00e3o"},"content":{"rendered":"<div class=\"entry-content\">\n<p><strong>Simone da Silva Ribeiro Gomes<\/strong><\/p>\n<p>Professora Adjunta do Departamento de Sociologia e Pol\u00edtica da Universidade Federal de Pelotas (UFPel) e do <a href=\"https:\/\/wp.ufpel.edu.br\/ppgs\/\">Programa de P\u00f3s-Gradua\u00e7\u00e3o em Sociologia da UFPel.<\/a> Doutora em Sociologia pelo <a href=\"http:\/\/www.iesp.uerj.br\/\">Instituto de Estudos Sociais e Pol\u00edticos (IESP-UERJ)<\/a>, Mestre em Sociologia pela Universit\u00e9 Paris 7 \u2013 Denis Diderot e em Psicologia Social pela Universidade do Estado do Rio de Janeiro. Graduada em Psicologia pela Universidade Federal do Rio de Janeiro (UFRJ).<\/p>\n<p>Meu interesse e \u00e1reas tem\u00e1ticas para coordena\u00e7\u00e3o versam sobre diferentes formas de a\u00e7\u00e3o coletiva e viol\u00eancia(s). Ademais, leciono e pesquiso temas relativos ao narcotr\u00e1fico na Am\u00e9rica Latina e \u00e0s diversas imbrica\u00e7\u00f5es para a Sociologia, al\u00e9m do sistema prisional e quest\u00f5es de g\u00eanero.<\/p>\n<p>Algumas de minhas pesquisas podem ser encontradas no site: <a href=\"https:\/\/ufpel-br.academia.edu\/simonedasilvaribeirogomes\">https:\/\/ufpel-br.academia.edu\/simonedasilvaribeirogomes<\/a><\/p>\n<p>email: <a href=\"mailto:simone.gomes@ufpel.edu.br\">simone.gomes@ufpel.edu.br <\/a><\/p>\n<\/div>\n","protected":false},"excerpt":{"rendered":"<p>Simone da Silva Ribeiro Gomes Professora Adjunta do Departamento de Sociologia e Pol\u00edtica da Universidade Federal de Pelotas (UFPel) e do Programa de P\u00f3s-Gradua\u00e7\u00e3o em Sociologia da UFPel. Doutora em Sociologia pelo Instituto de Estudos Sociais e Pol\u00edticos (IESP-UERJ), Mestre &hellip; <a href=\"https:\/\/wp.ufpel.edu.br\/crimeacoescoletivas\/coordenacao-2\/\">Continue lendo <span class=\"meta-nav\">&rarr;<\/span><\/a><\/p>\n","protected":false},"author":970,"featured_media":0,"parent":0,"menu_order":0,"comment_status":"closed","ping_status":"closed","template":"","meta":{"footnotes":""},"class_list":["post-244","page","type-page","status-publish","hentry"],"_links":{"self":[{"href":"https:\/\/wp.ufpel.edu.br\/crimeacoescoletivas\/wp-json\/wp\/v2\/pages\/244","targetHints":{"allow":["GET"]}}],"collection":[{"href":"https:\/\/wp.ufpel.edu.br\/crimeacoescoletivas\/wp-json\/wp\/v2\/pages"}],"about":[{"href":"https:\/\/wp.ufpel.edu.br\/crimeacoescoletivas\/wp-json\/wp\/v2\/types\/page"}],"author":[{"embeddable":true,"href":"https:\/\/wp.ufpel.edu.br\/crimeacoescoletivas\/wp-json\/wp\/v2\/users\/970"}],"replies":[{"embeddable":true,"href":"https:\/\/wp.ufpel.edu.br\/crimeacoescoletivas\/wp-json\/wp\/v2\/comments?post=244"}],"version-history":[{"count":1,"href":"https:\/\/wp.ufpel.edu.br\/crimeacoescoletivas\/wp-json\/wp\/v2\/pages\/244\/revisions"}],"predecessor-version":[{"id":245,"href":"https:\/\/wp.ufpel.edu.br\/crimeacoescoletivas\/wp-json\/wp\/v2\/pages\/244\/revisions\/245"}],"wp:attachment":[{"href":"https:\/\/wp.ufpel.edu.br\/crimeacoescoletivas\/wp-json\/wp\/v2\/media?parent=244"}],"curies":[{"name":"wp","href":"https:\/\/api.w.org\/{rel}","templated":true}]}}